-- Copyright 2010, Intevation GmbH, Germany, <info@intevation.de>
--
-- This file is part of FGSK.
--
-- FGSK is free software: you can redistribute it and/or modify it under
-- the terms of the GNU General Public License as published by the
-- Free Software Foundation, either version 2 of the License, or (at your
-- option) any later version.
--
-- FGSK is distributed in the hope that it will be useful, but WITHOUT
-- ANY WARRANTY; without even the implied warranty of MERCHANTABILITY or
-- FITNESS FOR A PARTICULAR PURPOSE.  See the GNU General Public
-- License for more details.
--
-- You should have received a copy of the GNU General Public
-- License along with FGSK. If not, see <http://www.gnu.org/licenses/>.
--
-- FGSK has been developed on behalf of the
-- Landesamt fuer Umwelt und Geologie Mecklenburg Vorpommern (LUNG-MV)
-- by Intevation GmbH. 
-- biota Institut fuer oekologische Forschung und Planung GmbH has provided
-- the functional background.
--
-- Authors:
-- Tim Englich <tim.englich@intevation.de>
-- Ingo Weinzierl <ingo.weinzierl@intevation.de>

BEGIN;
-- INSERTS 

/* Anfang Daten für Kartierabschnitt*/
INSERT INTO sonderfall (id,beschreibung) VALUES(1,'verrohrt');
INSERT INTO sonderfall (id,beschreibung) VALUES(2,'sonstiges');

INSERT INTO gewaessertyp (id,beschreibung) VALUES(11, 'Organisch geprägter Bach');
INSERT INTO gewaessertyp (id,beschreibung) VALUES(12, 'Organisch geprägter Fluss');
INSERT INTO gewaessertyp (id,beschreibung) VALUES(14, 'Sandgeprägter Tieflandbach');
INSERT INTO gewaessertyp (id,beschreibung) VALUES(15, 'Sand- und lehmgeprägter Tieflandfluss');
INSERT INTO gewaessertyp (id,beschreibung) VALUES(16, 'Kiesgeprägter Tieflandbach');
INSERT INTO gewaessertyp (id,beschreibung) VALUES(17, 'Kiesgeprägter Tieflandfluss');
INSERT INTO gewaessertyp (id,beschreibung) VALUES(23, 'Rückstau- bzw. brackwasserbeeinflusste Ostseezuflüsse');

INSERT INTO gewaessersubtyp (id,beschreibung) VALUES('D','Degradationstyp');
INSERT INTO gewaessersubtyp (id,beschreibung) VALUES('M','Moränengewässer');
INSERT INTO gewaessersubtyp (id,beschreibung) VALUES('S','Sandergewässer');
INSERT INTO gewaessersubtyp (id,beschreibung) VALUES('R','Randvermoorung');
INSERT INTO gewaessersubtyp (id,beschreibung) VALUES('g','grobe Substrate');
INSERT INTO gewaessersubtyp (id,beschreibung) VALUES('f','feine Substrate');


INSERT INTO gewaessertyp_hat_gewaessersubtyp (gewaessertyp_id, gewaessersubtyp_id) VALUES(11,'D');
INSERT INTO gewaessertyp_hat_gewaessersubtyp (gewaessertyp_id, gewaessersubtyp_id) VALUES(12,'D');
INSERT INTO gewaessertyp_hat_gewaessersubtyp (gewaessertyp_id, gewaessersubtyp_id) VALUES(14,'M');
INSERT INTO gewaessertyp_hat_gewaessersubtyp (gewaessertyp_id, gewaessersubtyp_id) VALUES(14,'S');
INSERT INTO gewaessertyp_hat_gewaessersubtyp (gewaessertyp_id, gewaessersubtyp_id) VALUES(14,'R');
INSERT INTO gewaessertyp_hat_gewaessersubtyp (gewaessertyp_id, gewaessersubtyp_id) VALUES(15,'M');
INSERT INTO gewaessertyp_hat_gewaessersubtyp (gewaessertyp_id, gewaessersubtyp_id) VALUES(15,'S');
INSERT INTO gewaessertyp_hat_gewaessersubtyp (gewaessertyp_id, gewaessersubtyp_id) VALUES(15,'R');
INSERT INTO gewaessertyp_hat_gewaessersubtyp (gewaessertyp_id, gewaessersubtyp_id) VALUES(16,'g');
INSERT INTO gewaessertyp_hat_gewaessersubtyp (gewaessertyp_id, gewaessersubtyp_id) VALUES(16,'f');
INSERT INTO gewaessertyp_hat_gewaessersubtyp (gewaessertyp_id, gewaessersubtyp_id) VALUES(16,'R');
INSERT INTO gewaessertyp_hat_gewaessersubtyp (gewaessertyp_id, gewaessersubtyp_id) VALUES(17,'g');
INSERT INTO gewaessertyp_hat_gewaessersubtyp (gewaessertyp_id, gewaessersubtyp_id) VALUES(17,'f');
INSERT INTO gewaessertyp_hat_gewaessersubtyp (gewaessertyp_id, gewaessersubtyp_id) VALUES(17,'R');

INSERT INTO gewaesserbreite(id,beschreibung) values (1,'< 1m');
INSERT INTO gewaesserbreite(id,beschreibung) values (2,'1-5m');
INSERT INTO gewaesserbreite(id,beschreibung) values (3,'5-10m');
INSERT INTO gewaesserbreite(id,beschreibung) values (4,'> 10m');

INSERT INTO wasserfuehrung(id,kurzbeschreibung,beschreibung) values(1,'MQ','MQ');
INSERT INTO wasserfuehrung(id,kurzbeschreibung,beschreibung) values(2,'NQ','NQ');

INSERT INTO gewaesser (gewaesser_kennzahl,gewaesser_name) VALUES ('000000001','Oder');
INSERT INTO gewaesser (gewaesser_kennzahl,gewaesser_name) VALUES ('000000002','Warnow');

/* Ende Daten für Kartierabschnitt*/
/* Anfang Daten Laufentwicklung*/

INSERT INTO laufkruemmung (id,beschreibung) VALUES(1,'mäandrierend');
INSERT INTO laufkruemmung (id,beschreibung) VALUES(2,'geschlängelt');
INSERT INTO laufkruemmung (id,beschreibung) VALUES(3,'stark geschwungen');
INSERT INTO laufkruemmung (id,beschreibung) VALUES(4,'mäßig geschwungen');
INSERT INTO laufkruemmung (id,beschreibung) VALUES(5,'schwach geschwungen');
INSERT INTO laufkruemmung (id,beschreibung) VALUES(6,'gestreckt');
INSERT INTO laufkruemmung (id,beschreibung) VALUES(7,'gradlinig');

INSERT INTO kruemmungserosion (id,beschreibung) VALUES(1,'häufig stark');
INSERT INTO kruemmungserosion (id,beschreibung) VALUES(2,'vereinzelt stark');
INSERT INTO kruemmungserosion (id,beschreibung) VALUES(3,'häufig schwach');
INSERT INTO kruemmungserosion (id,beschreibung) VALUES(4,'vereinzelt schwach');
INSERT INTO kruemmungserosion (id,beschreibung) VALUES(5,'keine');

INSERT INTO laengsbaenke(id,kurzbeschreibung, beschreibung) VALUES (1,'UFKG','Ufer- und Krümmungsbänke');
INSERT INTO laengsbaenke(id,kurzbeschreibung, beschreibung) VALUES (2,'IB','Inselbänke');
INSERT INTO laengsbaenke(id,kurzbeschreibung, beschreibung) VALUES (3,'MB','Mündungsbänke');
INSERT INTO laengsbaenke(id,kurzbeschreibung, beschreibung) VALUES (4,'keine','keine');

INSERT INTO laufstrukturen(id,kurzbeschreibung, beschreibung) VALUES (1,'TV','Treibholzverklauselungen');
INSERT INTO laufstrukturen(id,kurzbeschreibung, beschreibung) VALUES (2,'SB','Sturzbäume');
INSERT INTO laufstrukturen(id,kurzbeschreibung, beschreibung) VALUES (3,'IBI','Inselbildungen');
INSERT INTO laufstrukturen(id,kurzbeschreibung, beschreibung) VALUES (4,'LW','Laufweitungen');
INSERT INTO laufstrukturen(id,kurzbeschreibung, beschreibung) VALUES (5,'LV','Laufverengungen');
INSERT INTO laufstrukturen(id,kurzbeschreibung, beschreibung) VALUES (6,'LG','Laufgabelungen');
INSERT INTO laufstrukturen(id,kurzbeschreibung, beschreibung) VALUES (7,'keine','keine');

/* Ende Daten Laufentwicklung*/

/*Anfang Daten Längsprofil*/
INSERT INTO besonderheiten_wasserfuehrung (id,beschreibung) values (1,'sehr geringe Wasserführung');
INSERT INTO besonderheiten_wasserfuehrung (id,beschreibung) values (2,'staureguliert');
INSERT INTO besonderheiten_wasserfuehrung (id,beschreibung) values (3,'deutlich künstlicher Rückstau');
INSERT INTO besonderheiten_wasserfuehrung (id,beschreibung) values (4,'trockengefallen');

INSERT INTO fliessgeschwindigkeit (id,beschreibung) VALUES(1,'keine (< 0,05m/s)');
INSERT INTO fliessgeschwindigkeit (id,beschreibung) VALUES(2,'gering (0,05-0,4m/s)');
INSERT INTO fliessgeschwindigkeit (id,beschreibung) VALUES(3,'mittel (>0,4-0,8 m/s)');
INSERT INTO fliessgeschwindigkeit (id,beschreibung) VALUES(4,'hoch (>0,8-1,2 m/s)');
INSERT INTO fliessgeschwindigkeit (id,beschreibung) VALUES(5,'sehr hoch (>1,2 m/s)');

INSERT INTO fliessrichtung (id, beschreibung) VALUES (1, 'In Fließrichtung');
INSERT INTO fliessrichtung (id, beschreibung) VALUES (2, 'Entgegen Fließrichtung');

INSERT INTO stroemungs_diversitaet (id,beschreibung) VALUES(1,'keine');
INSERT INTO stroemungs_diversitaet (id,beschreibung) VALUES(2,'gering');
INSERT INTO stroemungs_diversitaet (id,beschreibung) VALUES(3,'mäßig');
INSERT INTO stroemungs_diversitaet (id,beschreibung) VALUES(4,'groß');
INSERT INTO stroemungs_diversitaet (id,beschreibung) VALUES(5,'sehr groß');

INSERT INTO tiefenvarianz (id,beschreibung) VALUES(1,'keine');
INSERT INTO tiefenvarianz (id,beschreibung) VALUES(2,'gering');
INSERT INTO tiefenvarianz (id,beschreibung) VALUES(3,'mäßig');
INSERT INTO tiefenvarianz (id,beschreibung) VALUES(4,'groß');
INSERT INTO tiefenvarianz (id,beschreibung) VALUES(5,'sehr groß');
INSERT INTO tiefenvarianz (id,beschreibung) VALUES(6,'nicht einschätzbar');

INSERT INTO tiefenerosion (id,beschreibung) VALUES(1,'keine');
INSERT INTO tiefenerosion (id,beschreibung) VALUES(2,'gering');
INSERT INTO tiefenerosion (id,beschreibung) VALUES(3,'mäßig-groß');
INSERT INTO tiefenerosion (id,beschreibung) VALUES(4,'nicht einschätzbar');

/*Ende Daten Längsprofil*/

/*Anfang Daten Querprofil*/
INSERT INTO profiltyp (id,beschreibung) VALUES(1,'Naturprofil');
INSERT INTO profiltyp (id,beschreibung) VALUES(2,'annähernd Naturprofil');
INSERT INTO profiltyp (id,beschreibung) VALUES(3,'Erosionsprofil, variierend');
INSERT INTO profiltyp (id,beschreibung) VALUES(4,'verfallendes Regelprofil');
INSERT INTO profiltyp (id,beschreibung) VALUES(5,'Trapez, Doppeltrapez');
INSERT INTO profiltyp (id,beschreibung) VALUES(6,'V-Profil, Kastenprofil');

INSERT INTO messungen (id,beschreibung) VALUES (1,'Einschnitttiefe');
INSERT INTO messungen (id,beschreibung) VALUES (2,'Wassertiefe');
INSERT INTO messungen (id,beschreibung) VALUES (3,'Wasserspiegelbreite');
INSERT INTO messungen (id,beschreibung) VALUES (4,'Sohlenbreite');
INSERT INTO messungen (id,beschreibung) VALUES (5,'obere Profilbreite');

INSERT INTO breitenvarianz (id,beschreibung) VALUES (5,'sehr groß');
INSERT INTO breitenvarianz (id,beschreibung) VALUES (4,'groß');
INSERT INTO breitenvarianz (id,beschreibung) VALUES (3,'mäßig');
INSERT INTO breitenvarianz (id,beschreibung) VALUES (2,'gering');
INSERT INTO breitenvarianz (id,beschreibung) VALUES (1,'keine');

INSERT INTO bereitenerosion (id,beschreibung) VALUES (1,'stark');
INSERT INTO bereitenerosion (id,beschreibung) VALUES (2,'mittel');
INSERT INTO bereitenerosion (id,beschreibung) VALUES (3,'schwach');
INSERT INTO bereitenerosion (id,beschreibung) VALUES (4,'keine');

/*Ende Daten Querprofil*/

/*Anfang Daten Sohlenstruktur*/
INSERT INTO sohlenverbau (id,beschreibung) values (1,'Steinschüttung');
INSERT INTO sohlenverbau (id,beschreibung) values (2,'Massivsohle mit Sediment');
INSERT INTO sohlenverbau (id,beschreibung) values (3,'Massivsohle ohne Sediment');
INSERT INTO sohlenverbau (id,beschreibung) values (4,'kein Sohlenverbau');

INSERT INTO z_sohlenverbau (id,beschreibung) values (1,'intakt');
INSERT INTO z_sohlenverbau (id,beschreibung) values (2,'verfallend');
INSERT INTO z_sohlenverbau (id,beschreibung) values (3,'unwirksam');
INSERT INTO z_sohlenverbau (id,beschreibung) values (4,'keine');

INSERT INTO sohlensubstrat (id,beschreibung,natuerlich,hartsubstrat,kuenstlich) values (1,'Ton',true,false,false);
INSERT INTO sohlensubstrat (id,beschreibung,natuerlich,hartsubstrat,kuenstlich) values (2,'Sand',true,false,false);
INSERT INTO sohlensubstrat (id,beschreibung,natuerlich,hartsubstrat,kuenstlich) values (3,'Kies',true,false,false);
INSERT INTO sohlensubstrat (id,beschreibung,natuerlich,hartsubstrat,kuenstlich) values (4,'Steine',true,false,false);
INSERT INTO sohlensubstrat (id,beschreibung,natuerlich,hartsubstrat,kuenstlich) values (5,'Blöcke',true,false,false);
INSERT INTO sohlensubstrat (id,beschreibung,natuerlich,hartsubstrat,kuenstlich) values (6,'Schlamm',false,false,true);
INSERT INTO sohlensubstrat (id,beschreibung,natuerlich,hartsubstrat,kuenstlich) values (7,'Torf',true,false,false);
INSERT INTO sohlensubstrat (id,beschreibung,natuerlich,hartsubstrat,kuenstlich) values (8,'Totholz',true,true,false);
INSERT INTO sohlensubstrat (id,beschreibung,natuerlich,hartsubstrat,kuenstlich) values (9,'Wurzeln',true,true,false);
INSERT INTO sohlensubstrat (id,beschreibung,natuerlich,hartsubstrat,kuenstlich) values (10,'künstliche Substrate',false,false,true);
INSERT INTO sohlensubstrat (id,beschreibung,natuerlich,hartsubstrat,kuenstlich) values (11,'nicht einschätzbar',false,false,false);

INSERT INTO sohlenstrukturen (id,kurzbeschreibung,beschreibung) values (1,'RiP','Riffle/Pool');
INSERT INTO sohlenstrukturen (id,kurzbeschreibung,beschreibung) values (2,'TH','Totholz');
INSERT INTO sohlenstrukturen (id,kurzbeschreibung,beschreibung) values (3,'WU','Wurzelflächen');
INSERT INTO sohlenstrukturen (id,kurzbeschreibung,beschreibung) values (4,'KO','Kolke');
INSERT INTO sohlenstrukturen (id,kurzbeschreibung,beschreibung) values (5,'keine','keine');

INSERT INTO belastung_sohle (id,kurzbeschreibung,beschreibung) values (1,'MÜ','Müll');
INSERT INTO belastung_sohle (id,kurzbeschreibung,beschreibung) values (2,'ST','Schutt');
INSERT INTO belastung_sohle (id,kurzbeschreibung,beschreibung) values (3,'AbW','Abwasser');
INSERT INTO belastung_sohle (id,kurzbeschreibung,beschreibung) values (4,'VO','Verockerung');
INSERT INTO belastung_sohle (id,kurzbeschreibung,beschreibung) values (5,'SA','Sandtreiben');
INSERT INTO belastung_sohle (id,kurzbeschreibung,beschreibung) values (6,'So','Sonstige');
INSERT INTO belastung_sohle (id,kurzbeschreibung,beschreibung) values (7,'keine','keine');

/*Ende Daten Sohlenstruktur*/

/*Anfang Daten Uferstruktur*/

INSERT INTO ufervegetation (id,beschreibung) VALUES(1,'kein Bewuchs');
INSERT INTO ufervegetation (id,beschreibung) VALUES(2,'Wald');
INSERT INTO ufervegetation (id,beschreibung) VALUES(3,'Forst');
INSERT INTO ufervegetation (id,beschreibung) VALUES(4,'Gehölzsaum');
INSERT INTO ufervegetation (id,beschreibung) VALUES(5,'Seggenried/Röhricht');
INSERT INTO ufervegetation (id,beschreibung) VALUES(6,'Gebüsch/Einzelgehölz');
INSERT INTO ufervegetation (id,beschreibung) VALUES(7,'Krautflur/Hochstauden');
INSERT INTO ufervegetation (id,beschreibung) VALUES(8,'Wiese/Rasen');

INSERT INTO uferverbau (id,beschreibung) VALUES(1,'Beton, Mauerwerk, Pflaster verfugt');
INSERT INTO uferverbau (id,beschreibung) VALUES(2,'Rasengitter, Pflaster, Steinsatz unverfugt');
INSERT INTO uferverbau (id,beschreibung) VALUES(3,'Steinschüttung/Steinwurf');
INSERT INTO uferverbau (id,beschreibung) VALUES(4,'wilder Verbau');
INSERT INTO uferverbau (id,beschreibung) VALUES(5,'Holzverbau');
INSERT INTO uferverbau (id,beschreibung) VALUES(6,'Lebendverbau');
INSERT INTO uferverbau (id,beschreibung) VALUES(7,'Buschfaschinen');
INSERT INTO uferverbau (id,beschreibung) VALUES(8,'kein Uferverbau');

INSERT INTO z_uferverbau (id,beschreibung) VALUES(1,'intakt');
INSERT INTO z_uferverbau (id,beschreibung) VALUES(2,'verfallend');
INSERT INTO z_uferverbau (id,beschreibung) VALUES(3,'unwirksam');
INSERT INTO z_uferverbau (id,beschreibung) VALUES(4,'keine');

INSERT INTO uferstrukturen (id,kurzbeschreibung, beschreibung) VALUES (1,'BU','Baumumlauf');
INSERT INTO uferstrukturen (id,kurzbeschreibung, beschreibung) VALUES (2,'PB','Prallbaum');
INSERT INTO uferstrukturen (id,kurzbeschreibung, beschreibung) VALUES (3,'US','Unterstand');
INSERT INTO uferstrukturen (id,kurzbeschreibung, beschreibung) VALUES (4,'SB','Sturzbaum');
INSERT INTO uferstrukturen (id,kurzbeschreibung, beschreibung) VALUES (5,'HA','Holzansammlung');
INSERT INTO uferstrukturen (id,kurzbeschreibung, beschreibung) VALUES (6,'nBÖ','Natürlicher Böschungsabbruch');
INSERT INTO uferstrukturen (id,kurzbeschreibung, beschreibung) VALUES (7,'so','Sonstige');
INSERT INTO uferstrukturen (id,kurzbeschreibung, beschreibung) VALUES (8,'keine','keine');

INSERT INTO uferbelastungen (id,kurzbeschreibung, beschreibung) VALUES (1,'MÜ','Müll');
INSERT INTO uferbelastungen (id,kurzbeschreibung, beschreibung) VALUES (2,'ST','Schutt');
INSERT INTO uferbelastungen (id,kurzbeschreibung, beschreibung) VALUES (3,'TS','Trittschäden');
INSERT INTO uferbelastungen (id,kurzbeschreibung, beschreibung) VALUES (4,'EL','Einleitung');
INSERT INTO uferbelastungen (id,kurzbeschreibung, beschreibung) VALUES (5,'so','sonstiges');
INSERT INTO uferbelastungen (id,kurzbeschreibung, beschreibung) VALUES (6,'keine','keine');

/*Ende Daten Uferstruktur*/


/*Anfang Gewässerumfeld*/

INSERT INTO flaechennutzung (id,beschreibung) VALUES(1,'Bodenständiger Laubwald');
INSERT INTO flaechennutzung (id,beschreibung) VALUES(2,'Röhricht/Seggenried/Feuchtgebüsch');
INSERT INTO flaechennutzung (id,beschreibung) VALUES(3,'Brache');
INSERT INTO flaechennutzung (id,beschreibung) VALUES(4,'Grünland');
INSERT INTO flaechennutzung (id,beschreibung) VALUES(5,'Nicht bodenständiger Laub- und Mischwald');
INSERT INTO flaechennutzung (id,beschreibung) VALUES(6,'Acker');
INSERT INTO flaechennutzung (id,beschreibung) VALUES(7,'Garten/Obstbau');
INSERT INTO flaechennutzung (id,beschreibung) VALUES(8,'Nadelforst');
INSERT INTO flaechennutzung (id,beschreibung) VALUES(9,'Park/Grünanlage');
INSERT INTO flaechennutzung (id,beschreibung) VALUES(10,'Bebauung mit Freiflächen');
INSERT INTO flaechennutzung (id,beschreibung) VALUES(11,'Bebauung ohne Freiflächen');
INSERT INTO flaechennutzung (id,beschreibung) VALUES(12,'Verkehrsflächen');
INSERT INTO flaechennutzung (id,beschreibung) VALUES(13,'Standgewässer');
INSERT INTO flaechennutzung (id,beschreibung) VALUES(14,'Lagerplatz');
INSERT INTO flaechennutzung (id,beschreibung) VALUES(15,'Produktionsanlage');
INSERT INTO flaechennutzung (id,beschreibung) VALUES(16,'Gebüsch/Feldgehölz');
INSERT INTO flaechennutzung (id,beschreibung) VALUES(17,'sonstige');

INSERT INTO gewaesserrandstreifen VALUES(1,'nicht vorhanden');
INSERT INTO gewaesserrandstreifen VALUES(2,'flächig Wald / Sukzession (> 20 m)');
INSERT INTO gewaesserrandstreifen VALUES(3,'Gewässerrandstreifen (5 - 20 m)');
INSERT INTO gewaesserrandstreifen VALUES(4,'Saumstreifen (2 - 5 m)');

INSERT INTO umfeldstrukturen (id,kurzbeschreibung, beschreibung) VALUES (1,'FM','Flutmulde');
INSERT INTO umfeldstrukturen (id,kurzbeschreibung, beschreibung) VALUES (2,'Q','Quelle');
INSERT INTO umfeldstrukturen (id,kurzbeschreibung, beschreibung) VALUES (3,'AA','Altarm');
INSERT INTO umfeldstrukturen (id,kurzbeschreibung, beschreibung) VALUES (4,'AW','Altwasser');
INSERT INTO umfeldstrukturen (id,kurzbeschreibung, beschreibung) VALUES (5,'W','Weiher');
INSERT INTO umfeldstrukturen (id,kurzbeschreibung, beschreibung) VALUES (6,'so','sonstige');
INSERT INTO umfeldstrukturen (id,kurzbeschreibung, beschreibung) VALUES (7,'keine','keine');

INSERT INTO schaedlicheumfeldstrukturen (id,kurzbeschreibung, beschreibung) VALUES (1,'AG','Abgrabung');
INSERT INTO schaedlicheumfeldstrukturen (id,kurzbeschreibung, beschreibung) VALUES (2,'FT','Fischteich');
INSERT INTO schaedlicheumfeldstrukturen (id,kurzbeschreibung, beschreibung) VALUES (3,'GUA','gewässerunverträgliche Anlagen ');
INSERT INTO schaedlicheumfeldstrukturen (id,kurzbeschreibung, beschreibung) VALUES (4,'BV','befestigte Verkehrsanlagen ');
INSERT INTO schaedlicheumfeldstrukturen (id,kurzbeschreibung, beschreibung) VALUES (5,'MA','Müllablagerung');
INSERT INTO schaedlicheumfeldstrukturen (id,kurzbeschreibung, beschreibung) VALUES (6,'HW','Hochwasserschutzbauwerk');
INSERT INTO schaedlicheumfeldstrukturen (id,kurzbeschreibung, beschreibung) VALUES (7,'so','sonstige');
INSERT INTO schaedlicheumfeldstrukturen (id,kurzbeschreibung, beschreibung) VALUES (8,'keine','keine');


/*Ende Gewässerumfeld*/
END;
