-- Copyright 2010, Intevation GmbH, Germany, <info@intevation.de>
--
-- This file is part of FGSK.
--
-- FGSK is free software: you can redistribute it and/or modify it under
-- the terms of the GNU General Public License as published by the
-- Free Software Foundation, either version 2 of the License, or (at your
-- option) any later version.
--
-- FGSK is distributed in the hope that it will be useful, but WITHOUT
-- ANY WARRANTY; without even the implied warranty of MERCHANTABILITY or
-- FITNESS FOR A PARTICULAR PURPOSE.  See the GNU General Public
-- License for more details.
--
-- You should have received a copy of the GNU General Public
-- License along with FGSK. If not, see <http://www.gnu.org/licenses/>.
--
-- FGSK has been developed on behalf of the
-- Landesamt fuer Umwelt und Geologie Mecklenburg Vorpommern (LUNG-MV)
-- by Intevation GmbH. 
-- biota Institut fuer oekologische Forschung und Planung GmbH has provided
-- the functional background.
--
-- Authors:
-- Tim Englich <tim.englich@intevation.de>
-- Ingo Weinzierl <ingo.weinzierl@intevation.de>

BEGIN;

/*Beginn Abschnitt Laufentwicklung*/

/*Laufkrüemmung Organisch geprägte Bäche*/
INSERT INTO laufkruemmung_auswertung (id_laufkruemmung ,id_gewaessertyp, bewertung) VALUES (1,11,5);
INSERT INTO laufkruemmung_auswertung (id_laufkruemmung ,id_gewaessertyp, bewertung) VALUES (2,11,5);
INSERT INTO laufkruemmung_auswertung (id_laufkruemmung ,id_gewaessertyp, bewertung) VALUES (3,11,4);
INSERT INTO laufkruemmung_auswertung (id_laufkruemmung ,id_gewaessertyp, bewertung) VALUES (4,11,3);
INSERT INTO laufkruemmung_auswertung (id_laufkruemmung ,id_gewaessertyp, bewertung) VALUES (5,11,2);
INSERT INTO laufkruemmung_auswertung (id_laufkruemmung ,id_gewaessertyp, bewertung) VALUES (6,11,1);
INSERT INTO laufkruemmung_auswertung (id_laufkruemmung ,id_gewaessertyp, bewertung) VALUES (7,11,1);

/*Laufkrüemmung Organisch geprägte Flüsse*/
INSERT INTO laufkruemmung_auswertung (id_laufkruemmung ,id_gewaessertyp, bewertung) VALUES (1,12,5);
INSERT INTO laufkruemmung_auswertung (id_laufkruemmung ,id_gewaessertyp, bewertung) VALUES (2,12,5);
INSERT INTO laufkruemmung_auswertung (id_laufkruemmung ,id_gewaessertyp, bewertung) VALUES (3,12,4);
INSERT INTO laufkruemmung_auswertung (id_laufkruemmung ,id_gewaessertyp, bewertung) VALUES (4,12,3);
INSERT INTO laufkruemmung_auswertung (id_laufkruemmung ,id_gewaessertyp, bewertung) VALUES (5,12,2);
INSERT INTO laufkruemmung_auswertung (id_laufkruemmung ,id_gewaessertyp, bewertung) VALUES (6,12,1);
INSERT INTO laufkruemmung_auswertung (id_laufkruemmung ,id_gewaessertyp, bewertung) VALUES (7,12,1);

/*Laufkrüemmung Sandgeprägte Tieflandbäche*/
INSERT INTO laufkruemmung_auswertung (id_laufkruemmung ,id_gewaessertyp, bewertung) VALUES (1,14,5);
INSERT INTO laufkruemmung_auswertung (id_laufkruemmung ,id_gewaessertyp, bewertung) VALUES (2,14,5);
INSERT INTO laufkruemmung_auswertung (id_laufkruemmung ,id_gewaessertyp, bewertung) VALUES (3,14,4);
INSERT INTO laufkruemmung_auswertung (id_laufkruemmung ,id_gewaessertyp, bewertung) VALUES (4,14,3);
INSERT INTO laufkruemmung_auswertung (id_laufkruemmung ,id_gewaessertyp, bewertung) VALUES (5,14,2);
INSERT INTO laufkruemmung_auswertung (id_laufkruemmung ,id_gewaessertyp, bewertung) VALUES (6,14,1);
INSERT INTO laufkruemmung_auswertung (id_laufkruemmung ,id_gewaessertyp, bewertung) VALUES (7,14,1);

/*Laufkrüemmung Sand- und lehmgeprägte Flüsse*/
INSERT INTO laufkruemmung_auswertung (id_laufkruemmung ,id_gewaessertyp, bewertung) VALUES (1,15,5);
INSERT INTO laufkruemmung_auswertung (id_laufkruemmung ,id_gewaessertyp, bewertung) VALUES (2,15,5);
INSERT INTO laufkruemmung_auswertung (id_laufkruemmung ,id_gewaessertyp, bewertung) VALUES (3,15,4);
INSERT INTO laufkruemmung_auswertung (id_laufkruemmung ,id_gewaessertyp, bewertung) VALUES (4,15,3);
INSERT INTO laufkruemmung_auswertung (id_laufkruemmung ,id_gewaessertyp, bewertung) VALUES (5,15,2);
INSERT INTO laufkruemmung_auswertung (id_laufkruemmung ,id_gewaessertyp, bewertung) VALUES (6,15,1);
INSERT INTO laufkruemmung_auswertung (id_laufkruemmung ,id_gewaessertyp, bewertung) VALUES (7,15,1);

/*Laufkrüemmung Kiesgeprägte Tieflandbäche*/
INSERT INTO laufkruemmung_auswertung (id_laufkruemmung ,id_gewaessertyp, bewertung) VALUES (1,16,5);
INSERT INTO laufkruemmung_auswertung (id_laufkruemmung ,id_gewaessertyp, bewertung) VALUES (2,16,5);
INSERT INTO laufkruemmung_auswertung (id_laufkruemmung ,id_gewaessertyp, bewertung) VALUES (3,16,5);
INSERT INTO laufkruemmung_auswertung (id_laufkruemmung ,id_gewaessertyp, bewertung) VALUES (4,16,4);
INSERT INTO laufkruemmung_auswertung (id_laufkruemmung ,id_gewaessertyp, bewertung) VALUES (5,16,3);
INSERT INTO laufkruemmung_auswertung (id_laufkruemmung ,id_gewaessertyp, bewertung) VALUES (6,16,2);
INSERT INTO laufkruemmung_auswertung (id_laufkruemmung ,id_gewaessertyp, bewertung) VALUES (7,16,1);

/*Laufkrüemmung Kiesgeprägte Tieflandbäche*/
INSERT INTO laufkruemmung_auswertung (id_laufkruemmung ,id_gewaessertyp, bewertung) VALUES (1,17,5);
INSERT INTO laufkruemmung_auswertung (id_laufkruemmung ,id_gewaessertyp, bewertung) VALUES (2,17,5);
INSERT INTO laufkruemmung_auswertung (id_laufkruemmung ,id_gewaessertyp, bewertung) VALUES (3,17,5);
INSERT INTO laufkruemmung_auswertung (id_laufkruemmung ,id_gewaessertyp, bewertung) VALUES (4,17,4);
INSERT INTO laufkruemmung_auswertung (id_laufkruemmung ,id_gewaessertyp, bewertung) VALUES (5,17,3);
INSERT INTO laufkruemmung_auswertung (id_laufkruemmung ,id_gewaessertyp, bewertung) VALUES (6,17,2);
INSERT INTO laufkruemmung_auswertung (id_laufkruemmung ,id_gewaessertyp, bewertung) VALUES (7,17,1);

/*Laufkrüemmung Rückstau- und brackwasserbeeinflußte Fließgewässer*/
INSERT INTO laufkruemmung_auswertung (id_laufkruemmung ,id_gewaessertyp, bewertung) VALUES (1,23,5);
INSERT INTO laufkruemmung_auswertung (id_laufkruemmung ,id_gewaessertyp, bewertung) VALUES (2,23,5);
INSERT INTO laufkruemmung_auswertung (id_laufkruemmung ,id_gewaessertyp, bewertung) VALUES (3,23,4);
INSERT INTO laufkruemmung_auswertung (id_laufkruemmung ,id_gewaessertyp, bewertung) VALUES (4,23,4);
INSERT INTO laufkruemmung_auswertung (id_laufkruemmung ,id_gewaessertyp, bewertung) VALUES (5,23,3);
INSERT INTO laufkruemmung_auswertung (id_laufkruemmung ,id_gewaessertyp, bewertung) VALUES (6,23,2);
INSERT INTO laufkruemmung_auswertung (id_laufkruemmung ,id_gewaessertyp, bewertung) VALUES (7,23,1);


/*Längsbänke Organisch geprägte Bäche*/
INSERT INTO laengsbaenke_auswertung (anz_laengsbaenke_von,anz_laengsbaenke_bis, id_gewaessertyp, abschnittslaenge, bewertung) VALUES (3,20000,11,100,5);
INSERT INTO laengsbaenke_auswertung (anz_laengsbaenke_von,anz_laengsbaenke_bis, id_gewaessertyp, abschnittslaenge, bewertung) VALUES (2,2,11,100,4);
INSERT INTO laengsbaenke_auswertung (anz_laengsbaenke_von,anz_laengsbaenke_bis, id_gewaessertyp, abschnittslaenge, bewertung) VALUES (1,1,11,100,3);
INSERT INTO laengsbaenke_auswertung (anz_laengsbaenke_von,anz_laengsbaenke_bis, id_gewaessertyp, abschnittslaenge, bewertung) VALUES (0.5,0.5,11,100,2);
INSERT INTO laengsbaenke_auswertung (anz_laengsbaenke_von,anz_laengsbaenke_bis, id_gewaessertyp, abschnittslaenge, bewertung) VALUES (0,0,11,100,1);

/*Längsbänke Organisch geprägte Flüsse werden nicht bewertet*/

/*Längsbänke Sandgeprägte Tieflandbäche*/
INSERT INTO laengsbaenke_auswertung (anz_laengsbaenke_von,anz_laengsbaenke_bis, id_gewaessertyp, abschnittslaenge, bewertung) VALUES (6,20000,14,100,5);
INSERT INTO laengsbaenke_auswertung (anz_laengsbaenke_von,anz_laengsbaenke_bis, id_gewaessertyp, abschnittslaenge, bewertung) VALUES (3,5,14,100,4);
INSERT INTO laengsbaenke_auswertung (anz_laengsbaenke_von,anz_laengsbaenke_bis, id_gewaessertyp, abschnittslaenge, bewertung) VALUES (1,2,14,100,3);
INSERT INTO laengsbaenke_auswertung (anz_laengsbaenke_von,anz_laengsbaenke_bis, id_gewaessertyp, abschnittslaenge, bewertung) VALUES (0.5,0.5,14,100,2);
INSERT INTO laengsbaenke_auswertung (anz_laengsbaenke_von,anz_laengsbaenke_bis, id_gewaessertyp, abschnittslaenge, bewertung) VALUES (0,0,14,100,1);

/*Längsbänke Sand- und lehmgeprägte Flüsse*/
INSERT INTO laengsbaenke_auswertung (anz_laengsbaenke_von,anz_laengsbaenke_bis, id_gewaessertyp, abschnittslaenge, bewertung) VALUES (6,20000,15,200,5);
INSERT INTO laengsbaenke_auswertung (anz_laengsbaenke_von,anz_laengsbaenke_bis, id_gewaessertyp, abschnittslaenge, bewertung) VALUES (3,5,15,200,4);
INSERT INTO laengsbaenke_auswertung (anz_laengsbaenke_von,anz_laengsbaenke_bis, id_gewaessertyp, abschnittslaenge, bewertung) VALUES (1,2,15,200,3);
INSERT INTO laengsbaenke_auswertung (anz_laengsbaenke_von,anz_laengsbaenke_bis, id_gewaessertyp, abschnittslaenge, bewertung) VALUES (0.5,0.5,15,200,2);
INSERT INTO laengsbaenke_auswertung (anz_laengsbaenke_von,anz_laengsbaenke_bis, id_gewaessertyp, abschnittslaenge, bewertung) VALUES (0,0,15,200,1);

/*Längsbänke Kiesgeprägte Tieflandbäche*/
INSERT INTO laengsbaenke_auswertung (anz_laengsbaenke_von,anz_laengsbaenke_bis, id_gewaessertyp, abschnittslaenge, bewertung) VALUES (7,20000,16,100,5);
INSERT INTO laengsbaenke_auswertung (anz_laengsbaenke_von,anz_laengsbaenke_bis, id_gewaessertyp, abschnittslaenge, bewertung) VALUES (4,6,16,100,4);
INSERT INTO laengsbaenke_auswertung (anz_laengsbaenke_von,anz_laengsbaenke_bis, id_gewaessertyp, abschnittslaenge, bewertung) VALUES (1,3,16,100,3);
INSERT INTO laengsbaenke_auswertung (anz_laengsbaenke_von,anz_laengsbaenke_bis, id_gewaessertyp, abschnittslaenge, bewertung) VALUES (0.5,0.5,16,100,2);
INSERT INTO laengsbaenke_auswertung (anz_laengsbaenke_von,anz_laengsbaenke_bis, id_gewaessertyp, abschnittslaenge, bewertung) VALUES (0,0,16,100,1);

/*Längsbänke Kiesgeprägte Tieflandflüsse*/
INSERT INTO laengsbaenke_auswertung (anz_laengsbaenke_von,anz_laengsbaenke_bis, id_gewaessertyp, abschnittslaenge, bewertung) VALUES (7,20000,17,200,5);
INSERT INTO laengsbaenke_auswertung (anz_laengsbaenke_von,anz_laengsbaenke_bis, id_gewaessertyp, abschnittslaenge, bewertung) VALUES (4,6,17,200,4);
INSERT INTO laengsbaenke_auswertung (anz_laengsbaenke_von,anz_laengsbaenke_bis, id_gewaessertyp, abschnittslaenge, bewertung) VALUES (1,3,17,200,3);
INSERT INTO laengsbaenke_auswertung (anz_laengsbaenke_von,anz_laengsbaenke_bis, id_gewaessertyp, abschnittslaenge, bewertung) VALUES (0.5,0.5,17,200,2);
INSERT INTO laengsbaenke_auswertung (anz_laengsbaenke_von,anz_laengsbaenke_bis, id_gewaessertyp, abschnittslaenge, bewertung) VALUES (0,0,17,200,1);

/*Längsbänke Rückstau- und brackwasserbeeinflußte Fließgewässer werden nicht bewertet*/



/*Laufstrukturen Organisch geprägte Bäche*/
INSERT INTO laufstrukturen_auswertung(anz_laufstrukturen_von, anz_laufstrukturen_bis, id_gewaessertyp, abschnittslaenge,bewertung) VALUES (6,20000,11,100,5);
INSERT INTO laufstrukturen_auswertung(anz_laufstrukturen_von, anz_laufstrukturen_bis, id_gewaessertyp, abschnittslaenge,bewertung) VALUES (3,5,11,100,4);
INSERT INTO laufstrukturen_auswertung(anz_laufstrukturen_von, anz_laufstrukturen_bis, id_gewaessertyp, abschnittslaenge,bewertung) VALUES (2,2,11,100,3);
INSERT INTO laufstrukturen_auswertung(anz_laufstrukturen_von, anz_laufstrukturen_bis, id_gewaessertyp, abschnittslaenge,bewertung) VALUES (1,1,11,100,2);
INSERT INTO laufstrukturen_auswertung(anz_laufstrukturen_von, anz_laufstrukturen_bis, id_gewaessertyp, abschnittslaenge,bewertung) VALUES (0,0,11,100,1);

/*Laufstrukturen Organisch geprägte Flüsse*/
INSERT INTO laufstrukturen_auswertung(anz_laufstrukturen_von, anz_laufstrukturen_bis, id_gewaessertyp, abschnittslaenge,bewertung) VALUES (6,20000,12,200,5);
INSERT INTO laufstrukturen_auswertung(anz_laufstrukturen_von, anz_laufstrukturen_bis, id_gewaessertyp, abschnittslaenge,bewertung) VALUES (3,5,12,200,4);
INSERT INTO laufstrukturen_auswertung(anz_laufstrukturen_von, anz_laufstrukturen_bis, id_gewaessertyp, abschnittslaenge,bewertung) VALUES (2,2,12,200,3);
INSERT INTO laufstrukturen_auswertung(anz_laufstrukturen_von, anz_laufstrukturen_bis, id_gewaessertyp, abschnittslaenge,bewertung) VALUES (1,1,12,200,2);
INSERT INTO laufstrukturen_auswertung(anz_laufstrukturen_von, anz_laufstrukturen_bis, id_gewaessertyp, abschnittslaenge,bewertung) VALUES (0,0,12,200,1);

/*Laufstrukturen Sandgeprägte Tieflandbäche*/
INSERT INTO laufstrukturen_auswertung(anz_laufstrukturen_von, anz_laufstrukturen_bis, id_gewaessertyp, abschnittslaenge,bewertung) VALUES (6,20000,14,100,5);
INSERT INTO laufstrukturen_auswertung(anz_laufstrukturen_von, anz_laufstrukturen_bis, id_gewaessertyp, abschnittslaenge,bewertung) VALUES (3,5,14,100,4);
INSERT INTO laufstrukturen_auswertung(anz_laufstrukturen_von, anz_laufstrukturen_bis, id_gewaessertyp, abschnittslaenge,bewertung) VALUES (2,2,14,100,3);
INSERT INTO laufstrukturen_auswertung(anz_laufstrukturen_von, anz_laufstrukturen_bis, id_gewaessertyp, abschnittslaenge,bewertung) VALUES (1,1,14,100,2);
INSERT INTO laufstrukturen_auswertung(anz_laufstrukturen_von, anz_laufstrukturen_bis, id_gewaessertyp, abschnittslaenge,bewertung) VALUES (0,0,14,100,1);

/*Laufstrukturen Sand- und lehmgeprägte Flüsse*/
INSERT INTO laufstrukturen_auswertung(anz_laufstrukturen_von, anz_laufstrukturen_bis, id_gewaessertyp, abschnittslaenge,bewertung) VALUES (6,20000,15,200,5);
INSERT INTO laufstrukturen_auswertung(anz_laufstrukturen_von, anz_laufstrukturen_bis, id_gewaessertyp, abschnittslaenge,bewertung) VALUES (3,5,15,200,4);
INSERT INTO laufstrukturen_auswertung(anz_laufstrukturen_von, anz_laufstrukturen_bis, id_gewaessertyp, abschnittslaenge,bewertung) VALUES (1,2,15,200,3);
INSERT INTO laufstrukturen_auswertung(anz_laufstrukturen_von, anz_laufstrukturen_bis, id_gewaessertyp, abschnittslaenge,bewertung) VALUES (0.5,0.5,15,200,2);
INSERT INTO laufstrukturen_auswertung(anz_laufstrukturen_von, anz_laufstrukturen_bis, id_gewaessertyp, abschnittslaenge,bewertung) VALUES (0,0,15,200,1);

/*Laufstrukturen Kiesgeprägte Tieflandbäche*/
INSERT INTO laufstrukturen_auswertung(anz_laufstrukturen_von, anz_laufstrukturen_bis, id_gewaessertyp, abschnittslaenge,bewertung) VALUES (6,20000,16,100,5);
INSERT INTO laufstrukturen_auswertung(anz_laufstrukturen_von, anz_laufstrukturen_bis, id_gewaessertyp, abschnittslaenge,bewertung) VALUES (3,5,16,100,4);
INSERT INTO laufstrukturen_auswertung(anz_laufstrukturen_von, anz_laufstrukturen_bis, id_gewaessertyp, abschnittslaenge,bewertung) VALUES (2,2,16,100,3);
INSERT INTO laufstrukturen_auswertung(anz_laufstrukturen_von, anz_laufstrukturen_bis, id_gewaessertyp, abschnittslaenge,bewertung) VALUES (1,1,16,100,2);
INSERT INTO laufstrukturen_auswertung(anz_laufstrukturen_von, anz_laufstrukturen_bis, id_gewaessertyp, abschnittslaenge,bewertung) VALUES (0,0,16,100,1);

/*Laufstrukturen Kiesgeprägte Tieflandflüsse*/
INSERT INTO laufstrukturen_auswertung(anz_laufstrukturen_von, anz_laufstrukturen_bis, id_gewaessertyp, abschnittslaenge,bewertung) VALUES (6,20000,17,200,5);
INSERT INTO laufstrukturen_auswertung(anz_laufstrukturen_von, anz_laufstrukturen_bis, id_gewaessertyp, abschnittslaenge,bewertung) VALUES (3,5,17,200,4);
INSERT INTO laufstrukturen_auswertung(anz_laufstrukturen_von, anz_laufstrukturen_bis, id_gewaessertyp, abschnittslaenge,bewertung) VALUES (2,2,17,200,3);
INSERT INTO laufstrukturen_auswertung(anz_laufstrukturen_von, anz_laufstrukturen_bis, id_gewaessertyp, abschnittslaenge,bewertung) VALUES (1,1,17,200,2);
INSERT INTO laufstrukturen_auswertung(anz_laufstrukturen_von, anz_laufstrukturen_bis, id_gewaessertyp, abschnittslaenge,bewertung) VALUES (0,0,17,200,1);

/*Laufstrukturen Rückstau- und brackwasserbeeinflußte Fließgewässer*/
INSERT INTO laufstrukturen_auswertung(anz_laufstrukturen_von, anz_laufstrukturen_bis, id_gewaessertyp, abschnittslaenge,bewertung) VALUES (4,20000,23,100,5);
INSERT INTO laufstrukturen_auswertung(anz_laufstrukturen_von, anz_laufstrukturen_bis, id_gewaessertyp, abschnittslaenge,bewertung) VALUES (3,3,23,100,4);
INSERT INTO laufstrukturen_auswertung(anz_laufstrukturen_von, anz_laufstrukturen_bis, id_gewaessertyp, abschnittslaenge,bewertung) VALUES (2,2,23,100,3);
INSERT INTO laufstrukturen_auswertung(anz_laufstrukturen_von, anz_laufstrukturen_bis, id_gewaessertyp, abschnittslaenge,bewertung) VALUES (1,1,23,100,2);
INSERT INTO laufstrukturen_auswertung(anz_laufstrukturen_von, anz_laufstrukturen_bis, id_gewaessertyp, abschnittslaenge,bewertung) VALUES (0,0,23,100,1);


/*Krümmungserosion Organisch geprägte Bäche werden nicht bewertet*/
/*Krümmungserosion Organisch geprägte Flüsse werden nicht bewertet*/

/*Krümmungserosion Sandgeprägte Tieflandbäche*/
INSERT INTO kruemmungserosion_auswertung (id_kruemmungserosion,id_gewaessertyp,bewertung) VALUES (2,14,5);
INSERT INTO kruemmungserosion_auswertung (id_kruemmungserosion,id_gewaessertyp,bewertung) VALUES (3,14,5);
INSERT INTO kruemmungserosion_auswertung (id_kruemmungserosion,id_gewaessertyp,bewertung) VALUES (4,14,4);
INSERT INTO kruemmungserosion_auswertung (id_kruemmungserosion,id_gewaessertyp,bewertung) VALUES (1,14,2);
INSERT INTO kruemmungserosion_auswertung (id_kruemmungserosion,id_gewaessertyp,bewertung) VALUES (5,14,1);

/*Krümmungserosion Sand- und lehmgeprägte Flüsse*/
INSERT INTO kruemmungserosion_auswertung (id_kruemmungserosion,id_gewaessertyp,bewertung) VALUES (2,15,5);
INSERT INTO kruemmungserosion_auswertung (id_kruemmungserosion,id_gewaessertyp,bewertung) VALUES (3,15,5);
INSERT INTO kruemmungserosion_auswertung (id_kruemmungserosion,id_gewaessertyp,bewertung) VALUES (4,15,4);
INSERT INTO kruemmungserosion_auswertung (id_kruemmungserosion,id_gewaessertyp,bewertung) VALUES (1,15,2);
INSERT INTO kruemmungserosion_auswertung (id_kruemmungserosion,id_gewaessertyp,bewertung) VALUES (5,15,1);

/*Krümmungserosion Kiesgeprägte Tieflandbäche*/
INSERT INTO kruemmungserosion_auswertung (id_kruemmungserosion,id_gewaessertyp,bewertung) VALUES (2,16,5);
INSERT INTO kruemmungserosion_auswertung (id_kruemmungserosion,id_gewaessertyp,bewertung) VALUES (3,16,5);
INSERT INTO kruemmungserosion_auswertung (id_kruemmungserosion,id_gewaessertyp,bewertung) VALUES (4,16,4);
INSERT INTO kruemmungserosion_auswertung (id_kruemmungserosion,id_gewaessertyp,bewertung) VALUES (1,16,2);
INSERT INTO kruemmungserosion_auswertung (id_kruemmungserosion,id_gewaessertyp,bewertung) VALUES (5,16,1);

/*Krümmungserosion Kiesgeprägte Tieflandflüsse*/
INSERT INTO kruemmungserosion_auswertung (id_kruemmungserosion,id_gewaessertyp,bewertung) VALUES (2,17,5);
INSERT INTO kruemmungserosion_auswertung (id_kruemmungserosion,id_gewaessertyp,bewertung) VALUES (3,17,5);
INSERT INTO kruemmungserosion_auswertung (id_kruemmungserosion,id_gewaessertyp,bewertung) VALUES (4,17,4);
INSERT INTO kruemmungserosion_auswertung (id_kruemmungserosion,id_gewaessertyp,bewertung) VALUES (1,17,2);
INSERT INTO kruemmungserosion_auswertung (id_kruemmungserosion,id_gewaessertyp,bewertung) VALUES (5,17,1);

/*Krümmungserosion Rückstau- und brackwasserbeeinflußte Fließgewässer werden nicht bewertet*/

/*Ende Abschnitt Laufentwicklung*/




/*Beginn Abschnitt Längsprofil*/
/*Anzahl Querbänke Organisch geprägte Bäche werden nicht bewertet*/

/*Anzahl Querbänk Organisch geprägte Flüsse werden nicht bewertet*/

/*Anzahl Querbänk Sandgeprägte Tieflandbäche*/
INSERT INTO querbaenke_auswertung( anz_querbaenke_von,anz_querbaenke_bis,id_gewaessertyp,abschnittslaenge,bewertung) VALUES (6,20000,14,100,5);
INSERT INTO querbaenke_auswertung( anz_querbaenke_von,anz_querbaenke_bis,id_gewaessertyp,abschnittslaenge,bewertung) VALUES (3,5,14,100,4);
INSERT INTO querbaenke_auswertung( anz_querbaenke_von,anz_querbaenke_bis,id_gewaessertyp,abschnittslaenge,bewertung) VALUES (1,2,14,100,3);
INSERT INTO querbaenke_auswertung( anz_querbaenke_von,anz_querbaenke_bis,id_gewaessertyp,abschnittslaenge,bewertung) VALUES (0.5,0.5,14,100,2);
INSERT INTO querbaenke_auswertung( anz_querbaenke_von,anz_querbaenke_bis,id_gewaessertyp,abschnittslaenge,bewertung) VALUES (0,0,14,100,1);

/*Anzahl Querbänk Sand- und lehmgeprägte Flüsse*/
INSERT INTO querbaenke_auswertung( anz_querbaenke_von,anz_querbaenke_bis,id_gewaessertyp,abschnittslaenge,bewertung) VALUES (6,20000,15,200,5);
INSERT INTO querbaenke_auswertung( anz_querbaenke_von,anz_querbaenke_bis,id_gewaessertyp,abschnittslaenge,bewertung) VALUES (3,5,15,200,4);
INSERT INTO querbaenke_auswertung( anz_querbaenke_von,anz_querbaenke_bis,id_gewaessertyp,abschnittslaenge,bewertung) VALUES (1,2,15,200,3);
INSERT INTO querbaenke_auswertung( anz_querbaenke_von,anz_querbaenke_bis,id_gewaessertyp,abschnittslaenge,bewertung) VALUES (0.5,0.5,15,200,2);
INSERT INTO querbaenke_auswertung( anz_querbaenke_von,anz_querbaenke_bis,id_gewaessertyp,abschnittslaenge,bewertung) VALUES (0,0,15,200,1);

/*Anzahl Querbänk Kiesgeprägte Tieflandbäche*/
INSERT INTO querbaenke_auswertung( anz_querbaenke_von,anz_querbaenke_bis,id_gewaessertyp,abschnittslaenge,bewertung) VALUES (7,20000,16,100,5);
INSERT INTO querbaenke_auswertung( anz_querbaenke_von,anz_querbaenke_bis,id_gewaessertyp,abschnittslaenge,bewertung) VALUES (4,6,16,100,4);
INSERT INTO querbaenke_auswertung( anz_querbaenke_von,anz_querbaenke_bis,id_gewaessertyp,abschnittslaenge,bewertung) VALUES (1,3,16,100,3);
INSERT INTO querbaenke_auswertung( anz_querbaenke_von,anz_querbaenke_bis,id_gewaessertyp,abschnittslaenge,bewertung) VALUES (0.5,0.5,16,100,2);
INSERT INTO querbaenke_auswertung( anz_querbaenke_von,anz_querbaenke_bis,id_gewaessertyp,abschnittslaenge,bewertung) VALUES (0,0,16,100,1);

/*Anzahl Querbänk Kiesgeprägte Tieflandflüsse*/
INSERT INTO querbaenke_auswertung( anz_querbaenke_von,anz_querbaenke_bis,id_gewaessertyp,abschnittslaenge,bewertung) VALUES (7,20000,17,200,5);
INSERT INTO querbaenke_auswertung( anz_querbaenke_von,anz_querbaenke_bis,id_gewaessertyp,abschnittslaenge,bewertung) VALUES (4,6,17,200,4);
INSERT INTO querbaenke_auswertung( anz_querbaenke_von,anz_querbaenke_bis,id_gewaessertyp,abschnittslaenge,bewertung) VALUES (1,3,17,200,3);
INSERT INTO querbaenke_auswertung( anz_querbaenke_von,anz_querbaenke_bis,id_gewaessertyp,abschnittslaenge,bewertung) VALUES (0.5,0.5,17,200,2);
INSERT INTO querbaenke_auswertung( anz_querbaenke_von,anz_querbaenke_bis,id_gewaessertyp,abschnittslaenge,bewertung) VALUES (0,0,17,200,1);

/*Anzahl Querbänk Rückstau- und brackwasserbeeinflußte Fließgewässer werden nicht bewertet*/

/*Strömungsdiversität Organisch geprägte Bäche werden nicht bewertet*/

/*Strömungsdiversität Organisch geprägte Flüsse werden nicht bewertet*/

/*Strömungsdiversität Sandgeprägte Tieflandbäche*/
INSERT INTO  stroemungs_diversitaet_auswertung (id_stroemungs_diversitaet ,id_gewaessertyp, bewertung) VALUES (1,14,1);
INSERT INTO  stroemungs_diversitaet_auswertung (id_stroemungs_diversitaet ,id_gewaessertyp, bewertung) VALUES (2,14,2);
INSERT INTO  stroemungs_diversitaet_auswertung (id_stroemungs_diversitaet ,id_gewaessertyp, bewertung) VALUES (3,14,3);
INSERT INTO  stroemungs_diversitaet_auswertung (id_stroemungs_diversitaet ,id_gewaessertyp, bewertung) VALUES (4,14,5);
INSERT INTO  stroemungs_diversitaet_auswertung (id_stroemungs_diversitaet ,id_gewaessertyp, bewertung) VALUES (5,14,5);

/*Strömungsdiversität Sand- und lehmgeprägte Flüsse*/
INSERT INTO  stroemungs_diversitaet_auswertung (id_stroemungs_diversitaet ,id_gewaessertyp, bewertung) VALUES (1,15,1);
INSERT INTO  stroemungs_diversitaet_auswertung (id_stroemungs_diversitaet ,id_gewaessertyp, bewertung) VALUES (2,15,2);
INSERT INTO  stroemungs_diversitaet_auswertung (id_stroemungs_diversitaet ,id_gewaessertyp, bewertung) VALUES (3,15,3);
INSERT INTO  stroemungs_diversitaet_auswertung (id_stroemungs_diversitaet ,id_gewaessertyp, bewertung) VALUES (4,15,5);
INSERT INTO  stroemungs_diversitaet_auswertung (id_stroemungs_diversitaet ,id_gewaessertyp, bewertung) VALUES (5,15,5);

/*Strömungsdiversität Kiesgeprägte Tieflandbäche*/
INSERT INTO  stroemungs_diversitaet_auswertung (id_stroemungs_diversitaet ,id_gewaessertyp, bewertung) VALUES (1,16,1);
INSERT INTO  stroemungs_diversitaet_auswertung (id_stroemungs_diversitaet ,id_gewaessertyp, bewertung) VALUES (2,16,2);
INSERT INTO  stroemungs_diversitaet_auswertung (id_stroemungs_diversitaet ,id_gewaessertyp, bewertung) VALUES (3,16,3);
INSERT INTO  stroemungs_diversitaet_auswertung (id_stroemungs_diversitaet ,id_gewaessertyp, bewertung) VALUES (4,16,4);
INSERT INTO  stroemungs_diversitaet_auswertung (id_stroemungs_diversitaet ,id_gewaessertyp, bewertung) VALUES (5,16,5);

/*Strömungsdiversität Kiesgeprägte Tieflandflüsse*/
INSERT INTO  stroemungs_diversitaet_auswertung (id_stroemungs_diversitaet ,id_gewaessertyp, bewertung) VALUES (1,17,1);
INSERT INTO  stroemungs_diversitaet_auswertung (id_stroemungs_diversitaet ,id_gewaessertyp, bewertung) VALUES (2,17,2);
INSERT INTO  stroemungs_diversitaet_auswertung (id_stroemungs_diversitaet ,id_gewaessertyp, bewertung) VALUES (3,17,3);
INSERT INTO  stroemungs_diversitaet_auswertung (id_stroemungs_diversitaet ,id_gewaessertyp, bewertung) VALUES (4,17,4);
INSERT INTO  stroemungs_diversitaet_auswertung (id_stroemungs_diversitaet ,id_gewaessertyp, bewertung) VALUES (5,17,5);

/*Strömungsdiversität Rückstau- und brackwasserbeeinflußte Fließgewässer werden nicht bewertet*/

/*Tiefenvarianz Organisch geprägte Bäche werden nicht bewertet*/

/*Tiefenvarianz Organisch geprägte Flüsse werden nicht bewertet*/

/*Tiefenvarianz Sandgeprägte Tieflandbäche*/
INSERT INTO tiefenvarianz_auswertung (id_tiefenvarianz ,id_gewaessertyp, bewertung) VALUES (1,14,1);
INSERT INTO tiefenvarianz_auswertung (id_tiefenvarianz ,id_gewaessertyp, bewertung) VALUES (2,14,2);
INSERT INTO tiefenvarianz_auswertung (id_tiefenvarianz ,id_gewaessertyp, bewertung) VALUES (3,14,3);
INSERT INTO tiefenvarianz_auswertung (id_tiefenvarianz ,id_gewaessertyp, bewertung) VALUES (4,14,4);
INSERT INTO tiefenvarianz_auswertung (id_tiefenvarianz ,id_gewaessertyp, bewertung) VALUES (5,14,5);

/*Tiefenvarianz Sand- und lehmgeprägte Flüsse*/
INSERT INTO tiefenvarianz_auswertung (id_tiefenvarianz ,id_gewaessertyp, bewertung) VALUES (1,15,1);
INSERT INTO tiefenvarianz_auswertung (id_tiefenvarianz ,id_gewaessertyp, bewertung) VALUES (2,15,2);
INSERT INTO tiefenvarianz_auswertung (id_tiefenvarianz ,id_gewaessertyp, bewertung) VALUES (3,15,3);
INSERT INTO tiefenvarianz_auswertung (id_tiefenvarianz ,id_gewaessertyp, bewertung) VALUES (4,15,4);
INSERT INTO tiefenvarianz_auswertung (id_tiefenvarianz ,id_gewaessertyp, bewertung) VALUES (5,15,5);

/*Tiefenvarianz Kiesgeprägte Tieflandbäche*/
INSERT INTO tiefenvarianz_auswertung (id_tiefenvarianz ,id_gewaessertyp, bewertung) VALUES (1,16,1);
INSERT INTO tiefenvarianz_auswertung (id_tiefenvarianz ,id_gewaessertyp, bewertung) VALUES (2,16,2);
INSERT INTO tiefenvarianz_auswertung (id_tiefenvarianz ,id_gewaessertyp, bewertung) VALUES (3,16,3);
INSERT INTO tiefenvarianz_auswertung (id_tiefenvarianz ,id_gewaessertyp, bewertung) VALUES (4,16,4);
INSERT INTO tiefenvarianz_auswertung (id_tiefenvarianz ,id_gewaessertyp, bewertung) VALUES (5,16,5);

/*Tiefenvarianz Kiesgeprägte Tieflandflüsse*/
INSERT INTO tiefenvarianz_auswertung (id_tiefenvarianz ,id_gewaessertyp, bewertung) VALUES (1,17,1);
INSERT INTO tiefenvarianz_auswertung (id_tiefenvarianz ,id_gewaessertyp, bewertung) VALUES (2,17,2);
INSERT INTO tiefenvarianz_auswertung (id_tiefenvarianz ,id_gewaessertyp, bewertung) VALUES (3,17,3);
INSERT INTO tiefenvarianz_auswertung (id_tiefenvarianz ,id_gewaessertyp, bewertung) VALUES (4,17,4);
INSERT INTO tiefenvarianz_auswertung (id_tiefenvarianz ,id_gewaessertyp, bewertung) VALUES (5,17,5);

/*Tiefenvarianz Rückstau- und brackwasserbeeinflußte Fließgewässer werden nicht bewertet*/

/*Tiefenerosion findet in allen sieben Gewässertypen keine Berücksichtigung*/

/*Fließgeschwindigkeit Organisch geprägte Bäche*/
INSERT INTO fliessgeschwindigkeit_auswertung (id_fliessgeschwindigkeit ,id_gewaessertyp, bewertung) VALUES (1,11,1);
INSERT INTO fliessgeschwindigkeit_auswertung (id_fliessgeschwindigkeit ,id_gewaessertyp, bewertung) VALUES (2,11,4);
INSERT INTO fliessgeschwindigkeit_auswertung (id_fliessgeschwindigkeit ,id_gewaessertyp, bewertung) VALUES (3,11,3);
INSERT INTO fliessgeschwindigkeit_auswertung (id_fliessgeschwindigkeit ,id_gewaessertyp, bewertung) VALUES (4,11,2);
INSERT INTO fliessgeschwindigkeit_auswertung (id_fliessgeschwindigkeit ,id_gewaessertyp, bewertung) VALUES (5,11,1);

/*Fließgeschwindigkeit Organisch geprägte Flüsse*/
INSERT INTO fliessgeschwindigkeit_auswertung (id_fliessgeschwindigkeit ,id_gewaessertyp, bewertung) VALUES (1,12,1);
INSERT INTO fliessgeschwindigkeit_auswertung (id_fliessgeschwindigkeit ,id_gewaessertyp, bewertung) VALUES (2,12,4);
INSERT INTO fliessgeschwindigkeit_auswertung (id_fliessgeschwindigkeit ,id_gewaessertyp, bewertung) VALUES (3,12,3);
INSERT INTO fliessgeschwindigkeit_auswertung (id_fliessgeschwindigkeit ,id_gewaessertyp, bewertung) VALUES (4,12,2);
INSERT INTO fliessgeschwindigkeit_auswertung (id_fliessgeschwindigkeit ,id_gewaessertyp, bewertung) VALUES (5,12,1);

/*Fließgeschwindigkeit Sandgeprägte Tieflandbäche werden nicht bewertet*/

/*Fließgeschwindigkeit Sand- und lehmgeprägte Flüsse werden nicht bewertet*/

/*Fließgeschwindigkeit Kiesgeprägte Tieflandbäche*/
INSERT INTO fliessgeschwindigkeit_auswertung (id_fliessgeschwindigkeit ,id_gewaessertyp, bewertung) VALUES (1,16,1);
INSERT INTO fliessgeschwindigkeit_auswertung (id_fliessgeschwindigkeit ,id_gewaessertyp, bewertung) VALUES (2,16,3);
INSERT INTO fliessgeschwindigkeit_auswertung (id_fliessgeschwindigkeit ,id_gewaessertyp, bewertung) VALUES (3,16,4);
INSERT INTO fliessgeschwindigkeit_auswertung (id_fliessgeschwindigkeit ,id_gewaessertyp, bewertung) VALUES (4,16,5);
INSERT INTO fliessgeschwindigkeit_auswertung (id_fliessgeschwindigkeit ,id_gewaessertyp, bewertung) VALUES (5,16,5);

/*Fließgeschwindigkeit Kiesgeprägte Tieflandflüsse*/
INSERT INTO fliessgeschwindigkeit_auswertung (id_fliessgeschwindigkeit ,id_gewaessertyp, bewertung) VALUES (1,17,1);
INSERT INTO fliessgeschwindigkeit_auswertung (id_fliessgeschwindigkeit ,id_gewaessertyp, bewertung) VALUES (2,17,3);
INSERT INTO fliessgeschwindigkeit_auswertung (id_fliessgeschwindigkeit ,id_gewaessertyp, bewertung) VALUES (3,17,4);
INSERT INTO fliessgeschwindigkeit_auswertung (id_fliessgeschwindigkeit ,id_gewaessertyp, bewertung) VALUES (4,17,5);
INSERT INTO fliessgeschwindigkeit_auswertung (id_fliessgeschwindigkeit ,id_gewaessertyp, bewertung) VALUES (5,17,5);

/*Fließgeschwindigkeit Rückstau- und brackwasserbeeinflußte Fließgewässer werden nicht bewertet*/
/*Ende Abschnitt Längsprofil*/

/*Beginn Abschnitt Querprofil*/

/*Verhältnis Profiltiefe / Wasserspiegelbreite für Organisch geprägte Bäche*/
INSERT INTO verhaeltnis_profiltiefe_wspbreite_auswertung (verhaeltnis_von,verhaeltnis_bis,id_gewaessertyp,bewertung ) VALUES (13,20000,11,5);
INSERT INTO verhaeltnis_profiltiefe_wspbreite_auswertung (verhaeltnis_von,verhaeltnis_bis,id_gewaessertyp,bewertung ) VALUES (8,12,11,4);
INSERT INTO verhaeltnis_profiltiefe_wspbreite_auswertung (verhaeltnis_von,verhaeltnis_bis,id_gewaessertyp,bewertung ) VALUES (5,7,11,3);
INSERT INTO verhaeltnis_profiltiefe_wspbreite_auswertung (verhaeltnis_von,verhaeltnis_bis,id_gewaessertyp,bewertung ) VALUES (3,4,11,2);
INSERT INTO verhaeltnis_profiltiefe_wspbreite_auswertung (verhaeltnis_von,verhaeltnis_bis,id_gewaessertyp,bewertung ) VALUES (0,2,11,1);

/*Verhältnis Profiltiefe / Wasserspiegelbreite für Organisch geprägte Flüsse*/
INSERT INTO verhaeltnis_profiltiefe_wspbreite_auswertung (verhaeltnis_von,verhaeltnis_bis,id_gewaessertyp,bewertung ) VALUES (13,20000,12,5);
INSERT INTO verhaeltnis_profiltiefe_wspbreite_auswertung (verhaeltnis_von,verhaeltnis_bis,id_gewaessertyp,bewertung ) VALUES (8,12,12,4);
INSERT INTO verhaeltnis_profiltiefe_wspbreite_auswertung (verhaeltnis_von,verhaeltnis_bis,id_gewaessertyp,bewertung ) VALUES (5,7,12,3);
INSERT INTO verhaeltnis_profiltiefe_wspbreite_auswertung (verhaeltnis_von,verhaeltnis_bis,id_gewaessertyp,bewertung ) VALUES (3,4,12,2);
INSERT INTO verhaeltnis_profiltiefe_wspbreite_auswertung (verhaeltnis_von,verhaeltnis_bis,id_gewaessertyp,bewertung ) VALUES (0,2,12,1);

/*Verhältnis Profiltiefe / Wasserspiegelbreite für Sandgeprägte Tieflandbäche */
INSERT INTO verhaeltnis_profiltiefe_wspbreite_auswertung (verhaeltnis_von,verhaeltnis_bis,id_gewaessertyp,bewertung ) VALUES (11,20000,14,5);
INSERT INTO verhaeltnis_profiltiefe_wspbreite_auswertung (verhaeltnis_von,verhaeltnis_bis,id_gewaessertyp,bewertung ) VALUES (7,10,14,4);
INSERT INTO verhaeltnis_profiltiefe_wspbreite_auswertung (verhaeltnis_von,verhaeltnis_bis,id_gewaessertyp,bewertung ) VALUES (5,6,14,3);
INSERT INTO verhaeltnis_profiltiefe_wspbreite_auswertung (verhaeltnis_von,verhaeltnis_bis,id_gewaessertyp,bewertung ) VALUES (3,4,14,2);
INSERT INTO verhaeltnis_profiltiefe_wspbreite_auswertung (verhaeltnis_von,verhaeltnis_bis,id_gewaessertyp,bewertung ) VALUES (0,2,14,1);

/*Verhältnis Profiltiefe / Wasserspiegelbreite für OSand- und lehmgeprägte Flüsse*/
INSERT INTO verhaeltnis_profiltiefe_wspbreite_auswertung (verhaeltnis_von,verhaeltnis_bis,id_gewaessertyp,bewertung ) VALUES (11,20000,15,5);
INSERT INTO verhaeltnis_profiltiefe_wspbreite_auswertung (verhaeltnis_von,verhaeltnis_bis,id_gewaessertyp,bewertung ) VALUES (7,10,15,4);
INSERT INTO verhaeltnis_profiltiefe_wspbreite_auswertung (verhaeltnis_von,verhaeltnis_bis,id_gewaessertyp,bewertung ) VALUES (5,6,15,3);
INSERT INTO verhaeltnis_profiltiefe_wspbreite_auswertung (verhaeltnis_von,verhaeltnis_bis,id_gewaessertyp,bewertung ) VALUES (3,4,15,2);
INSERT INTO verhaeltnis_profiltiefe_wspbreite_auswertung (verhaeltnis_von,verhaeltnis_bis,id_gewaessertyp,bewertung ) VALUES (0,2,15,1);

/*Verhältnis Profiltiefe / Wasserspiegelbreite für Kiesgeprägte Tieflandbäche*/
INSERT INTO verhaeltnis_profiltiefe_wspbreite_auswertung (verhaeltnis_von,verhaeltnis_bis,id_gewaessertyp,bewertung ) VALUES (9,20000,16,5);
INSERT INTO verhaeltnis_profiltiefe_wspbreite_auswertung (verhaeltnis_von,verhaeltnis_bis,id_gewaessertyp,bewertung ) VALUES (7,8,16,4);
INSERT INTO verhaeltnis_profiltiefe_wspbreite_auswertung (verhaeltnis_von,verhaeltnis_bis,id_gewaessertyp,bewertung ) VALUES (5,6,16,3);
INSERT INTO verhaeltnis_profiltiefe_wspbreite_auswertung (verhaeltnis_von,verhaeltnis_bis,id_gewaessertyp,bewertung ) VALUES (3,4,16,2);
INSERT INTO verhaeltnis_profiltiefe_wspbreite_auswertung (verhaeltnis_von,verhaeltnis_bis,id_gewaessertyp,bewertung ) VALUES (0,2,16,1);

/*Verhältnis Profiltiefe / Wasserspiegelbreite für Kiesgeprägte Tieflandflüsse*/
INSERT INTO verhaeltnis_profiltiefe_wspbreite_auswertung (verhaeltnis_von,verhaeltnis_bis,id_gewaessertyp,bewertung ) VALUES (9,20000,17,5);
INSERT INTO verhaeltnis_profiltiefe_wspbreite_auswertung (verhaeltnis_von,verhaeltnis_bis,id_gewaessertyp,bewertung ) VALUES (7,8,17,4);
INSERT INTO verhaeltnis_profiltiefe_wspbreite_auswertung (verhaeltnis_von,verhaeltnis_bis,id_gewaessertyp,bewertung ) VALUES (5,6,17,3);
INSERT INTO verhaeltnis_profiltiefe_wspbreite_auswertung (verhaeltnis_von,verhaeltnis_bis,id_gewaessertyp,bewertung ) VALUES (3,4,17,2);
INSERT INTO verhaeltnis_profiltiefe_wspbreite_auswertung (verhaeltnis_von,verhaeltnis_bis,id_gewaessertyp,bewertung ) VALUES (0,2,17,1);

/*Verhältnis Profiltiefe / Wasserspiegelbreite für Rückstau- und brackwasserbeeinflußte Fließgewässer*/
INSERT INTO verhaeltnis_profiltiefe_wspbreite_auswertung (verhaeltnis_von,verhaeltnis_bis,id_gewaessertyp,bewertung ) VALUES (16,20000,23,5);
INSERT INTO verhaeltnis_profiltiefe_wspbreite_auswertung (verhaeltnis_von,verhaeltnis_bis,id_gewaessertyp,bewertung ) VALUES (10,15,23,4);
INSERT INTO verhaeltnis_profiltiefe_wspbreite_auswertung (verhaeltnis_von,verhaeltnis_bis,id_gewaessertyp,bewertung ) VALUES (4,9,23,3);
INSERT INTO verhaeltnis_profiltiefe_wspbreite_auswertung (verhaeltnis_von,verhaeltnis_bis,id_gewaessertyp,bewertung ) VALUES (2,3,23,2);
INSERT INTO verhaeltnis_profiltiefe_wspbreite_auswertung (verhaeltnis_von,verhaeltnis_bis,id_gewaessertyp,bewertung ) VALUES (1,1,23,1);


/*Breitenerosion Organisch geprägte Bäche werden nicht bewertet*/
/*Breitenerosion Organisch geprägte Flüsse werden nicht bewertet*/

/*Breitenerosion Sandgeprägte Tieflandbäche*/
INSERT INTO breitenerosion_auswertung (id_breitenerosion ,id_gewaessertyp, bewertung) VALUES (1,14,3);
INSERT INTO breitenerosion_auswertung (id_breitenerosion ,id_gewaessertyp, bewertung) VALUES (2,14,4);
INSERT INTO breitenerosion_auswertung (id_breitenerosion ,id_gewaessertyp, bewertung) VALUES (3,14,5);
INSERT INTO breitenerosion_auswertung (id_breitenerosion ,id_gewaessertyp, bewertung) VALUES (4,14,1);

/*Breitenerosion Sand- und lehmgeprägte Flüsse*/
INSERT INTO breitenerosion_auswertung (id_breitenerosion ,id_gewaessertyp, bewertung) VALUES (1,15,3);
INSERT INTO breitenerosion_auswertung (id_breitenerosion ,id_gewaessertyp, bewertung) VALUES (2,15,4);
INSERT INTO breitenerosion_auswertung (id_breitenerosion ,id_gewaessertyp, bewertung) VALUES (3,15,5);
INSERT INTO breitenerosion_auswertung (id_breitenerosion ,id_gewaessertyp, bewertung) VALUES (4,15,1);

/*Breitenerosion Kiesgeprägte Tieflandbäche*/
INSERT INTO breitenerosion_auswertung (id_breitenerosion ,id_gewaessertyp, bewertung) VALUES (1,16,3);
INSERT INTO breitenerosion_auswertung (id_breitenerosion ,id_gewaessertyp, bewertung) VALUES (2,16,4);
INSERT INTO breitenerosion_auswertung (id_breitenerosion ,id_gewaessertyp, bewertung) VALUES (3,16,5);
INSERT INTO breitenerosion_auswertung (id_breitenerosion ,id_gewaessertyp, bewertung) VALUES (4,16,1);

/*Breitenerosion Kiesgeprägte Tieflandflüsse*/
INSERT INTO breitenerosion_auswertung (id_breitenerosion ,id_gewaessertyp, bewertung) VALUES (1,17,3);
INSERT INTO breitenerosion_auswertung (id_breitenerosion ,id_gewaessertyp, bewertung) VALUES (2,17,4);
INSERT INTO breitenerosion_auswertung (id_breitenerosion ,id_gewaessertyp, bewertung) VALUES (3,17,5);
INSERT INTO breitenerosion_auswertung (id_breitenerosion ,id_gewaessertyp, bewertung) VALUES (4,17,1);

/*Breitenerosion Rückstau- und brackwasserbeeinflußte Fließgewässer werden nicht bewertet*/

/*Breitenvarianz Organisch geprägte Bäche*/
INSERT INTO breitenvarianz_auswertung (id_breitenvarianz ,id_gewaessertyp, bewertung) VALUES (1,11,1);
INSERT INTO breitenvarianz_auswertung (id_breitenvarianz ,id_gewaessertyp, bewertung) VALUES (2,11,2);
INSERT INTO breitenvarianz_auswertung (id_breitenvarianz ,id_gewaessertyp, bewertung) VALUES (3,11,3);
INSERT INTO breitenvarianz_auswertung (id_breitenvarianz ,id_gewaessertyp, bewertung) VALUES (4,11,4);
INSERT INTO breitenvarianz_auswertung (id_breitenvarianz ,id_gewaessertyp, bewertung) VALUES (5,11,5);

/*Breitenvarianz Organisch geprägte Flüsse*/
INSERT INTO breitenvarianz_auswertung (id_breitenvarianz ,id_gewaessertyp, bewertung) VALUES (1,12,1);
INSERT INTO breitenvarianz_auswertung (id_breitenvarianz ,id_gewaessertyp, bewertung) VALUES (2,12,2);
INSERT INTO breitenvarianz_auswertung (id_breitenvarianz ,id_gewaessertyp, bewertung) VALUES (3,12,3);
INSERT INTO breitenvarianz_auswertung (id_breitenvarianz ,id_gewaessertyp, bewertung) VALUES (4,12,4);
INSERT INTO breitenvarianz_auswertung (id_breitenvarianz ,id_gewaessertyp, bewertung) VALUES (5,12,5);

/*Breitenvarianz Sandgeprägte Tieflandbäche*/
INSERT INTO breitenvarianz_auswertung (id_breitenvarianz ,id_gewaessertyp, bewertung) VALUES (1,14,1);
INSERT INTO breitenvarianz_auswertung (id_breitenvarianz ,id_gewaessertyp, bewertung) VALUES (2,14,2);
INSERT INTO breitenvarianz_auswertung (id_breitenvarianz ,id_gewaessertyp, bewertung) VALUES (3,14,3);
INSERT INTO breitenvarianz_auswertung (id_breitenvarianz ,id_gewaessertyp, bewertung) VALUES (4,14,4);
INSERT INTO breitenvarianz_auswertung (id_breitenvarianz ,id_gewaessertyp, bewertung) VALUES (5,14,5);

/*Breitenvarianz Sand- und lehmgeprägte Flüsse*/
INSERT INTO breitenvarianz_auswertung (id_breitenvarianz ,id_gewaessertyp, bewertung) VALUES (1,15,1);
INSERT INTO breitenvarianz_auswertung (id_breitenvarianz ,id_gewaessertyp, bewertung) VALUES (2,15,2);
INSERT INTO breitenvarianz_auswertung (id_breitenvarianz ,id_gewaessertyp, bewertung) VALUES (3,15,3);
INSERT INTO breitenvarianz_auswertung (id_breitenvarianz ,id_gewaessertyp, bewertung) VALUES (4,15,4);
INSERT INTO breitenvarianz_auswertung (id_breitenvarianz ,id_gewaessertyp, bewertung) VALUES (5,15,5);

/*Breitenvarianz Kiesgeprägte Tieflandbäche*/
INSERT INTO breitenvarianz_auswertung (id_breitenvarianz ,id_gewaessertyp, bewertung) VALUES (1,16,1);
INSERT INTO breitenvarianz_auswertung (id_breitenvarianz ,id_gewaessertyp, bewertung) VALUES (2,16,2);
INSERT INTO breitenvarianz_auswertung (id_breitenvarianz ,id_gewaessertyp, bewertung) VALUES (3,16,3);
INSERT INTO breitenvarianz_auswertung (id_breitenvarianz ,id_gewaessertyp, bewertung) VALUES (4,16,4);
INSERT INTO breitenvarianz_auswertung (id_breitenvarianz ,id_gewaessertyp, bewertung) VALUES (5,16,5);

/*Breitenvarianz Kiesgeprägte Tieflandflüsse*/
INSERT INTO breitenvarianz_auswertung (id_breitenvarianz ,id_gewaessertyp, bewertung) VALUES (1,17,1);
INSERT INTO breitenvarianz_auswertung (id_breitenvarianz ,id_gewaessertyp, bewertung) VALUES (2,17,2);
INSERT INTO breitenvarianz_auswertung (id_breitenvarianz ,id_gewaessertyp, bewertung) VALUES (3,17,3);
INSERT INTO breitenvarianz_auswertung (id_breitenvarianz ,id_gewaessertyp, bewertung) VALUES (4,17,4);
INSERT INTO breitenvarianz_auswertung (id_breitenvarianz ,id_gewaessertyp, bewertung) VALUES (5,17,5);

/*Breitenvarianz Rückstau- und brackwasserbeeinflußte Fließgewässer*/
INSERT INTO breitenvarianz_auswertung (id_breitenvarianz ,id_gewaessertyp, bewertung) VALUES (1,23,1);
INSERT INTO breitenvarianz_auswertung (id_breitenvarianz ,id_gewaessertyp, bewertung) VALUES (2,23,3);
INSERT INTO breitenvarianz_auswertung (id_breitenvarianz ,id_gewaessertyp, bewertung) VALUES (3,23,4);
INSERT INTO breitenvarianz_auswertung (id_breitenvarianz ,id_gewaessertyp, bewertung) VALUES (4,23,5);
INSERT INTO breitenvarianz_auswertung (id_breitenvarianz ,id_gewaessertyp, bewertung) VALUES (5,23,5);



/*Profiltyp Organisch geprägte Bäche*/
INSERT INTO profiltyp_auswertung (id_profiltyp ,id_gewaessertyp, bewertung) VALUES (1,11,5);
INSERT INTO profiltyp_auswertung (id_profiltyp ,id_gewaessertyp, bewertung) VALUES (2,11,4);
INSERT INTO profiltyp_auswertung (id_profiltyp ,id_gewaessertyp, bewertung) VALUES (3,11,3);
INSERT INTO profiltyp_auswertung (id_profiltyp ,id_gewaessertyp, bewertung) VALUES (4,11,3);
INSERT INTO profiltyp_auswertung (id_profiltyp ,id_gewaessertyp, bewertung) VALUES (5,11,2);
INSERT INTO profiltyp_auswertung (id_profiltyp ,id_gewaessertyp, bewertung) VALUES (6,11,1);

/*Profiltyp Organisch geprägte Flüsse*/
INSERT INTO profiltyp_auswertung (id_profiltyp ,id_gewaessertyp, bewertung) VALUES (1,12,5);
INSERT INTO profiltyp_auswertung (id_profiltyp ,id_gewaessertyp, bewertung) VALUES (2,12,4);
INSERT INTO profiltyp_auswertung (id_profiltyp ,id_gewaessertyp, bewertung) VALUES (3,12,3);
INSERT INTO profiltyp_auswertung (id_profiltyp ,id_gewaessertyp, bewertung) VALUES (4,12,2);
INSERT INTO profiltyp_auswertung (id_profiltyp ,id_gewaessertyp, bewertung) VALUES (5,12,1);
INSERT INTO profiltyp_auswertung (id_profiltyp ,id_gewaessertyp, bewertung) VALUES (6,12,1);

/*Profiltyp Sandgeprägte Tieflandbäche*/
INSERT INTO profiltyp_auswertung (id_profiltyp ,id_gewaessertyp, bewertung) VALUES (1,14,5);
INSERT INTO profiltyp_auswertung (id_profiltyp ,id_gewaessertyp, bewertung) VALUES (2,14,4);
INSERT INTO profiltyp_auswertung (id_profiltyp ,id_gewaessertyp, bewertung) VALUES (3,14,3);
INSERT INTO profiltyp_auswertung (id_profiltyp ,id_gewaessertyp, bewertung) VALUES (4,14,3);
INSERT INTO profiltyp_auswertung (id_profiltyp ,id_gewaessertyp, bewertung) VALUES (5,14,2);
INSERT INTO profiltyp_auswertung (id_profiltyp ,id_gewaessertyp, bewertung) VALUES (6,14,1);

/*Profiltyp Sand- und lehmgeprägte Flüsse*/
INSERT INTO profiltyp_auswertung (id_profiltyp ,id_gewaessertyp, bewertung) VALUES (1,15,5);
INSERT INTO profiltyp_auswertung (id_profiltyp ,id_gewaessertyp, bewertung) VALUES (2,15,4);
INSERT INTO profiltyp_auswertung (id_profiltyp ,id_gewaessertyp, bewertung) VALUES (3,15,3);
INSERT INTO profiltyp_auswertung (id_profiltyp ,id_gewaessertyp, bewertung) VALUES (4,15,3);
INSERT INTO profiltyp_auswertung (id_profiltyp ,id_gewaessertyp, bewertung) VALUES (5,15,2);
INSERT INTO profiltyp_auswertung (id_profiltyp ,id_gewaessertyp, bewertung) VALUES (6,15,1);

/*Profiltyp Kiesgeprägte Tieflandbäche*/
INSERT INTO profiltyp_auswertung (id_profiltyp ,id_gewaessertyp, bewertung) VALUES (1,16,5);
INSERT INTO profiltyp_auswertung (id_profiltyp ,id_gewaessertyp, bewertung) VALUES (2,16,4);
INSERT INTO profiltyp_auswertung (id_profiltyp ,id_gewaessertyp, bewertung) VALUES (3,16,3);
INSERT INTO profiltyp_auswertung (id_profiltyp ,id_gewaessertyp, bewertung) VALUES (4,16,3);
INSERT INTO profiltyp_auswertung (id_profiltyp ,id_gewaessertyp, bewertung) VALUES (5,16,2);
INSERT INTO profiltyp_auswertung (id_profiltyp ,id_gewaessertyp, bewertung) VALUES (6,16,1);

/*Profiltyp Kiesgeprägte Tieflandflüsse*/
INSERT INTO profiltyp_auswertung (id_profiltyp ,id_gewaessertyp, bewertung) VALUES (1,17,5);
INSERT INTO profiltyp_auswertung (id_profiltyp ,id_gewaessertyp, bewertung) VALUES (2,17,4);
INSERT INTO profiltyp_auswertung (id_profiltyp ,id_gewaessertyp, bewertung) VALUES (3,17,3);
INSERT INTO profiltyp_auswertung (id_profiltyp ,id_gewaessertyp, bewertung) VALUES (4,17,3);
INSERT INTO profiltyp_auswertung (id_profiltyp ,id_gewaessertyp, bewertung) VALUES (5,17,2);
INSERT INTO profiltyp_auswertung (id_profiltyp ,id_gewaessertyp, bewertung) VALUES (6,17,1);

/*Profiltyp Rückstau- und brackwasserbeeinflußte Fließgewässer*/
INSERT INTO profiltyp_auswertung (id_profiltyp ,id_gewaessertyp, bewertung) VALUES (1,23,5);
INSERT INTO profiltyp_auswertung (id_profiltyp ,id_gewaessertyp, bewertung) VALUES (2,23,5);
INSERT INTO profiltyp_auswertung (id_profiltyp ,id_gewaessertyp, bewertung) VALUES (3,23,4);
INSERT INTO profiltyp_auswertung (id_profiltyp ,id_gewaessertyp, bewertung) VALUES (4,23,3);
INSERT INTO profiltyp_auswertung (id_profiltyp ,id_gewaessertyp, bewertung) VALUES (5,23,2);
INSERT INTO profiltyp_auswertung (id_profiltyp ,id_gewaessertyp, bewertung) VALUES (6,23,1);


/*Ende Abschnitt Querprofil*/

/*Anfang Abschnitt Gewässerumfeld*/

/*Gewässerrandstreifen Organisch geprägte Bäche*/
INSERT INTO gewaesserrandstreifen_auswertung (id_gewaesserrandstreifen,id_gewaessertyp, bewertung) VALUES (1,11,1);
INSERT INTO gewaesserrandstreifen_auswertung (id_gewaesserrandstreifen,id_gewaessertyp, bewertung) VALUES (2,11,5);
INSERT INTO gewaesserrandstreifen_auswertung (id_gewaesserrandstreifen,id_gewaessertyp, bewertung) VALUES (3,11,4);
INSERT INTO gewaesserrandstreifen_auswertung (id_gewaesserrandstreifen,id_gewaessertyp, bewertung) VALUES (4,11,3);

/*Gewässerrandstreifen Organisch geprägte Flüsse*/
INSERT INTO gewaesserrandstreifen_auswertung (id_gewaesserrandstreifen,id_gewaessertyp, bewertung) VALUES (1,12,1);
INSERT INTO gewaesserrandstreifen_auswertung (id_gewaesserrandstreifen,id_gewaessertyp, bewertung) VALUES (2,12,5);
INSERT INTO gewaesserrandstreifen_auswertung (id_gewaesserrandstreifen,id_gewaessertyp, bewertung) VALUES (3,12,4);
INSERT INTO gewaesserrandstreifen_auswertung (id_gewaesserrandstreifen,id_gewaessertyp, bewertung) VALUES (4,12,3);

/*Gewässerrandstreifen Sandgeprägte Tieflandbäche*/
INSERT INTO gewaesserrandstreifen_auswertung (id_gewaesserrandstreifen,id_gewaessertyp, bewertung) VALUES (1,14,1);
INSERT INTO gewaesserrandstreifen_auswertung (id_gewaesserrandstreifen,id_gewaessertyp, bewertung) VALUES (2,14,5);
INSERT INTO gewaesserrandstreifen_auswertung (id_gewaesserrandstreifen,id_gewaessertyp, bewertung) VALUES (3,14,4);
INSERT INTO gewaesserrandstreifen_auswertung (id_gewaesserrandstreifen,id_gewaessertyp, bewertung) VALUES (4,14,3);

/*Gewässerrandstreifen Sand- und lehmgeprägte Flüsse*/
INSERT INTO gewaesserrandstreifen_auswertung (id_gewaesserrandstreifen,id_gewaessertyp, bewertung) VALUES (1,15,1);
INSERT INTO gewaesserrandstreifen_auswertung (id_gewaesserrandstreifen,id_gewaessertyp, bewertung) VALUES (2,15,5);
INSERT INTO gewaesserrandstreifen_auswertung (id_gewaesserrandstreifen,id_gewaessertyp, bewertung) VALUES (3,15,4);
INSERT INTO gewaesserrandstreifen_auswertung (id_gewaesserrandstreifen,id_gewaessertyp, bewertung) VALUES (4,15,3);

/*Gewässerrandstreifen Kiesgeprägte Tieflandbäche*/
INSERT INTO gewaesserrandstreifen_auswertung (id_gewaesserrandstreifen,id_gewaessertyp, bewertung) VALUES (1,16,1);
INSERT INTO gewaesserrandstreifen_auswertung (id_gewaesserrandstreifen,id_gewaessertyp, bewertung) VALUES (2,16,5);
INSERT INTO gewaesserrandstreifen_auswertung (id_gewaesserrandstreifen,id_gewaessertyp, bewertung) VALUES (3,16,4);
INSERT INTO gewaesserrandstreifen_auswertung (id_gewaesserrandstreifen,id_gewaessertyp, bewertung) VALUES (4,16,3);

/*Gewässerrandstreifen Kiesgeprägte Tieflandflüsse*/
INSERT INTO gewaesserrandstreifen_auswertung (id_gewaesserrandstreifen,id_gewaessertyp, bewertung) VALUES (1,17,1);
INSERT INTO gewaesserrandstreifen_auswertung (id_gewaesserrandstreifen,id_gewaessertyp, bewertung) VALUES (2,17,5);
INSERT INTO gewaesserrandstreifen_auswertung (id_gewaesserrandstreifen,id_gewaessertyp, bewertung) VALUES (3,17,4);
INSERT INTO gewaesserrandstreifen_auswertung (id_gewaesserrandstreifen,id_gewaessertyp, bewertung) VALUES (4,17,3);

/*Gewässerrandstreifen Rückstau- und brackwasserbeeinflußte Fließgewässer*/
INSERT INTO gewaesserrandstreifen_auswertung (id_gewaesserrandstreifen,id_gewaessertyp, bewertung) VALUES (1,23,1);
INSERT INTO gewaesserrandstreifen_auswertung (id_gewaesserrandstreifen,id_gewaessertyp, bewertung) VALUES (2,23,5);
INSERT INTO gewaesserrandstreifen_auswertung (id_gewaesserrandstreifen,id_gewaessertyp, bewertung) VALUES (3,23,4);
INSERT INTO gewaesserrandstreifen_auswertung (id_gewaesserrandstreifen,id_gewaessertyp, bewertung) VALUES (4,23,3);


/*Gewässerrandstreifen Organisch geprägte Bäche*/
INSERT INTO flaechennutzung_auswertung (id_flaechennutzung,id_gewaessertyp, bewertung) VALUES (1,11,5);
INSERT INTO flaechennutzung_auswertung (id_flaechennutzung,id_gewaessertyp, bewertung) VALUES (2,11,5);
INSERT INTO flaechennutzung_auswertung (id_flaechennutzung,id_gewaessertyp, bewertung) VALUES (3,11,4);
INSERT INTO flaechennutzung_auswertung (id_flaechennutzung,id_gewaessertyp, bewertung) VALUES (16,11,4);
INSERT INTO flaechennutzung_auswertung (id_flaechennutzung,id_gewaessertyp, bewertung) VALUES (4,11,3);
INSERT INTO flaechennutzung_auswertung (id_flaechennutzung,id_gewaessertyp, bewertung) VALUES (5,11,3);
INSERT INTO flaechennutzung_auswertung (id_flaechennutzung,id_gewaessertyp, bewertung) VALUES (9,11,3);
INSERT INTO flaechennutzung_auswertung (id_flaechennutzung,id_gewaessertyp, bewertung) VALUES (13,11,3);
INSERT INTO flaechennutzung_auswertung (id_flaechennutzung,id_gewaessertyp, bewertung) VALUES (7,11,2);
INSERT INTO flaechennutzung_auswertung (id_flaechennutzung,id_gewaessertyp, bewertung) VALUES (8,11,2);
INSERT INTO flaechennutzung_auswertung (id_flaechennutzung,id_gewaessertyp, bewertung) VALUES (6,11,1);
INSERT INTO flaechennutzung_auswertung (id_flaechennutzung,id_gewaessertyp, bewertung) VALUES (10,11,1);
INSERT INTO flaechennutzung_auswertung (id_flaechennutzung,id_gewaessertyp, bewertung) VALUES (11,11,1);
INSERT INTO flaechennutzung_auswertung (id_flaechennutzung,id_gewaessertyp, bewertung) VALUES (12,11,1);
INSERT INTO flaechennutzung_auswertung (id_flaechennutzung,id_gewaessertyp, bewertung) VALUES (14,11,1);
INSERT INTO flaechennutzung_auswertung (id_flaechennutzung,id_gewaessertyp, bewertung) VALUES (15,11,1);

/*Gewässerrandstreifen Organisch geprägte Flüsse*/
INSERT INTO flaechennutzung_auswertung (id_flaechennutzung,id_gewaessertyp, bewertung) VALUES (1,12,5);
INSERT INTO flaechennutzung_auswertung (id_flaechennutzung,id_gewaessertyp, bewertung) VALUES (2,12,5);
INSERT INTO flaechennutzung_auswertung (id_flaechennutzung,id_gewaessertyp, bewertung) VALUES (3,12,4);
INSERT INTO flaechennutzung_auswertung (id_flaechennutzung,id_gewaessertyp, bewertung) VALUES (16,12,4);
INSERT INTO flaechennutzung_auswertung (id_flaechennutzung,id_gewaessertyp, bewertung) VALUES (4,12,3);
INSERT INTO flaechennutzung_auswertung (id_flaechennutzung,id_gewaessertyp, bewertung) VALUES (5,12,3);
INSERT INTO flaechennutzung_auswertung (id_flaechennutzung,id_gewaessertyp, bewertung) VALUES (9,12,3);
INSERT INTO flaechennutzung_auswertung (id_flaechennutzung,id_gewaessertyp, bewertung) VALUES (13,12,3);
INSERT INTO flaechennutzung_auswertung (id_flaechennutzung,id_gewaessertyp, bewertung) VALUES (7,12,2);
INSERT INTO flaechennutzung_auswertung (id_flaechennutzung,id_gewaessertyp, bewertung) VALUES (8,12,2);
INSERT INTO flaechennutzung_auswertung (id_flaechennutzung,id_gewaessertyp, bewertung) VALUES (6,12,1);
INSERT INTO flaechennutzung_auswertung (id_flaechennutzung,id_gewaessertyp, bewertung) VALUES (10,12,1);
INSERT INTO flaechennutzung_auswertung (id_flaechennutzung,id_gewaessertyp, bewertung) VALUES (11,12,1);
INSERT INTO flaechennutzung_auswertung (id_flaechennutzung,id_gewaessertyp, bewertung) VALUES (12,12,1);
INSERT INTO flaechennutzung_auswertung (id_flaechennutzung,id_gewaessertyp, bewertung) VALUES (14,12,1);
INSERT INTO flaechennutzung_auswertung (id_flaechennutzung,id_gewaessertyp, bewertung) VALUES (15,12,1);

/*Gewässerrandstreifen Sandgeprägte Tieflandbäche*/
INSERT INTO flaechennutzung_auswertung (id_flaechennutzung,id_gewaessertyp, bewertung) VALUES (1,14,5);
INSERT INTO flaechennutzung_auswertung (id_flaechennutzung,id_gewaessertyp, bewertung) VALUES (2,14,5);
INSERT INTO flaechennutzung_auswertung (id_flaechennutzung,id_gewaessertyp, bewertung) VALUES (3,14,4);
INSERT INTO flaechennutzung_auswertung (id_flaechennutzung,id_gewaessertyp, bewertung) VALUES (16,14,4);
INSERT INTO flaechennutzung_auswertung (id_flaechennutzung,id_gewaessertyp, bewertung) VALUES (4,14,3);
INSERT INTO flaechennutzung_auswertung (id_flaechennutzung,id_gewaessertyp, bewertung) VALUES (5,14,3);
INSERT INTO flaechennutzung_auswertung (id_flaechennutzung,id_gewaessertyp, bewertung) VALUES (9,14,3);
INSERT INTO flaechennutzung_auswertung (id_flaechennutzung,id_gewaessertyp, bewertung) VALUES (13,14,3);
INSERT INTO flaechennutzung_auswertung (id_flaechennutzung,id_gewaessertyp, bewertung) VALUES (7,14,2);
INSERT INTO flaechennutzung_auswertung (id_flaechennutzung,id_gewaessertyp, bewertung) VALUES (8,14,2);
INSERT INTO flaechennutzung_auswertung (id_flaechennutzung,id_gewaessertyp, bewertung) VALUES (10,14,2);
INSERT INTO flaechennutzung_auswertung (id_flaechennutzung,id_gewaessertyp, bewertung) VALUES (6,14,1);
INSERT INTO flaechennutzung_auswertung (id_flaechennutzung,id_gewaessertyp, bewertung) VALUES (11,14,1);
INSERT INTO flaechennutzung_auswertung (id_flaechennutzung,id_gewaessertyp, bewertung) VALUES (12,14,1);
INSERT INTO flaechennutzung_auswertung (id_flaechennutzung,id_gewaessertyp, bewertung) VALUES (14,14,1);
INSERT INTO flaechennutzung_auswertung (id_flaechennutzung,id_gewaessertyp, bewertung) VALUES (15,14,1);

/*Gewässerrandstreifen Sand- und lehmgeprägte Flüsse*/
INSERT INTO flaechennutzung_auswertung (id_flaechennutzung,id_gewaessertyp, bewertung) VALUES (1,15,5);
INSERT INTO flaechennutzung_auswertung (id_flaechennutzung,id_gewaessertyp, bewertung) VALUES (2,15,5);
INSERT INTO flaechennutzung_auswertung (id_flaechennutzung,id_gewaessertyp, bewertung) VALUES (3,15,4);
INSERT INTO flaechennutzung_auswertung (id_flaechennutzung,id_gewaessertyp, bewertung) VALUES (16,15,4);
INSERT INTO flaechennutzung_auswertung (id_flaechennutzung,id_gewaessertyp, bewertung) VALUES (4,15,3);
INSERT INTO flaechennutzung_auswertung (id_flaechennutzung,id_gewaessertyp, bewertung) VALUES (5,15,3);
INSERT INTO flaechennutzung_auswertung (id_flaechennutzung,id_gewaessertyp, bewertung) VALUES (9,15,3);
INSERT INTO flaechennutzung_auswertung (id_flaechennutzung,id_gewaessertyp, bewertung) VALUES (13,15,3);
INSERT INTO flaechennutzung_auswertung (id_flaechennutzung,id_gewaessertyp, bewertung) VALUES (7,15,2);
INSERT INTO flaechennutzung_auswertung (id_flaechennutzung,id_gewaessertyp, bewertung) VALUES (8,15,2);
INSERT INTO flaechennutzung_auswertung (id_flaechennutzung,id_gewaessertyp, bewertung) VALUES (10,15,2);
INSERT INTO flaechennutzung_auswertung (id_flaechennutzung,id_gewaessertyp, bewertung) VALUES (6,15,1);
INSERT INTO flaechennutzung_auswertung (id_flaechennutzung,id_gewaessertyp, bewertung) VALUES (11,15,1);
INSERT INTO flaechennutzung_auswertung (id_flaechennutzung,id_gewaessertyp, bewertung) VALUES (12,15,1);
INSERT INTO flaechennutzung_auswertung (id_flaechennutzung,id_gewaessertyp, bewertung) VALUES (14,15,1);
INSERT INTO flaechennutzung_auswertung (id_flaechennutzung,id_gewaessertyp, bewertung) VALUES (15,15,1);

/*Gewässerrandstreifen Kiesgeprägte Tieflandbäche*/
INSERT INTO flaechennutzung_auswertung (id_flaechennutzung,id_gewaessertyp, bewertung) VALUES (1,16,5);
INSERT INTO flaechennutzung_auswertung (id_flaechennutzung,id_gewaessertyp, bewertung) VALUES (2,16,4);
INSERT INTO flaechennutzung_auswertung (id_flaechennutzung,id_gewaessertyp, bewertung) VALUES (3,16,4);
INSERT INTO flaechennutzung_auswertung (id_flaechennutzung,id_gewaessertyp, bewertung) VALUES (16,16,4);
INSERT INTO flaechennutzung_auswertung (id_flaechennutzung,id_gewaessertyp, bewertung) VALUES (4,16,3);
INSERT INTO flaechennutzung_auswertung (id_flaechennutzung,id_gewaessertyp, bewertung) VALUES (5,16,3);
INSERT INTO flaechennutzung_auswertung (id_flaechennutzung,id_gewaessertyp, bewertung) VALUES (9,16,3);
INSERT INTO flaechennutzung_auswertung (id_flaechennutzung,id_gewaessertyp, bewertung) VALUES (13,16,3);
INSERT INTO flaechennutzung_auswertung (id_flaechennutzung,id_gewaessertyp, bewertung) VALUES (7,16,2);
INSERT INTO flaechennutzung_auswertung (id_flaechennutzung,id_gewaessertyp, bewertung) VALUES (8,16,2);
INSERT INTO flaechennutzung_auswertung (id_flaechennutzung,id_gewaessertyp, bewertung) VALUES (10,16,2);
INSERT INTO flaechennutzung_auswertung (id_flaechennutzung,id_gewaessertyp, bewertung) VALUES (6,16,1);
INSERT INTO flaechennutzung_auswertung (id_flaechennutzung,id_gewaessertyp, bewertung) VALUES (11,16,1);
INSERT INTO flaechennutzung_auswertung (id_flaechennutzung,id_gewaessertyp, bewertung) VALUES (12,16,1);
INSERT INTO flaechennutzung_auswertung (id_flaechennutzung,id_gewaessertyp, bewertung) VALUES (14,16,1);
INSERT INTO flaechennutzung_auswertung (id_flaechennutzung,id_gewaessertyp, bewertung) VALUES (15,16,1);

/*Gewässerrandstreifen Kiesgeprägte Tieflandflüsse*/
INSERT INTO flaechennutzung_auswertung (id_flaechennutzung,id_gewaessertyp, bewertung) VALUES (1,17,5);
INSERT INTO flaechennutzung_auswertung (id_flaechennutzung,id_gewaessertyp, bewertung) VALUES (2,17,4);
INSERT INTO flaechennutzung_auswertung (id_flaechennutzung,id_gewaessertyp, bewertung) VALUES (3,17,4);
INSERT INTO flaechennutzung_auswertung (id_flaechennutzung,id_gewaessertyp, bewertung) VALUES (16,17,4);
INSERT INTO flaechennutzung_auswertung (id_flaechennutzung,id_gewaessertyp, bewertung) VALUES (4,17,3);
INSERT INTO flaechennutzung_auswertung (id_flaechennutzung,id_gewaessertyp, bewertung) VALUES (5,17,3);
INSERT INTO flaechennutzung_auswertung (id_flaechennutzung,id_gewaessertyp, bewertung) VALUES (9,17,3);
INSERT INTO flaechennutzung_auswertung (id_flaechennutzung,id_gewaessertyp, bewertung) VALUES (13,17,3);
INSERT INTO flaechennutzung_auswertung (id_flaechennutzung,id_gewaessertyp, bewertung) VALUES (7,17,2);
INSERT INTO flaechennutzung_auswertung (id_flaechennutzung,id_gewaessertyp, bewertung) VALUES (8,17,2);
INSERT INTO flaechennutzung_auswertung (id_flaechennutzung,id_gewaessertyp, bewertung) VALUES (10,17,2);
INSERT INTO flaechennutzung_auswertung (id_flaechennutzung,id_gewaessertyp, bewertung) VALUES (6,17,1);
INSERT INTO flaechennutzung_auswertung (id_flaechennutzung,id_gewaessertyp, bewertung) VALUES (11,17,1);
INSERT INTO flaechennutzung_auswertung (id_flaechennutzung,id_gewaessertyp, bewertung) VALUES (12,17,1);
INSERT INTO flaechennutzung_auswertung (id_flaechennutzung,id_gewaessertyp, bewertung) VALUES (14,17,1);
INSERT INTO flaechennutzung_auswertung (id_flaechennutzung,id_gewaessertyp, bewertung) VALUES (15,17,1);

/*Gewässerrandstreifen Rückstau- und brackwasserbeeinflußte Fließgewässer*/
INSERT INTO flaechennutzung_auswertung (id_flaechennutzung,id_gewaessertyp, bewertung) VALUES (1,23,5);
INSERT INTO flaechennutzung_auswertung (id_flaechennutzung,id_gewaessertyp, bewertung) VALUES (2,23,5);
INSERT INTO flaechennutzung_auswertung (id_flaechennutzung,id_gewaessertyp, bewertung) VALUES (13,23,5);
INSERT INTO flaechennutzung_auswertung (id_flaechennutzung,id_gewaessertyp, bewertung) VALUES (3,23,4);
INSERT INTO flaechennutzung_auswertung (id_flaechennutzung,id_gewaessertyp, bewertung) VALUES (16,23,4);
INSERT INTO flaechennutzung_auswertung (id_flaechennutzung,id_gewaessertyp, bewertung) VALUES (4,23,3);
INSERT INTO flaechennutzung_auswertung (id_flaechennutzung,id_gewaessertyp, bewertung) VALUES (5,23,3);
INSERT INTO flaechennutzung_auswertung (id_flaechennutzung,id_gewaessertyp, bewertung) VALUES (7,23,2);
INSERT INTO flaechennutzung_auswertung (id_flaechennutzung,id_gewaessertyp, bewertung) VALUES (8,23,2);
INSERT INTO flaechennutzung_auswertung (id_flaechennutzung,id_gewaessertyp, bewertung) VALUES (10,23,2);
INSERT INTO flaechennutzung_auswertung (id_flaechennutzung,id_gewaessertyp, bewertung) VALUES (6,23,1);
INSERT INTO flaechennutzung_auswertung (id_flaechennutzung,id_gewaessertyp, bewertung) VALUES (11,23,1);
INSERT INTO flaechennutzung_auswertung (id_flaechennutzung,id_gewaessertyp, bewertung) VALUES (12,23,1);
INSERT INTO flaechennutzung_auswertung (id_flaechennutzung,id_gewaessertyp, bewertung) VALUES (14,23,1);
INSERT INTO flaechennutzung_auswertung (id_flaechennutzung,id_gewaessertyp, bewertung) VALUES (15,23,1);

/*Schädliche Umfeldstrulturen Organisch geprägte Bäche*/
INSERT INTO schaedlicheumfeldstrukturen_auswertung (id_schaedlicheumfeldstrukturen,id_gewaessertyp, bewertung) VALUES (1,11,-0.5);
INSERT INTO schaedlicheumfeldstrukturen_auswertung (id_schaedlicheumfeldstrukturen,id_gewaessertyp, bewertung) VALUES (2,11,-0.5);
INSERT INTO schaedlicheumfeldstrukturen_auswertung (id_schaedlicheumfeldstrukturen,id_gewaessertyp, bewertung) VALUES (3,11,-0.5);
INSERT INTO schaedlicheumfeldstrukturen_auswertung (id_schaedlicheumfeldstrukturen,id_gewaessertyp, bewertung) VALUES (4,11,-0.5);
INSERT INTO schaedlicheumfeldstrukturen_auswertung (id_schaedlicheumfeldstrukturen,id_gewaessertyp, bewertung) VALUES (5,11,-0.5);
INSERT INTO schaedlicheumfeldstrukturen_auswertung (id_schaedlicheumfeldstrukturen,id_gewaessertyp, bewertung) VALUES (6,11,-0.5);
INSERT INTO schaedlicheumfeldstrukturen_auswertung (id_schaedlicheumfeldstrukturen,id_gewaessertyp, bewertung) VALUES (7,11,-0.5);
INSERT INTO schaedlicheumfeldstrukturen_auswertung (id_schaedlicheumfeldstrukturen,id_gewaessertyp, bewertung) VALUES (8,11,0.0); /*Kein Malus für keine*/

/*Schädliche Umfeldstrulturen Organisch geprägte Flüsse*/
INSERT INTO schaedlicheumfeldstrukturen_auswertung (id_schaedlicheumfeldstrukturen,id_gewaessertyp, bewertung) VALUES (1,12,-0.5);
INSERT INTO schaedlicheumfeldstrukturen_auswertung (id_schaedlicheumfeldstrukturen,id_gewaessertyp, bewertung) VALUES (2,12,-0.5);
INSERT INTO schaedlicheumfeldstrukturen_auswertung (id_schaedlicheumfeldstrukturen,id_gewaessertyp, bewertung) VALUES (3,12,-0.5);
INSERT INTO schaedlicheumfeldstrukturen_auswertung (id_schaedlicheumfeldstrukturen,id_gewaessertyp, bewertung) VALUES (4,12,-0.5);
INSERT INTO schaedlicheumfeldstrukturen_auswertung (id_schaedlicheumfeldstrukturen,id_gewaessertyp, bewertung) VALUES (5,12,-0.5);
INSERT INTO schaedlicheumfeldstrukturen_auswertung (id_schaedlicheumfeldstrukturen,id_gewaessertyp, bewertung) VALUES (6,12,-0.5);
INSERT INTO schaedlicheumfeldstrukturen_auswertung (id_schaedlicheumfeldstrukturen,id_gewaessertyp, bewertung) VALUES (7,12,-0.5);
INSERT INTO schaedlicheumfeldstrukturen_auswertung (id_schaedlicheumfeldstrukturen,id_gewaessertyp, bewertung) VALUES (8,12,0.0); /*Kein Malus für keine*/

/*Schädliche Umfeldstrulturen Sandgeprägte Tieflandbäche*/
INSERT INTO schaedlicheumfeldstrukturen_auswertung (id_schaedlicheumfeldstrukturen,id_gewaessertyp, bewertung) VALUES (1,14,-0.5);
INSERT INTO schaedlicheumfeldstrukturen_auswertung (id_schaedlicheumfeldstrukturen,id_gewaessertyp, bewertung) VALUES (2,14,-0.5);
INSERT INTO schaedlicheumfeldstrukturen_auswertung (id_schaedlicheumfeldstrukturen,id_gewaessertyp, bewertung) VALUES (3,14,-0.5);
INSERT INTO schaedlicheumfeldstrukturen_auswertung (id_schaedlicheumfeldstrukturen,id_gewaessertyp, bewertung) VALUES (4,14,-0.5);
INSERT INTO schaedlicheumfeldstrukturen_auswertung (id_schaedlicheumfeldstrukturen,id_gewaessertyp, bewertung) VALUES (5,14,-0.5);
INSERT INTO schaedlicheumfeldstrukturen_auswertung (id_schaedlicheumfeldstrukturen,id_gewaessertyp, bewertung) VALUES (6,14,-0.5);
INSERT INTO schaedlicheumfeldstrukturen_auswertung (id_schaedlicheumfeldstrukturen,id_gewaessertyp, bewertung) VALUES (7,14,-0.5);
INSERT INTO schaedlicheumfeldstrukturen_auswertung (id_schaedlicheumfeldstrukturen,id_gewaessertyp, bewertung) VALUES (8,14,0.0); /*Kein Malus für keine*/

/*Schädliche Umfeldstrulturen Sand- und lehmgeprägte Flüsse*/
INSERT INTO schaedlicheumfeldstrukturen_auswertung (id_schaedlicheumfeldstrukturen,id_gewaessertyp, bewertung) VALUES (1,15,-0.5);
INSERT INTO schaedlicheumfeldstrukturen_auswertung (id_schaedlicheumfeldstrukturen,id_gewaessertyp, bewertung) VALUES (2,15,-0.5);
INSERT INTO schaedlicheumfeldstrukturen_auswertung (id_schaedlicheumfeldstrukturen,id_gewaessertyp, bewertung) VALUES (3,15,-0.5);
INSERT INTO schaedlicheumfeldstrukturen_auswertung (id_schaedlicheumfeldstrukturen,id_gewaessertyp, bewertung) VALUES (4,15,-0.5);
INSERT INTO schaedlicheumfeldstrukturen_auswertung (id_schaedlicheumfeldstrukturen,id_gewaessertyp, bewertung) VALUES (5,15,-0.5);
INSERT INTO schaedlicheumfeldstrukturen_auswertung (id_schaedlicheumfeldstrukturen,id_gewaessertyp, bewertung) VALUES (6,15,-0.5);
INSERT INTO schaedlicheumfeldstrukturen_auswertung (id_schaedlicheumfeldstrukturen,id_gewaessertyp, bewertung) VALUES (7,15,-0.5);
INSERT INTO schaedlicheumfeldstrukturen_auswertung (id_schaedlicheumfeldstrukturen,id_gewaessertyp, bewertung) VALUES (8,15,0.0); /*Kein Malus für keine*/

/*Schädliche Umfeldstrulturen Kiesgeprägte Tieflandbäche*/
INSERT INTO schaedlicheumfeldstrukturen_auswertung (id_schaedlicheumfeldstrukturen,id_gewaessertyp, bewertung) VALUES (1,16,-0.5);
INSERT INTO schaedlicheumfeldstrukturen_auswertung (id_schaedlicheumfeldstrukturen,id_gewaessertyp, bewertung) VALUES (2,16,-0.5);
INSERT INTO schaedlicheumfeldstrukturen_auswertung (id_schaedlicheumfeldstrukturen,id_gewaessertyp, bewertung) VALUES (3,16,-0.5);
INSERT INTO schaedlicheumfeldstrukturen_auswertung (id_schaedlicheumfeldstrukturen,id_gewaessertyp, bewertung) VALUES (4,16,-0.5);
INSERT INTO schaedlicheumfeldstrukturen_auswertung (id_schaedlicheumfeldstrukturen,id_gewaessertyp, bewertung) VALUES (5,16,-0.5);
INSERT INTO schaedlicheumfeldstrukturen_auswertung (id_schaedlicheumfeldstrukturen,id_gewaessertyp, bewertung) VALUES (6,16,-0.5);
INSERT INTO schaedlicheumfeldstrukturen_auswertung (id_schaedlicheumfeldstrukturen,id_gewaessertyp, bewertung) VALUES (7,16,-0.5);
INSERT INTO schaedlicheumfeldstrukturen_auswertung (id_schaedlicheumfeldstrukturen,id_gewaessertyp, bewertung) VALUES (8,16,0.0); /*Kein Malus für keine*/

/*Schädliche Umfeldstrulturen Kiesgeprägte Tieflandflüsse*/
INSERT INTO schaedlicheumfeldstrukturen_auswertung (id_schaedlicheumfeldstrukturen,id_gewaessertyp, bewertung) VALUES (1,17,-0.5);
INSERT INTO schaedlicheumfeldstrukturen_auswertung (id_schaedlicheumfeldstrukturen,id_gewaessertyp, bewertung) VALUES (2,17,-0.5);
INSERT INTO schaedlicheumfeldstrukturen_auswertung (id_schaedlicheumfeldstrukturen,id_gewaessertyp, bewertung) VALUES (3,17,-0.5);
INSERT INTO schaedlicheumfeldstrukturen_auswertung (id_schaedlicheumfeldstrukturen,id_gewaessertyp, bewertung) VALUES (4,17,-0.5);
INSERT INTO schaedlicheumfeldstrukturen_auswertung (id_schaedlicheumfeldstrukturen,id_gewaessertyp, bewertung) VALUES (5,17,-0.5);
INSERT INTO schaedlicheumfeldstrukturen_auswertung (id_schaedlicheumfeldstrukturen,id_gewaessertyp, bewertung) VALUES (6,17,-0.5);
INSERT INTO schaedlicheumfeldstrukturen_auswertung (id_schaedlicheumfeldstrukturen,id_gewaessertyp, bewertung) VALUES (7,17,-0.5);
INSERT INTO schaedlicheumfeldstrukturen_auswertung (id_schaedlicheumfeldstrukturen,id_gewaessertyp, bewertung) VALUES (8,17,0.0); /*Kein Malus für keine*/

/*Schädliche Umfeldstrulturen Rückstau- und brackwasserbeeinflußte Fließgewässer*/
INSERT INTO schaedlicheumfeldstrukturen_auswertung (id_schaedlicheumfeldstrukturen,id_gewaessertyp, bewertung) VALUES (1,23,-0.5);
INSERT INTO schaedlicheumfeldstrukturen_auswertung (id_schaedlicheumfeldstrukturen,id_gewaessertyp, bewertung) VALUES (2,23,-0.5);
INSERT INTO schaedlicheumfeldstrukturen_auswertung (id_schaedlicheumfeldstrukturen,id_gewaessertyp, bewertung) VALUES (3,23,-0.5);
INSERT INTO schaedlicheumfeldstrukturen_auswertung (id_schaedlicheumfeldstrukturen,id_gewaessertyp, bewertung) VALUES (4,23,-0.5);
INSERT INTO schaedlicheumfeldstrukturen_auswertung (id_schaedlicheumfeldstrukturen,id_gewaessertyp, bewertung) VALUES (5,23,-0.5);
INSERT INTO schaedlicheumfeldstrukturen_auswertung (id_schaedlicheumfeldstrukturen,id_gewaessertyp, bewertung) VALUES (6,23,-0.5);
INSERT INTO schaedlicheumfeldstrukturen_auswertung (id_schaedlicheumfeldstrukturen,id_gewaessertyp, bewertung) VALUES (7,23,-0.5);
INSERT INTO schaedlicheumfeldstrukturen_auswertung (id_schaedlicheumfeldstrukturen,id_gewaessertyp, bewertung) VALUES (8,23,0.0); /*Kein Malus für keine*/
/*Ende Abschnitt Gewässerumfeld*/

/*Beginn Abschnitt Sohlenstruktur*/

/*Anzahl besondere Sohlenstrukturen Organisch geprägte Bäche*/
INSERT INTO sohlenstrukturen_auswertung (anz_sohlenstrukturen_von,anz_sohlenstrukturen_bis, id_gewaessertyp, abschnittslaenge, bewertung) VALUES (5,20000,11,100,5);
INSERT INTO sohlenstrukturen_auswertung (anz_sohlenstrukturen_von,anz_sohlenstrukturen_bis, id_gewaessertyp, abschnittslaenge, bewertung) VALUES (3,4,11,100,4);
INSERT INTO sohlenstrukturen_auswertung (anz_sohlenstrukturen_von,anz_sohlenstrukturen_bis, id_gewaessertyp, abschnittslaenge, bewertung) VALUES (2,2,11,100,3);
INSERT INTO sohlenstrukturen_auswertung (anz_sohlenstrukturen_von,anz_sohlenstrukturen_bis, id_gewaessertyp, abschnittslaenge, bewertung) VALUES (1,1,11,100,2);
INSERT INTO sohlenstrukturen_auswertung (anz_sohlenstrukturen_von,anz_sohlenstrukturen_bis, id_gewaessertyp, abschnittslaenge, bewertung) VALUES (0,0,11,100,1);

/*Anzahl besondere Sohlenstrukturen Organisch geprägte Flüsse*/
INSERT INTO sohlenstrukturen_auswertung (anz_sohlenstrukturen_von,anz_sohlenstrukturen_bis, id_gewaessertyp, abschnittslaenge, bewertung) VALUES (5,20000,12,200,5);
INSERT INTO sohlenstrukturen_auswertung (anz_sohlenstrukturen_von,anz_sohlenstrukturen_bis, id_gewaessertyp, abschnittslaenge, bewertung) VALUES (3,4,12,200,4);
INSERT INTO sohlenstrukturen_auswertung (anz_sohlenstrukturen_von,anz_sohlenstrukturen_bis, id_gewaessertyp, abschnittslaenge, bewertung) VALUES (2,2,12,200,3);
INSERT INTO sohlenstrukturen_auswertung (anz_sohlenstrukturen_von,anz_sohlenstrukturen_bis, id_gewaessertyp, abschnittslaenge, bewertung) VALUES (1,1,12,200,2);
INSERT INTO sohlenstrukturen_auswertung (anz_sohlenstrukturen_von,anz_sohlenstrukturen_bis, id_gewaessertyp, abschnittslaenge, bewertung) VALUES (0,0,12,200,1);

/*Anzahl besondere Sohlenstrukturen Sandgeprägte Tieflandbäche*/
INSERT INTO sohlenstrukturen_auswertung (anz_sohlenstrukturen_von,anz_sohlenstrukturen_bis, id_gewaessertyp, abschnittslaenge, bewertung) VALUES (6,20000,14,100,5);
INSERT INTO sohlenstrukturen_auswertung (anz_sohlenstrukturen_von,anz_sohlenstrukturen_bis, id_gewaessertyp, abschnittslaenge, bewertung) VALUES (3,5,14,100,4);
INSERT INTO sohlenstrukturen_auswertung (anz_sohlenstrukturen_von,anz_sohlenstrukturen_bis, id_gewaessertyp, abschnittslaenge, bewertung) VALUES (2,2,14,100,3);
INSERT INTO sohlenstrukturen_auswertung (anz_sohlenstrukturen_von,anz_sohlenstrukturen_bis, id_gewaessertyp, abschnittslaenge, bewertung) VALUES (1,1,14,100,2);
INSERT INTO sohlenstrukturen_auswertung (anz_sohlenstrukturen_von,anz_sohlenstrukturen_bis, id_gewaessertyp, abschnittslaenge, bewertung) VALUES (0,0,14,100,1);

/*Anzahl besondere Sohlenstrukturen Sand- und lehmgeprägte Flüsse*/
INSERT INTO sohlenstrukturen_auswertung (anz_sohlenstrukturen_von,anz_sohlenstrukturen_bis, id_gewaessertyp, abschnittslaenge, bewertung) VALUES (6,20000,15,200,5);
INSERT INTO sohlenstrukturen_auswertung (anz_sohlenstrukturen_von,anz_sohlenstrukturen_bis, id_gewaessertyp, abschnittslaenge, bewertung) VALUES (3,5,15,200,4);
INSERT INTO sohlenstrukturen_auswertung (anz_sohlenstrukturen_von,anz_sohlenstrukturen_bis, id_gewaessertyp, abschnittslaenge, bewertung) VALUES (2,2,15,200,3);
INSERT INTO sohlenstrukturen_auswertung (anz_sohlenstrukturen_von,anz_sohlenstrukturen_bis, id_gewaessertyp, abschnittslaenge, bewertung) VALUES (1,1,15,200,2);
INSERT INTO sohlenstrukturen_auswertung (anz_sohlenstrukturen_von,anz_sohlenstrukturen_bis, id_gewaessertyp, abschnittslaenge, bewertung) VALUES (0,0,15,200,1);

/*Anzahl besondere Sohlenstrukturen Kiesgeprägte Tieflandbäche*/
INSERT INTO sohlenstrukturen_auswertung (anz_sohlenstrukturen_von,anz_sohlenstrukturen_bis, id_gewaessertyp, abschnittslaenge, bewertung) VALUES (7,20000,16,100,5);
INSERT INTO sohlenstrukturen_auswertung (anz_sohlenstrukturen_von,anz_sohlenstrukturen_bis, id_gewaessertyp, abschnittslaenge, bewertung) VALUES (4,6,16,100,4);
INSERT INTO sohlenstrukturen_auswertung (anz_sohlenstrukturen_von,anz_sohlenstrukturen_bis, id_gewaessertyp, abschnittslaenge, bewertung) VALUES (2,3,16,100,3);
INSERT INTO sohlenstrukturen_auswertung (anz_sohlenstrukturen_von,anz_sohlenstrukturen_bis, id_gewaessertyp, abschnittslaenge, bewertung) VALUES (1,1,16,100,2);
INSERT INTO sohlenstrukturen_auswertung (anz_sohlenstrukturen_von,anz_sohlenstrukturen_bis, id_gewaessertyp, abschnittslaenge, bewertung) VALUES (0,0,16,100,1);

/*Anzahl besondere Sohlenstrukturen Kiesgeprägte Tieflandflüsse*/
INSERT INTO sohlenstrukturen_auswertung (anz_sohlenstrukturen_von,anz_sohlenstrukturen_bis, id_gewaessertyp, abschnittslaenge, bewertung) VALUES (7,20000,17,200,5);
INSERT INTO sohlenstrukturen_auswertung (anz_sohlenstrukturen_von,anz_sohlenstrukturen_bis, id_gewaessertyp, abschnittslaenge, bewertung) VALUES (4,6,17,200,4);
INSERT INTO sohlenstrukturen_auswertung (anz_sohlenstrukturen_von,anz_sohlenstrukturen_bis, id_gewaessertyp, abschnittslaenge, bewertung) VALUES (2,3,17,200,3);
INSERT INTO sohlenstrukturen_auswertung (anz_sohlenstrukturen_von,anz_sohlenstrukturen_bis, id_gewaessertyp, abschnittslaenge, bewertung) VALUES (1,1,17,200,2);
INSERT INTO sohlenstrukturen_auswertung (anz_sohlenstrukturen_von,anz_sohlenstrukturen_bis, id_gewaessertyp, abschnittslaenge, bewertung) VALUES (0,0,17,200,1);

/*Anzahl besondere Sohlenstrukturen Rückstau- und brackwasserbeeinflußte Fließgewässer*/
INSERT INTO sohlenstrukturen_auswertung (anz_sohlenstrukturen_von,anz_sohlenstrukturen_bis, id_gewaessertyp, abschnittslaenge, bewertung) VALUES (4,20000,23,100,5);
INSERT INTO sohlenstrukturen_auswertung (anz_sohlenstrukturen_von,anz_sohlenstrukturen_bis, id_gewaessertyp, abschnittslaenge, bewertung) VALUES (3,3,23,100,4);
INSERT INTO sohlenstrukturen_auswertung (anz_sohlenstrukturen_von,anz_sohlenstrukturen_bis, id_gewaessertyp, abschnittslaenge, bewertung) VALUES (2,2,23,100,3);
INSERT INTO sohlenstrukturen_auswertung (anz_sohlenstrukturen_von,anz_sohlenstrukturen_bis, id_gewaessertyp, abschnittslaenge, bewertung) VALUES (1,1,23,100,2);
INSERT INTO sohlenstrukturen_auswertung (anz_sohlenstrukturen_von,anz_sohlenstrukturen_bis, id_gewaessertyp, abschnittslaenge, bewertung) VALUES (0,0,23,100,1);


/*Sohlenverbau Organisch geprägte Bäche */
INSERT INTO sohlenverbau_auswertung (id_sohlenverbau ,id_z_sohlenverbau ,id_gewaessertyp ,bewertung) VALUES (1,2,11,3);
INSERT INTO sohlenverbau_auswertung (id_sohlenverbau ,id_z_sohlenverbau ,id_gewaessertyp ,bewertung) VALUES (1,3,11,3);
INSERT INTO sohlenverbau_auswertung (id_sohlenverbau ,id_z_sohlenverbau ,id_gewaessertyp ,bewertung) VALUES (1,1,11,2);
INSERT INTO sohlenverbau_auswertung (id_sohlenverbau ,id_z_sohlenverbau ,id_gewaessertyp ,bewertung) VALUES (2,3,11,2);
INSERT INTO sohlenverbau_auswertung (id_sohlenverbau ,id_z_sohlenverbau ,id_gewaessertyp ,bewertung) VALUES (3,3,11,2);
INSERT INTO sohlenverbau_auswertung (id_sohlenverbau ,id_z_sohlenverbau ,id_gewaessertyp ,bewertung) VALUES (2,1,11,1);
INSERT INTO sohlenverbau_auswertung (id_sohlenverbau ,id_z_sohlenverbau ,id_gewaessertyp ,bewertung) VALUES (3,1,11,1);
INSERT INTO sohlenverbau_auswertung (id_sohlenverbau ,id_z_sohlenverbau ,id_gewaessertyp ,bewertung) VALUES (2,2,11,1);
INSERT INTO sohlenverbau_auswertung (id_sohlenverbau ,id_z_sohlenverbau ,id_gewaessertyp ,bewertung) VALUES (3,2,11,1);

/*Sohlenverbau Organisch geprägte Flüsse */
INSERT INTO sohlenverbau_auswertung (id_sohlenverbau ,id_z_sohlenverbau ,id_gewaessertyp ,bewertung) VALUES (1,2,12,3);
INSERT INTO sohlenverbau_auswertung (id_sohlenverbau ,id_z_sohlenverbau ,id_gewaessertyp ,bewertung) VALUES (1,3,12,3);
INSERT INTO sohlenverbau_auswertung (id_sohlenverbau ,id_z_sohlenverbau ,id_gewaessertyp ,bewertung) VALUES (1,1,12,2);
INSERT INTO sohlenverbau_auswertung (id_sohlenverbau ,id_z_sohlenverbau ,id_gewaessertyp ,bewertung) VALUES (2,3,12,2);
INSERT INTO sohlenverbau_auswertung (id_sohlenverbau ,id_z_sohlenverbau ,id_gewaessertyp ,bewertung) VALUES (3,3,12,2);
INSERT INTO sohlenverbau_auswertung (id_sohlenverbau ,id_z_sohlenverbau ,id_gewaessertyp ,bewertung) VALUES (2,1,12,1);
INSERT INTO sohlenverbau_auswertung (id_sohlenverbau ,id_z_sohlenverbau ,id_gewaessertyp ,bewertung) VALUES (3,1,12,1);
INSERT INTO sohlenverbau_auswertung (id_sohlenverbau ,id_z_sohlenverbau ,id_gewaessertyp ,bewertung) VALUES (2,2,12,1);
INSERT INTO sohlenverbau_auswertung (id_sohlenverbau ,id_z_sohlenverbau ,id_gewaessertyp ,bewertung) VALUES (3,2,12,1);

/*Sohlenverbau Sandgeprägte Tieflandbäche*/
INSERT INTO sohlenverbau_auswertung (id_sohlenverbau ,id_z_sohlenverbau ,id_gewaessertyp ,bewertung) VALUES (1,2,14,3);
INSERT INTO sohlenverbau_auswertung (id_sohlenverbau ,id_z_sohlenverbau ,id_gewaessertyp ,bewertung) VALUES (1,3,14,3);
INSERT INTO sohlenverbau_auswertung (id_sohlenverbau ,id_z_sohlenverbau ,id_gewaessertyp ,bewertung) VALUES (1,1,14,2);
INSERT INTO sohlenverbau_auswertung (id_sohlenverbau ,id_z_sohlenverbau ,id_gewaessertyp ,bewertung) VALUES (2,3,14,2);
INSERT INTO sohlenverbau_auswertung (id_sohlenverbau ,id_z_sohlenverbau ,id_gewaessertyp ,bewertung) VALUES (3,3,14,2);
INSERT INTO sohlenverbau_auswertung (id_sohlenverbau ,id_z_sohlenverbau ,id_gewaessertyp ,bewertung) VALUES (2,1,14,1);
INSERT INTO sohlenverbau_auswertung (id_sohlenverbau ,id_z_sohlenverbau ,id_gewaessertyp ,bewertung) VALUES (3,1,14,1);
INSERT INTO sohlenverbau_auswertung (id_sohlenverbau ,id_z_sohlenverbau ,id_gewaessertyp ,bewertung) VALUES (2,2,14,1);
INSERT INTO sohlenverbau_auswertung (id_sohlenverbau ,id_z_sohlenverbau ,id_gewaessertyp ,bewertung) VALUES (3,2,14,1);

/*Sohlenverbau Sand- und lehmgeprägte Flüsse*/
INSERT INTO sohlenverbau_auswertung (id_sohlenverbau ,id_z_sohlenverbau ,id_gewaessertyp ,bewertung) VALUES (1,2,15,3);
INSERT INTO sohlenverbau_auswertung (id_sohlenverbau ,id_z_sohlenverbau ,id_gewaessertyp ,bewertung) VALUES (1,3,15,3);
INSERT INTO sohlenverbau_auswertung (id_sohlenverbau ,id_z_sohlenverbau ,id_gewaessertyp ,bewertung) VALUES (1,1,15,2);
INSERT INTO sohlenverbau_auswertung (id_sohlenverbau ,id_z_sohlenverbau ,id_gewaessertyp ,bewertung) VALUES (2,3,15,2);
INSERT INTO sohlenverbau_auswertung (id_sohlenverbau ,id_z_sohlenverbau ,id_gewaessertyp ,bewertung) VALUES (3,3,15,2);
INSERT INTO sohlenverbau_auswertung (id_sohlenverbau ,id_z_sohlenverbau ,id_gewaessertyp ,bewertung) VALUES (2,1,15,1);
INSERT INTO sohlenverbau_auswertung (id_sohlenverbau ,id_z_sohlenverbau ,id_gewaessertyp ,bewertung) VALUES (3,1,15,1);
INSERT INTO sohlenverbau_auswertung (id_sohlenverbau ,id_z_sohlenverbau ,id_gewaessertyp ,bewertung) VALUES (2,2,15,1);
INSERT INTO sohlenverbau_auswertung (id_sohlenverbau ,id_z_sohlenverbau ,id_gewaessertyp ,bewertung) VALUES (3,2,15,1);

/*Sohlenverbau Kiesgeprägte Tieflandbäche*/
INSERT INTO sohlenverbau_auswertung (id_sohlenverbau ,id_z_sohlenverbau ,id_gewaessertyp ,bewertung) VALUES (1,2,16,3);
INSERT INTO sohlenverbau_auswertung (id_sohlenverbau ,id_z_sohlenverbau ,id_gewaessertyp ,bewertung) VALUES (1,3,16,3);
INSERT INTO sohlenverbau_auswertung (id_sohlenverbau ,id_z_sohlenverbau ,id_gewaessertyp ,bewertung) VALUES (1,1,16,2);
INSERT INTO sohlenverbau_auswertung (id_sohlenverbau ,id_z_sohlenverbau ,id_gewaessertyp ,bewertung) VALUES (2,3,16,2);
INSERT INTO sohlenverbau_auswertung (id_sohlenverbau ,id_z_sohlenverbau ,id_gewaessertyp ,bewertung) VALUES (3,3,16,2);
INSERT INTO sohlenverbau_auswertung (id_sohlenverbau ,id_z_sohlenverbau ,id_gewaessertyp ,bewertung) VALUES (2,1,16,1);
INSERT INTO sohlenverbau_auswertung (id_sohlenverbau ,id_z_sohlenverbau ,id_gewaessertyp ,bewertung) VALUES (3,1,16,1);
INSERT INTO sohlenverbau_auswertung (id_sohlenverbau ,id_z_sohlenverbau ,id_gewaessertyp ,bewertung) VALUES (2,2,16,1);
INSERT INTO sohlenverbau_auswertung (id_sohlenverbau ,id_z_sohlenverbau ,id_gewaessertyp ,bewertung) VALUES (3,2,16,1);

/*Sohlenverbau Kiesgeprägte Tieflandflüsse*/
INSERT INTO sohlenverbau_auswertung (id_sohlenverbau ,id_z_sohlenverbau ,id_gewaessertyp ,bewertung) VALUES (1,2,17,3);
INSERT INTO sohlenverbau_auswertung (id_sohlenverbau ,id_z_sohlenverbau ,id_gewaessertyp ,bewertung) VALUES (1,3,17,3);
INSERT INTO sohlenverbau_auswertung (id_sohlenverbau ,id_z_sohlenverbau ,id_gewaessertyp ,bewertung) VALUES (1,1,17,2);
INSERT INTO sohlenverbau_auswertung (id_sohlenverbau ,id_z_sohlenverbau ,id_gewaessertyp ,bewertung) VALUES (2,3,17,2);
INSERT INTO sohlenverbau_auswertung (id_sohlenverbau ,id_z_sohlenverbau ,id_gewaessertyp ,bewertung) VALUES (3,3,17,2);
INSERT INTO sohlenverbau_auswertung (id_sohlenverbau ,id_z_sohlenverbau ,id_gewaessertyp ,bewertung) VALUES (2,1,17,1);
INSERT INTO sohlenverbau_auswertung (id_sohlenverbau ,id_z_sohlenverbau ,id_gewaessertyp ,bewertung) VALUES (3,1,17,1);
INSERT INTO sohlenverbau_auswertung (id_sohlenverbau ,id_z_sohlenverbau ,id_gewaessertyp ,bewertung) VALUES (2,2,17,1);
INSERT INTO sohlenverbau_auswertung (id_sohlenverbau ,id_z_sohlenverbau ,id_gewaessertyp ,bewertung) VALUES (3,2,17,1);

/*Sohlenverbau Rückstau- und brackwasserbeeinflußte Fließgewässer*/
INSERT INTO sohlenverbau_auswertung (id_sohlenverbau ,id_z_sohlenverbau ,id_gewaessertyp ,bewertung) VALUES (1,2,23,3);
INSERT INTO sohlenverbau_auswertung (id_sohlenverbau ,id_z_sohlenverbau ,id_gewaessertyp ,bewertung) VALUES (1,3,23,3);
INSERT INTO sohlenverbau_auswertung (id_sohlenverbau ,id_z_sohlenverbau ,id_gewaessertyp ,bewertung) VALUES (1,1,23,2);
INSERT INTO sohlenverbau_auswertung (id_sohlenverbau ,id_z_sohlenverbau ,id_gewaessertyp ,bewertung) VALUES (2,3,23,2);
INSERT INTO sohlenverbau_auswertung (id_sohlenverbau ,id_z_sohlenverbau ,id_gewaessertyp ,bewertung) VALUES (3,3,23,2);
INSERT INTO sohlenverbau_auswertung (id_sohlenverbau ,id_z_sohlenverbau ,id_gewaessertyp ,bewertung) VALUES (2,1,23,1);
INSERT INTO sohlenverbau_auswertung (id_sohlenverbau ,id_z_sohlenverbau ,id_gewaessertyp ,bewertung) VALUES (3,1,23,1);
INSERT INTO sohlenverbau_auswertung (id_sohlenverbau ,id_z_sohlenverbau ,id_gewaessertyp ,bewertung) VALUES (2,2,23,1);
INSERT INTO sohlenverbau_auswertung (id_sohlenverbau ,id_z_sohlenverbau ,id_gewaessertyp ,bewertung) VALUES (3,2,23,1);

/* maximale Malus Werte pro Gewässertyp */
INSERT INTO belastung_sohle_max_auswertung (id_gewaessertyp, maximum) VALUES (11, -3);
INSERT INTO belastung_sohle_max_auswertung (id_gewaessertyp, maximum) VALUES (12, -3);
INSERT INTO belastung_sohle_max_auswertung (id_gewaessertyp, maximum) VALUES (14, -4);
INSERT INTO belastung_sohle_max_auswertung (id_gewaessertyp, maximum) VALUES (15, -4);
INSERT INTO belastung_sohle_max_auswertung (id_gewaessertyp, maximum) VALUES (16, -4);
INSERT INTO belastung_sohle_max_auswertung (id_gewaessertyp, maximum) VALUES (17, -4);
INSERT INTO belastung_sohle_max_auswertung (id_gewaessertyp, maximum) VALUES (23, -3);

/*Belastung Sohle Organisch geprägte Bäche */
INSERT INTO belastung_sohle_auswertung (id_belastung_sohle,id_gewaessertyp,bewertung) VALUES (1,11,-0.5);
INSERT INTO belastung_sohle_auswertung (id_belastung_sohle,id_gewaessertyp,bewertung) VALUES (2,11,-0.5);
INSERT INTO belastung_sohle_auswertung (id_belastung_sohle,id_gewaessertyp,bewertung) VALUES (3,11,-0.5);
INSERT INTO belastung_sohle_auswertung (id_belastung_sohle,id_gewaessertyp,bewertung) VALUES (4,11,-0.5);
INSERT INTO belastung_sohle_auswertung (id_belastung_sohle,id_gewaessertyp,bewertung) VALUES (5,11,-0.5);
INSERT INTO belastung_sohle_auswertung (id_belastung_sohle,id_gewaessertyp,bewertung) VALUES (6,11,-0.5);
INSERT INTO belastung_sohle_auswertung (id_belastung_sohle,id_gewaessertyp,bewertung) VALUES (7,11,0.0); /*Kein Malus für kein*/

/*Belastung Sohle Organisch geprägte Flüsse */
INSERT INTO belastung_sohle_auswertung (id_belastung_sohle,id_gewaessertyp,bewertung) VALUES (1,12,-0.5);
INSERT INTO belastung_sohle_auswertung (id_belastung_sohle,id_gewaessertyp,bewertung) VALUES (2,12,-0.5);
INSERT INTO belastung_sohle_auswertung (id_belastung_sohle,id_gewaessertyp,bewertung) VALUES (3,12,-0.5);
INSERT INTO belastung_sohle_auswertung (id_belastung_sohle,id_gewaessertyp,bewertung) VALUES (4,12,-0.5);
INSERT INTO belastung_sohle_auswertung (id_belastung_sohle,id_gewaessertyp,bewertung) VALUES (5,12,-0.5);
INSERT INTO belastung_sohle_auswertung (id_belastung_sohle,id_gewaessertyp,bewertung) VALUES (6,12,-0.5);
INSERT INTO belastung_sohle_auswertung (id_belastung_sohle,id_gewaessertyp,bewertung) VALUES (7,12,0.0); /*Kein Malus für kein*/

/*Belastung Sohle Sandgeprägte Tieflandbäche*/
INSERT INTO belastung_sohle_auswertung (id_belastung_sohle,id_gewaessertyp,bewertung) VALUES (1,14,-0.5);
INSERT INTO belastung_sohle_auswertung (id_belastung_sohle,id_gewaessertyp,bewertung) VALUES (2,14,-0.5);
INSERT INTO belastung_sohle_auswertung (id_belastung_sohle,id_gewaessertyp,bewertung) VALUES (3,14,-0.5);
INSERT INTO belastung_sohle_auswertung (id_belastung_sohle,id_gewaessertyp,bewertung) VALUES (4,14,-0.5);
INSERT INTO belastung_sohle_auswertung (id_belastung_sohle,id_gewaessertyp,bewertung) VALUES (5,14,-0.5);
INSERT INTO belastung_sohle_auswertung (id_belastung_sohle,id_gewaessertyp,bewertung) VALUES (6,14,-0.5);
INSERT INTO belastung_sohle_auswertung (id_belastung_sohle,id_gewaessertyp,bewertung) VALUES (7,14,0.0); /*Kein Malus für kein*/

/*Belastung Sohle Sand- und lehmgeprägte Flüsse*/
INSERT INTO belastung_sohle_auswertung (id_belastung_sohle,id_gewaessertyp,bewertung) VALUES (1,15,-0.5);
INSERT INTO belastung_sohle_auswertung (id_belastung_sohle,id_gewaessertyp,bewertung) VALUES (2,15,-0.5);
INSERT INTO belastung_sohle_auswertung (id_belastung_sohle,id_gewaessertyp,bewertung) VALUES (3,15,-0.5);
INSERT INTO belastung_sohle_auswertung (id_belastung_sohle,id_gewaessertyp,bewertung) VALUES (4,15,-0.5);
INSERT INTO belastung_sohle_auswertung (id_belastung_sohle,id_gewaessertyp,bewertung) VALUES (5,15,-0.5);
INSERT INTO belastung_sohle_auswertung (id_belastung_sohle,id_gewaessertyp,bewertung) VALUES (6,15,-0.5);
INSERT INTO belastung_sohle_auswertung (id_belastung_sohle,id_gewaessertyp,bewertung) VALUES (7,15,0.0); /*Kein Malus für kein*/

/*Belastung Sohle Kiesgeprägte Tieflandbäche*/
INSERT INTO belastung_sohle_auswertung (id_belastung_sohle,id_gewaessertyp,bewertung) VALUES (1,16,-0.5);
INSERT INTO belastung_sohle_auswertung (id_belastung_sohle,id_gewaessertyp,bewertung) VALUES (2,16,-0.5);
INSERT INTO belastung_sohle_auswertung (id_belastung_sohle,id_gewaessertyp,bewertung) VALUES (3,16,-0.5);
INSERT INTO belastung_sohle_auswertung (id_belastung_sohle,id_gewaessertyp,bewertung) VALUES (4,16,-0.5);
INSERT INTO belastung_sohle_auswertung (id_belastung_sohle,id_gewaessertyp,bewertung) VALUES (5,16,-0.5);
INSERT INTO belastung_sohle_auswertung (id_belastung_sohle,id_gewaessertyp,bewertung) VALUES (6,16,-0.5);
INSERT INTO belastung_sohle_auswertung (id_belastung_sohle,id_gewaessertyp,bewertung) VALUES (7,16,0.0); /*Kein Malus für kein*/

/*Belastung Sohle Kiesgeprägte Tieflandflüsse*/
INSERT INTO belastung_sohle_auswertung (id_belastung_sohle,id_gewaessertyp,bewertung) VALUES (1,17,-0.5);
INSERT INTO belastung_sohle_auswertung (id_belastung_sohle,id_gewaessertyp,bewertung) VALUES (2,17,-0.5);
INSERT INTO belastung_sohle_auswertung (id_belastung_sohle,id_gewaessertyp,bewertung) VALUES (3,17,-0.5);
INSERT INTO belastung_sohle_auswertung (id_belastung_sohle,id_gewaessertyp,bewertung) VALUES (4,17,-0.5);
INSERT INTO belastung_sohle_auswertung (id_belastung_sohle,id_gewaessertyp,bewertung) VALUES (5,17,-0.5);
INSERT INTO belastung_sohle_auswertung (id_belastung_sohle,id_gewaessertyp,bewertung) VALUES (6,17,-0.5);
INSERT INTO belastung_sohle_auswertung (id_belastung_sohle,id_gewaessertyp,bewertung) VALUES (7,17,0.0); /*Kein Malus für kein*/

/*Belastung Sohle Rückstau- und brackwasserbeeinflußte Fließgewässer*/
INSERT INTO belastung_sohle_auswertung (id_belastung_sohle,id_gewaessertyp,bewertung) VALUES (1,23,-0.5);
INSERT INTO belastung_sohle_auswertung (id_belastung_sohle,id_gewaessertyp,bewertung) VALUES (2,23,-0.5);
INSERT INTO belastung_sohle_auswertung (id_belastung_sohle,id_gewaessertyp,bewertung) VALUES (3,23,-0.5);
INSERT INTO belastung_sohle_auswertung (id_belastung_sohle,id_gewaessertyp,bewertung) VALUES (4,23,-0.5);
INSERT INTO belastung_sohle_auswertung (id_belastung_sohle,id_gewaessertyp,bewertung) VALUES (5,23,-0.5);
INSERT INTO belastung_sohle_auswertung (id_belastung_sohle,id_gewaessertyp,bewertung) VALUES (6,23,-0.5);
INSERT INTO belastung_sohle_auswertung (id_belastung_sohle,id_gewaessertyp,bewertung) VALUES (7,23,0.0); /*Kein Malus für kein*/

/*Anfang Unterabschnitt Substratdiversität*/

/*Ende Unterabschnitt Substratdiversität*/
/*Anzahl natürlicher Substrate Organisch geprägte Bäche */
INSERT INTO natuerliche_substrate_auswertung (anz_natuerliche_substrate_von,anz_natuerliche_substrate_bis,id_gewaessertyp,id_gewaessersubtyp,bewertung) VALUES (5,20000,11,'*',5);
INSERT INTO natuerliche_substrate_auswertung (anz_natuerliche_substrate_von,anz_natuerliche_substrate_bis,id_gewaessertyp,id_gewaessersubtyp,bewertung) VALUES (4,4,11,'*',4);
INSERT INTO natuerliche_substrate_auswertung (anz_natuerliche_substrate_von,anz_natuerliche_substrate_bis,id_gewaessertyp,id_gewaessersubtyp,bewertung) VALUES (3,3,11,'*',3);
INSERT INTO natuerliche_substrate_auswertung (anz_natuerliche_substrate_von,anz_natuerliche_substrate_bis,id_gewaessertyp,id_gewaessersubtyp,bewertung) VALUES (2,2,11,'*',2);
INSERT INTO natuerliche_substrate_auswertung (anz_natuerliche_substrate_von,anz_natuerliche_substrate_bis,id_gewaessertyp,id_gewaessersubtyp,bewertung) VALUES (0,1,11,'*',1);

/*Anzahl natürlicher Substrate Organisch geprägte Flüsse */
INSERT INTO natuerliche_substrate_auswertung (anz_natuerliche_substrate_von,anz_natuerliche_substrate_bis,id_gewaessertyp,id_gewaessersubtyp,bewertung) VALUES (5,20000,12,'*',5);
INSERT INTO natuerliche_substrate_auswertung (anz_natuerliche_substrate_von,anz_natuerliche_substrate_bis,id_gewaessertyp,id_gewaessersubtyp,bewertung) VALUES (4,4,12,'*',4);
INSERT INTO natuerliche_substrate_auswertung (anz_natuerliche_substrate_von,anz_natuerliche_substrate_bis,id_gewaessertyp,id_gewaessersubtyp,bewertung) VALUES (3,3,12,'*',3);
INSERT INTO natuerliche_substrate_auswertung (anz_natuerliche_substrate_von,anz_natuerliche_substrate_bis,id_gewaessertyp,id_gewaessersubtyp,bewertung) VALUES (2,2,12,'*',2);
INSERT INTO natuerliche_substrate_auswertung (anz_natuerliche_substrate_von,anz_natuerliche_substrate_bis,id_gewaessertyp,id_gewaessersubtyp,bewertung) VALUES (0,1,12,'*',1);

/*Anzahl natürlicher Substrate Sandgeprägte Tieflandbäche*/
INSERT INTO natuerliche_substrate_auswertung (anz_natuerliche_substrate_von,anz_natuerliche_substrate_bis,id_gewaessertyp,id_gewaessersubtyp,bewertung) VALUES (5,20000,14,'S',5);
INSERT INTO natuerliche_substrate_auswertung (anz_natuerliche_substrate_von,anz_natuerliche_substrate_bis,id_gewaessertyp,id_gewaessersubtyp,bewertung) VALUES (4,4,14,'S',4);
INSERT INTO natuerliche_substrate_auswertung (anz_natuerliche_substrate_von,anz_natuerliche_substrate_bis,id_gewaessertyp,id_gewaessersubtyp,bewertung) VALUES (3,3,14,'S',3);
INSERT INTO natuerliche_substrate_auswertung (anz_natuerliche_substrate_von,anz_natuerliche_substrate_bis,id_gewaessertyp,id_gewaessersubtyp,bewertung) VALUES (2,2,14,'S',2);
INSERT INTO natuerliche_substrate_auswertung (anz_natuerliche_substrate_von,anz_natuerliche_substrate_bis,id_gewaessertyp,id_gewaessersubtyp,bewertung) VALUES (0,1,14,'S',1);
INSERT INTO natuerliche_substrate_auswertung (anz_natuerliche_substrate_von,anz_natuerliche_substrate_bis,id_gewaessertyp,id_gewaessersubtyp,bewertung) VALUES (7,20000,14,'M',5);
INSERT INTO natuerliche_substrate_auswertung (anz_natuerliche_substrate_von,anz_natuerliche_substrate_bis,id_gewaessertyp,id_gewaessersubtyp,bewertung) VALUES (6,6,14,'M',4);
INSERT INTO natuerliche_substrate_auswertung (anz_natuerliche_substrate_von,anz_natuerliche_substrate_bis,id_gewaessertyp,id_gewaessersubtyp,bewertung) VALUES (5,5,14,'M',3);
INSERT INTO natuerliche_substrate_auswertung (anz_natuerliche_substrate_von,anz_natuerliche_substrate_bis,id_gewaessertyp,id_gewaessersubtyp,bewertung) VALUES (4,4,14,'M',2);
INSERT INTO natuerliche_substrate_auswertung (anz_natuerliche_substrate_von,anz_natuerliche_substrate_bis,id_gewaessertyp,id_gewaessersubtyp,bewertung) VALUES (0,3,14,'M',1);

/*Anzahl natürlicher Substrate Sand- und lehmgeprägte Flüsse*/
INSERT INTO natuerliche_substrate_auswertung (anz_natuerliche_substrate_von,anz_natuerliche_substrate_bis,id_gewaessertyp,id_gewaessersubtyp,bewertung) VALUES (5,20000,15,'S',5);
INSERT INTO natuerliche_substrate_auswertung (anz_natuerliche_substrate_von,anz_natuerliche_substrate_bis,id_gewaessertyp,id_gewaessersubtyp,bewertung) VALUES (4,4,15,'S',4);
INSERT INTO natuerliche_substrate_auswertung (anz_natuerliche_substrate_von,anz_natuerliche_substrate_bis,id_gewaessertyp,id_gewaessersubtyp,bewertung) VALUES (3,3,15,'S',3);
INSERT INTO natuerliche_substrate_auswertung (anz_natuerliche_substrate_von,anz_natuerliche_substrate_bis,id_gewaessertyp,id_gewaessersubtyp,bewertung) VALUES (2,2,15,'S',2);
INSERT INTO natuerliche_substrate_auswertung (anz_natuerliche_substrate_von,anz_natuerliche_substrate_bis,id_gewaessertyp,id_gewaessersubtyp,bewertung) VALUES (0,1,15,'S',1);
INSERT INTO natuerliche_substrate_auswertung (anz_natuerliche_substrate_von,anz_natuerliche_substrate_bis,id_gewaessertyp,id_gewaessersubtyp,bewertung) VALUES (7,20000,15,'M',5);
INSERT INTO natuerliche_substrate_auswertung (anz_natuerliche_substrate_von,anz_natuerliche_substrate_bis,id_gewaessertyp,id_gewaessersubtyp,bewertung) VALUES (6,6,15,'M',4);
INSERT INTO natuerliche_substrate_auswertung (anz_natuerliche_substrate_von,anz_natuerliche_substrate_bis,id_gewaessertyp,id_gewaessersubtyp,bewertung) VALUES (5,5,15,'M',3);
INSERT INTO natuerliche_substrate_auswertung (anz_natuerliche_substrate_von,anz_natuerliche_substrate_bis,id_gewaessertyp,id_gewaessersubtyp,bewertung) VALUES (4,4,15,'M',2);
INSERT INTO natuerliche_substrate_auswertung (anz_natuerliche_substrate_von,anz_natuerliche_substrate_bis,id_gewaessertyp,id_gewaessersubtyp,bewertung) VALUES (0,3,15,'M',1);

/*Anzahl natürlicher Substrate Kiesgeprägte Tieflandbäche*/
INSERT INTO natuerliche_substrate_auswertung (anz_natuerliche_substrate_von,anz_natuerliche_substrate_bis,id_gewaessertyp,id_gewaessersubtyp,bewertung) VALUES (7,20000,16,'*',5);
INSERT INTO natuerliche_substrate_auswertung (anz_natuerliche_substrate_von,anz_natuerliche_substrate_bis,id_gewaessertyp,id_gewaessersubtyp,bewertung) VALUES (5,6,16,'*',4);
INSERT INTO natuerliche_substrate_auswertung (anz_natuerliche_substrate_von,anz_natuerliche_substrate_bis,id_gewaessertyp,id_gewaessersubtyp,bewertung) VALUES (4,4,16,'*',3);
INSERT INTO natuerliche_substrate_auswertung (anz_natuerliche_substrate_von,anz_natuerliche_substrate_bis,id_gewaessertyp,id_gewaessersubtyp,bewertung) VALUES (3,3,16,'*',2);
INSERT INTO natuerliche_substrate_auswertung (anz_natuerliche_substrate_von,anz_natuerliche_substrate_bis,id_gewaessertyp,id_gewaessersubtyp,bewertung) VALUES (0,2,16,'*',1);

/*Anzahl natürlicher Substrate Kiesgeprägte Tieflandflüsse*/
INSERT INTO natuerliche_substrate_auswertung (anz_natuerliche_substrate_von,anz_natuerliche_substrate_bis,id_gewaessertyp,id_gewaessersubtyp,bewertung) VALUES (7,20000,17,'*',5);
INSERT INTO natuerliche_substrate_auswertung (anz_natuerliche_substrate_von,anz_natuerliche_substrate_bis,id_gewaessertyp,id_gewaessersubtyp,bewertung) VALUES (5,6,17,'*',4);
INSERT INTO natuerliche_substrate_auswertung (anz_natuerliche_substrate_von,anz_natuerliche_substrate_bis,id_gewaessertyp,id_gewaessersubtyp,bewertung) VALUES (4,4,17,'*',3);
INSERT INTO natuerliche_substrate_auswertung (anz_natuerliche_substrate_von,anz_natuerliche_substrate_bis,id_gewaessertyp,id_gewaessersubtyp,bewertung) VALUES (3,3,17,'*',2);
INSERT INTO natuerliche_substrate_auswertung (anz_natuerliche_substrate_von,anz_natuerliche_substrate_bis,id_gewaessertyp,id_gewaessersubtyp,bewertung) VALUES (0,2,17,'*',1);

/*Anzahl natürlicher Substrate Rückstau- und brackwasserbeeinflußte Fließgewässer wird nicht bewertet*/

/*Schlamm / künstliche Substrate Organisch geprägte Bäche */
INSERT INTO prozent_kuenstliche_substrate_auswertung (pro_kuenstliche_substrate_von,pro_kuenstliche_substrate_bis,id_gewaessertyp,id_gewaessersubtyp,bewertung) VALUES (0,9,11,'*',5);
INSERT INTO prozent_kuenstliche_substrate_auswertung (pro_kuenstliche_substrate_von,pro_kuenstliche_substrate_bis,id_gewaessertyp,id_gewaessersubtyp,bewertung) VALUES (10,20,11,'*',4);
INSERT INTO prozent_kuenstliche_substrate_auswertung (pro_kuenstliche_substrate_von,pro_kuenstliche_substrate_bis,id_gewaessertyp,id_gewaessersubtyp,bewertung) VALUES (21,30,11,'*',3);
INSERT INTO prozent_kuenstliche_substrate_auswertung (pro_kuenstliche_substrate_von,pro_kuenstliche_substrate_bis,id_gewaessertyp,id_gewaessersubtyp,bewertung) VALUES (31,50,11,'*',2);
INSERT INTO prozent_kuenstliche_substrate_auswertung (pro_kuenstliche_substrate_von,pro_kuenstliche_substrate_bis,id_gewaessertyp,id_gewaessersubtyp,bewertung) VALUES (51,100,11,'*',1);

/*Schlamm / künstliche Substrate Organisch geprägte Flüsse */
INSERT INTO prozent_kuenstliche_substrate_auswertung (pro_kuenstliche_substrate_von,pro_kuenstliche_substrate_bis,id_gewaessertyp,id_gewaessersubtyp,bewertung) VALUES (0,9,12,'*',5);
INSERT INTO prozent_kuenstliche_substrate_auswertung (pro_kuenstliche_substrate_von,pro_kuenstliche_substrate_bis,id_gewaessertyp,id_gewaessersubtyp,bewertung) VALUES (10,20,12,'*',4);
INSERT INTO prozent_kuenstliche_substrate_auswertung (pro_kuenstliche_substrate_von,pro_kuenstliche_substrate_bis,id_gewaessertyp,id_gewaessersubtyp,bewertung) VALUES (21,30,12,'*',3);
INSERT INTO prozent_kuenstliche_substrate_auswertung (pro_kuenstliche_substrate_von,pro_kuenstliche_substrate_bis,id_gewaessertyp,id_gewaessersubtyp,bewertung) VALUES (31,50,12,'*',2);
INSERT INTO prozent_kuenstliche_substrate_auswertung (pro_kuenstliche_substrate_von,pro_kuenstliche_substrate_bis,id_gewaessertyp,id_gewaessersubtyp,bewertung) VALUES (51,100,12,'*',1);

/*Schlamm / künstliche Substrate Sandgeprägte Tieflandbäche*/
INSERT INTO prozent_kuenstliche_substrate_auswertung (pro_kuenstliche_substrate_von,pro_kuenstliche_substrate_bis,id_gewaessertyp,id_gewaessersubtyp,bewertung) VALUES (0,9,14,'S',5);
INSERT INTO prozent_kuenstliche_substrate_auswertung (pro_kuenstliche_substrate_von,pro_kuenstliche_substrate_bis,id_gewaessertyp,id_gewaessersubtyp,bewertung) VALUES (10,20,14,'S',4);
INSERT INTO prozent_kuenstliche_substrate_auswertung (pro_kuenstliche_substrate_von,pro_kuenstliche_substrate_bis,id_gewaessertyp,id_gewaessersubtyp,bewertung) VALUES (21,30,14,'S',3);
INSERT INTO prozent_kuenstliche_substrate_auswertung (pro_kuenstliche_substrate_von,pro_kuenstliche_substrate_bis,id_gewaessertyp,id_gewaessersubtyp,bewertung) VALUES (31,50,14,'S',2);
INSERT INTO prozent_kuenstliche_substrate_auswertung (pro_kuenstliche_substrate_von,pro_kuenstliche_substrate_bis,id_gewaessertyp,id_gewaessersubtyp,bewertung) VALUES (51,100,14,'S',1);
INSERT INTO prozent_kuenstliche_substrate_auswertung (pro_kuenstliche_substrate_von,pro_kuenstliche_substrate_bis,id_gewaessertyp,id_gewaessersubtyp,bewertung) VALUES (0,4,14,'M',5);
INSERT INTO prozent_kuenstliche_substrate_auswertung (pro_kuenstliche_substrate_von,pro_kuenstliche_substrate_bis,id_gewaessertyp,id_gewaessersubtyp,bewertung) VALUES (5,10,14,'M',4);
INSERT INTO prozent_kuenstliche_substrate_auswertung (pro_kuenstliche_substrate_von,pro_kuenstliche_substrate_bis,id_gewaessertyp,id_gewaessersubtyp,bewertung) VALUES (11,20,14,'M',3);
INSERT INTO prozent_kuenstliche_substrate_auswertung (pro_kuenstliche_substrate_von,pro_kuenstliche_substrate_bis,id_gewaessertyp,id_gewaessersubtyp,bewertung) VALUES (21,30,14,'M',2);
INSERT INTO prozent_kuenstliche_substrate_auswertung (pro_kuenstliche_substrate_von,pro_kuenstliche_substrate_bis,id_gewaessertyp,id_gewaessersubtyp,bewertung) VALUES (31,100,14,'M',1);

/*Schlamm / künstliche Substrate Sand- und lehmgeprägte Flüsse*/
INSERT INTO prozent_kuenstliche_substrate_auswertung (pro_kuenstliche_substrate_von,pro_kuenstliche_substrate_bis,id_gewaessertyp,id_gewaessersubtyp,bewertung) VALUES (0,9,15,'S',5);
INSERT INTO prozent_kuenstliche_substrate_auswertung (pro_kuenstliche_substrate_von,pro_kuenstliche_substrate_bis,id_gewaessertyp,id_gewaessersubtyp,bewertung) VALUES (10,20,15,'S',4);
INSERT INTO prozent_kuenstliche_substrate_auswertung (pro_kuenstliche_substrate_von,pro_kuenstliche_substrate_bis,id_gewaessertyp,id_gewaessersubtyp,bewertung) VALUES (21,30,15,'S',3);
INSERT INTO prozent_kuenstliche_substrate_auswertung (pro_kuenstliche_substrate_von,pro_kuenstliche_substrate_bis,id_gewaessertyp,id_gewaessersubtyp,bewertung) VALUES (31,50,15,'S',2);
INSERT INTO prozent_kuenstliche_substrate_auswertung (pro_kuenstliche_substrate_von,pro_kuenstliche_substrate_bis,id_gewaessertyp,id_gewaessersubtyp,bewertung) VALUES (51,100,15,'S',1);
INSERT INTO prozent_kuenstliche_substrate_auswertung (pro_kuenstliche_substrate_von,pro_kuenstliche_substrate_bis,id_gewaessertyp,id_gewaessersubtyp,bewertung) VALUES (0,4,15,'M',5);
INSERT INTO prozent_kuenstliche_substrate_auswertung (pro_kuenstliche_substrate_von,pro_kuenstliche_substrate_bis,id_gewaessertyp,id_gewaessersubtyp,bewertung) VALUES (5,10,15,'M',4);
INSERT INTO prozent_kuenstliche_substrate_auswertung (pro_kuenstliche_substrate_von,pro_kuenstliche_substrate_bis,id_gewaessertyp,id_gewaessersubtyp,bewertung) VALUES (11,20,15,'M',3);
INSERT INTO prozent_kuenstliche_substrate_auswertung (pro_kuenstliche_substrate_von,pro_kuenstliche_substrate_bis,id_gewaessertyp,id_gewaessersubtyp,bewertung) VALUES (21,30,15,'M',2);
INSERT INTO prozent_kuenstliche_substrate_auswertung (pro_kuenstliche_substrate_von,pro_kuenstliche_substrate_bis,id_gewaessertyp,id_gewaessersubtyp,bewertung) VALUES (31,100,15,'M',1);

/*Schlamm / künstliche Substrate Kiesgeprägte Tieflandbäche*/
INSERT INTO prozent_kuenstliche_substrate_auswertung (pro_kuenstliche_substrate_von,pro_kuenstliche_substrate_bis,id_gewaessertyp,id_gewaessersubtyp,bewertung) VALUES (0,5,16,'*',5);
INSERT INTO prozent_kuenstliche_substrate_auswertung (pro_kuenstliche_substrate_von,pro_kuenstliche_substrate_bis,id_gewaessertyp,id_gewaessersubtyp,bewertung) VALUES (6,10,16,'*',4);
INSERT INTO prozent_kuenstliche_substrate_auswertung (pro_kuenstliche_substrate_von,pro_kuenstliche_substrate_bis,id_gewaessertyp,id_gewaessersubtyp,bewertung) VALUES (11,15,16,'*',3);
INSERT INTO prozent_kuenstliche_substrate_auswertung (pro_kuenstliche_substrate_von,pro_kuenstliche_substrate_bis,id_gewaessertyp,id_gewaessersubtyp,bewertung) VALUES (16,20,16,'*',2);
INSERT INTO prozent_kuenstliche_substrate_auswertung (pro_kuenstliche_substrate_von,pro_kuenstliche_substrate_bis,id_gewaessertyp,id_gewaessersubtyp,bewertung) VALUES (21,100,16,'*',1);

/*Schlamm / künstliche Substrate Kiesgeprägte Tieflandflüsse*/
INSERT INTO prozent_kuenstliche_substrate_auswertung (pro_kuenstliche_substrate_von,pro_kuenstliche_substrate_bis,id_gewaessertyp,id_gewaessersubtyp,bewertung) VALUES (0,5,17,'*',5);
INSERT INTO prozent_kuenstliche_substrate_auswertung (pro_kuenstliche_substrate_von,pro_kuenstliche_substrate_bis,id_gewaessertyp,id_gewaessersubtyp,bewertung) VALUES (6,10,17,'*',4);
INSERT INTO prozent_kuenstliche_substrate_auswertung (pro_kuenstliche_substrate_von,pro_kuenstliche_substrate_bis,id_gewaessertyp,id_gewaessersubtyp,bewertung) VALUES (11,15,17,'*',3);
INSERT INTO prozent_kuenstliche_substrate_auswertung (pro_kuenstliche_substrate_von,pro_kuenstliche_substrate_bis,id_gewaessertyp,id_gewaessersubtyp,bewertung) VALUES (16,20,17,'*',2);
INSERT INTO prozent_kuenstliche_substrate_auswertung (pro_kuenstliche_substrate_von,pro_kuenstliche_substrate_bis,id_gewaessertyp,id_gewaessersubtyp,bewertung) VALUES (21,100,17,'*',1);

/*Schlamm / künstliche Substrate Rückstau- und brackwasserbeeinflußte Fließgewässer werden nicht bewertet*/

/*Organische Hartsubstrate Organisch geprägte Bäche */
INSERT INTO prozent_organische_hartsubstrate_auswertung (pro_organische_hartsubstrate_von,pro_organische_hartsubstrate_bis,id_gewaessertyp,id_gewaessersubtyp,bewertung) VALUES (11,100,11,'*',5);
INSERT INTO prozent_organische_hartsubstrate_auswertung (pro_organische_hartsubstrate_von,pro_organische_hartsubstrate_bis,id_gewaessertyp,id_gewaessersubtyp,bewertung) VALUES (5,10,11,'*',4);
INSERT INTO prozent_organische_hartsubstrate_auswertung (pro_organische_hartsubstrate_von,pro_organische_hartsubstrate_bis,id_gewaessertyp,id_gewaessersubtyp,bewertung) VALUES (2,4,11,'*',3);
INSERT INTO prozent_organische_hartsubstrate_auswertung (pro_organische_hartsubstrate_von,pro_organische_hartsubstrate_bis,id_gewaessertyp,id_gewaessersubtyp,bewertung) VALUES (0,1,11,'*',2);

/*Organische Hartsubstrate Organisch geprägte Flüsse */
INSERT INTO prozent_organische_hartsubstrate_auswertung (pro_organische_hartsubstrate_von,pro_organische_hartsubstrate_bis,id_gewaessertyp,id_gewaessersubtyp,bewertung) VALUES (11,100,12,'*',5);
INSERT INTO prozent_organische_hartsubstrate_auswertung (pro_organische_hartsubstrate_von,pro_organische_hartsubstrate_bis,id_gewaessertyp,id_gewaessersubtyp,bewertung) VALUES (5,10,12,'*',4);
INSERT INTO prozent_organische_hartsubstrate_auswertung (pro_organische_hartsubstrate_von,pro_organische_hartsubstrate_bis,id_gewaessertyp,id_gewaessersubtyp,bewertung) VALUES (2,4,12,'*',3);
INSERT INTO prozent_organische_hartsubstrate_auswertung (pro_organische_hartsubstrate_von,pro_organische_hartsubstrate_bis,id_gewaessertyp,id_gewaessersubtyp,bewertung) VALUES (0,1,12,'*',2);

/*Organische Hartsubstrate Sandgeprägte Tieflandbäche*/
INSERT INTO prozent_organische_hartsubstrate_auswertung (pro_organische_hartsubstrate_von,pro_organische_hartsubstrate_bis,id_gewaessertyp,id_gewaessersubtyp,bewertung) VALUES (16,100,14,'S',5);
INSERT INTO prozent_organische_hartsubstrate_auswertung (pro_organische_hartsubstrate_von,pro_organische_hartsubstrate_bis,id_gewaessertyp,id_gewaessersubtyp,bewertung) VALUES (10,15,14,'S',4);
INSERT INTO prozent_organische_hartsubstrate_auswertung (pro_organische_hartsubstrate_von,pro_organische_hartsubstrate_bis,id_gewaessertyp,id_gewaessersubtyp,bewertung) VALUES (5,9,14,'S',3);
INSERT INTO prozent_organische_hartsubstrate_auswertung (pro_organische_hartsubstrate_von,pro_organische_hartsubstrate_bis,id_gewaessertyp,id_gewaessersubtyp,bewertung) VALUES (2,4,14,'S',2);
INSERT INTO prozent_organische_hartsubstrate_auswertung (pro_organische_hartsubstrate_von,pro_organische_hartsubstrate_bis,id_gewaessertyp,id_gewaessersubtyp,bewertung) VALUES (1,1,14,'S',1);
INSERT INTO prozent_organische_hartsubstrate_auswertung (pro_organische_hartsubstrate_von,pro_organische_hartsubstrate_bis,id_gewaessertyp,id_gewaessersubtyp,bewertung) VALUES (16,100,14,'M',5);
INSERT INTO prozent_organische_hartsubstrate_auswertung (pro_organische_hartsubstrate_von,pro_organische_hartsubstrate_bis,id_gewaessertyp,id_gewaessersubtyp,bewertung) VALUES (10,15,14,'M',4);
INSERT INTO prozent_organische_hartsubstrate_auswertung (pro_organische_hartsubstrate_von,pro_organische_hartsubstrate_bis,id_gewaessertyp,id_gewaessersubtyp,bewertung) VALUES (5,9,14,'M',3);
INSERT INTO prozent_organische_hartsubstrate_auswertung (pro_organische_hartsubstrate_von,pro_organische_hartsubstrate_bis,id_gewaessertyp,id_gewaessersubtyp,bewertung) VALUES (2,4,14,'M',2);
INSERT INTO prozent_organische_hartsubstrate_auswertung (pro_organische_hartsubstrate_von,pro_organische_hartsubstrate_bis,id_gewaessertyp,id_gewaessersubtyp,bewertung) VALUES (0,1,14,'M',1);

/*Organische Hartsubstrate Sand- und lehmgeprägte Flüsse*/
INSERT INTO prozent_organische_hartsubstrate_auswertung (pro_organische_hartsubstrate_von,pro_organische_hartsubstrate_bis,id_gewaessertyp,id_gewaessersubtyp,bewertung) VALUES (16,100,15,'S',5);
INSERT INTO prozent_organische_hartsubstrate_auswertung (pro_organische_hartsubstrate_von,pro_organische_hartsubstrate_bis,id_gewaessertyp,id_gewaessersubtyp,bewertung) VALUES (10,15,15,'S',4);
INSERT INTO prozent_organische_hartsubstrate_auswertung (pro_organische_hartsubstrate_von,pro_organische_hartsubstrate_bis,id_gewaessertyp,id_gewaessersubtyp,bewertung) VALUES (5,9,15,'S',3);
INSERT INTO prozent_organische_hartsubstrate_auswertung (pro_organische_hartsubstrate_von,pro_organische_hartsubstrate_bis,id_gewaessertyp,id_gewaessersubtyp,bewertung) VALUES (2,4,15,'S',2);
INSERT INTO prozent_organische_hartsubstrate_auswertung (pro_organische_hartsubstrate_von,pro_organische_hartsubstrate_bis,id_gewaessertyp,id_gewaessersubtyp,bewertung) VALUES (1,1,15,'S',1);
INSERT INTO prozent_organische_hartsubstrate_auswertung (pro_organische_hartsubstrate_von,pro_organische_hartsubstrate_bis,id_gewaessertyp,id_gewaessersubtyp,bewertung) VALUES (16,100,15,'M',5);
INSERT INTO prozent_organische_hartsubstrate_auswertung (pro_organische_hartsubstrate_von,pro_organische_hartsubstrate_bis,id_gewaessertyp,id_gewaessersubtyp,bewertung) VALUES (10,15,15,'M',4);
INSERT INTO prozent_organische_hartsubstrate_auswertung (pro_organische_hartsubstrate_von,pro_organische_hartsubstrate_bis,id_gewaessertyp,id_gewaessersubtyp,bewertung) VALUES (5,9,15,'M',3);
INSERT INTO prozent_organische_hartsubstrate_auswertung (pro_organische_hartsubstrate_von,pro_organische_hartsubstrate_bis,id_gewaessertyp,id_gewaessersubtyp,bewertung) VALUES (2,4,15,'M',2);
INSERT INTO prozent_organische_hartsubstrate_auswertung (pro_organische_hartsubstrate_von,pro_organische_hartsubstrate_bis,id_gewaessertyp,id_gewaessersubtyp,bewertung) VALUES (0,1,15,'M',1);

/*Organische Hartsubstrate Kiesgeprägte Tieflandbäche*/
INSERT INTO prozent_organische_hartsubstrate_auswertung (pro_organische_hartsubstrate_von,pro_organische_hartsubstrate_bis,id_gewaessertyp,id_gewaessersubtyp,bewertung) VALUES (15,100,16,'*',5);
INSERT INTO prozent_organische_hartsubstrate_auswertung (pro_organische_hartsubstrate_von,pro_organische_hartsubstrate_bis,id_gewaessertyp,id_gewaessersubtyp,bewertung) VALUES (10,14,16,'*',4);
INSERT INTO prozent_organische_hartsubstrate_auswertung (pro_organische_hartsubstrate_von,pro_organische_hartsubstrate_bis,id_gewaessertyp,id_gewaessersubtyp,bewertung) VALUES (5,9,16,'*',3);
INSERT INTO prozent_organische_hartsubstrate_auswertung (pro_organische_hartsubstrate_von,pro_organische_hartsubstrate_bis,id_gewaessertyp,id_gewaessersubtyp,bewertung) VALUES (2,4,16,'*',2);
INSERT INTO prozent_organische_hartsubstrate_auswertung (pro_organische_hartsubstrate_von,pro_organische_hartsubstrate_bis,id_gewaessertyp,id_gewaessersubtyp,bewertung) VALUES (0,1,16,'*',1);

/*Organische Hartsubstrate Kiesgeprägte Tieflandflüsse*/
INSERT INTO prozent_organische_hartsubstrate_auswertung (pro_organische_hartsubstrate_von,pro_organische_hartsubstrate_bis,id_gewaessertyp,id_gewaessersubtyp,bewertung) VALUES (15,100,17,'*',5);
INSERT INTO prozent_organische_hartsubstrate_auswertung (pro_organische_hartsubstrate_von,pro_organische_hartsubstrate_bis,id_gewaessertyp,id_gewaessersubtyp,bewertung) VALUES (10,14,17,'*',4);
INSERT INTO prozent_organische_hartsubstrate_auswertung (pro_organische_hartsubstrate_von,pro_organische_hartsubstrate_bis,id_gewaessertyp,id_gewaessersubtyp,bewertung) VALUES (5,9,17,'*',3);
INSERT INTO prozent_organische_hartsubstrate_auswertung (pro_organische_hartsubstrate_von,pro_organische_hartsubstrate_bis,id_gewaessertyp,id_gewaessersubtyp,bewertung) VALUES (2,4,17,'*',2);
INSERT INTO prozent_organische_hartsubstrate_auswertung (pro_organische_hartsubstrate_von,pro_organische_hartsubstrate_bis,id_gewaessertyp,id_gewaessersubtyp,bewertung) VALUES (0,1,17,'*',1);

/*Organische Hartsubstrate Rückstau- und brackwasserbeeinflußte Fließgewässer wird nicht bewertet.*/
/*Ende Abschnitt Sohlenstruktur*/

/*Anfang Abschnitt Uferstruktur*/

/*Anzahl besonderer Uferstrukturen links rechts Organisch geprägte Bäche */
INSERT INTO uferstrukturen_auswertung (anz_uferstrukturen_von,anz_uferstrukturen_bis, id_gewaessertyp, abschnittslaenge, bewertung) VALUES (6,20000,11,100,5);
INSERT INTO uferstrukturen_auswertung (anz_uferstrukturen_von,anz_uferstrukturen_bis, id_gewaessertyp, abschnittslaenge, bewertung) VALUES (3,5,11,100,4);
INSERT INTO uferstrukturen_auswertung (anz_uferstrukturen_von,anz_uferstrukturen_bis, id_gewaessertyp, abschnittslaenge, bewertung) VALUES (2,2,11,100,3);
INSERT INTO uferstrukturen_auswertung (anz_uferstrukturen_von,anz_uferstrukturen_bis, id_gewaessertyp, abschnittslaenge, bewertung) VALUES (1,1,11,100,2);
INSERT INTO uferstrukturen_auswertung (anz_uferstrukturen_von,anz_uferstrukturen_bis, id_gewaessertyp, abschnittslaenge, bewertung) VALUES (0,0,11,100,1);

/*Anzahl besonderer Uferstrukturen links rechts Organisch geprägte Flüsse */
INSERT INTO uferstrukturen_auswertung (anz_uferstrukturen_von,anz_uferstrukturen_bis, id_gewaessertyp, abschnittslaenge, bewertung) VALUES (6,20000,12,200,5);
INSERT INTO uferstrukturen_auswertung (anz_uferstrukturen_von,anz_uferstrukturen_bis, id_gewaessertyp, abschnittslaenge, bewertung) VALUES (3,5,12,200,4);
INSERT INTO uferstrukturen_auswertung (anz_uferstrukturen_von,anz_uferstrukturen_bis, id_gewaessertyp, abschnittslaenge, bewertung) VALUES (2,2,12,200,3);
INSERT INTO uferstrukturen_auswertung (anz_uferstrukturen_von,anz_uferstrukturen_bis, id_gewaessertyp, abschnittslaenge, bewertung) VALUES (1,1,12,200,2);
INSERT INTO uferstrukturen_auswertung (anz_uferstrukturen_von,anz_uferstrukturen_bis, id_gewaessertyp, abschnittslaenge, bewertung) VALUES (0,0,12,200,1);

/*Anzahl besonderer Uferstrukturen links rechts Sandgeprägte Tieflandbäche */
INSERT INTO uferstrukturen_auswertung (anz_uferstrukturen_von,anz_uferstrukturen_bis, id_gewaessertyp, abschnittslaenge, bewertung) VALUES (7,20000,14,100,5);
INSERT INTO uferstrukturen_auswertung (anz_uferstrukturen_von,anz_uferstrukturen_bis, id_gewaessertyp, abschnittslaenge, bewertung) VALUES (4,6,14,100,4);
INSERT INTO uferstrukturen_auswertung (anz_uferstrukturen_von,anz_uferstrukturen_bis, id_gewaessertyp, abschnittslaenge, bewertung) VALUES (2,3,14,100,3);
INSERT INTO uferstrukturen_auswertung (anz_uferstrukturen_von,anz_uferstrukturen_bis, id_gewaessertyp, abschnittslaenge, bewertung) VALUES (1,1,14,100,2);
INSERT INTO uferstrukturen_auswertung (anz_uferstrukturen_von,anz_uferstrukturen_bis, id_gewaessertyp, abschnittslaenge, bewertung) VALUES (0,0,14,100,1);

/*Anzahl besonderer Uferstrukturen links rechts Sand- und lehmgeprägte Flüsse */
INSERT INTO uferstrukturen_auswertung (anz_uferstrukturen_von,anz_uferstrukturen_bis, id_gewaessertyp, abschnittslaenge, bewertung) VALUES (7,20000,15,200,5);
INSERT INTO uferstrukturen_auswertung (anz_uferstrukturen_von,anz_uferstrukturen_bis, id_gewaessertyp, abschnittslaenge, bewertung) VALUES (4,6,15,200,4);
INSERT INTO uferstrukturen_auswertung (anz_uferstrukturen_von,anz_uferstrukturen_bis, id_gewaessertyp, abschnittslaenge, bewertung) VALUES (2,3,15,200,3);
INSERT INTO uferstrukturen_auswertung (anz_uferstrukturen_von,anz_uferstrukturen_bis, id_gewaessertyp, abschnittslaenge, bewertung) VALUES (1,1,15,200,2);
INSERT INTO uferstrukturen_auswertung (anz_uferstrukturen_von,anz_uferstrukturen_bis, id_gewaessertyp, abschnittslaenge, bewertung) VALUES (0,0,15,200,1);

/*Anzahl besonderer Uferstrukturen links rechts Kiesgeprägte Tieflandbäche */
INSERT INTO uferstrukturen_auswertung (anz_uferstrukturen_von,anz_uferstrukturen_bis, id_gewaessertyp, abschnittslaenge, bewertung) VALUES (9,20000,16,100,5);
INSERT INTO uferstrukturen_auswertung (anz_uferstrukturen_von,anz_uferstrukturen_bis, id_gewaessertyp, abschnittslaenge, bewertung) VALUES (5,8,16,100,4);
INSERT INTO uferstrukturen_auswertung (anz_uferstrukturen_von,anz_uferstrukturen_bis, id_gewaessertyp, abschnittslaenge, bewertung) VALUES (2,4,16,100,3);
INSERT INTO uferstrukturen_auswertung (anz_uferstrukturen_von,anz_uferstrukturen_bis, id_gewaessertyp, abschnittslaenge, bewertung) VALUES (1,1,16,100,2);
INSERT INTO uferstrukturen_auswertung (anz_uferstrukturen_von,anz_uferstrukturen_bis, id_gewaessertyp, abschnittslaenge, bewertung) VALUES (0,0,16,100,1);

/*Anzahl besonderer Uferstrukturen links rechts Kiesgeprägte Tieflandflüsse */
INSERT INTO uferstrukturen_auswertung (anz_uferstrukturen_von,anz_uferstrukturen_bis, id_gewaessertyp, abschnittslaenge, bewertung) VALUES (9,20000,17,200,5);
INSERT INTO uferstrukturen_auswertung (anz_uferstrukturen_von,anz_uferstrukturen_bis, id_gewaessertyp, abschnittslaenge, bewertung) VALUES (5,8,17,200,4);
INSERT INTO uferstrukturen_auswertung (anz_uferstrukturen_von,anz_uferstrukturen_bis, id_gewaessertyp, abschnittslaenge, bewertung) VALUES (2,4,17,200,3);
INSERT INTO uferstrukturen_auswertung (anz_uferstrukturen_von,anz_uferstrukturen_bis, id_gewaessertyp, abschnittslaenge, bewertung) VALUES (1,1,17,200,2);
INSERT INTO uferstrukturen_auswertung (anz_uferstrukturen_von,anz_uferstrukturen_bis, id_gewaessertyp, abschnittslaenge, bewertung) VALUES (0,0,17,200,1);

/*Anzahl besonderer Uferstrukturen links rechts Rückstau- und brackwasserbeeinflußte Fließgewässer */
INSERT INTO uferstrukturen_auswertung (anz_uferstrukturen_von,anz_uferstrukturen_bis, id_gewaessertyp, abschnittslaenge, bewertung) VALUES (4,4,23,100,5);
INSERT INTO uferstrukturen_auswertung (anz_uferstrukturen_von,anz_uferstrukturen_bis, id_gewaessertyp, abschnittslaenge, bewertung) VALUES (3,3,23,100,4);
INSERT INTO uferstrukturen_auswertung (anz_uferstrukturen_von,anz_uferstrukturen_bis, id_gewaessertyp, abschnittslaenge, bewertung) VALUES (2,2,23,100,3);
INSERT INTO uferstrukturen_auswertung (anz_uferstrukturen_von,anz_uferstrukturen_bis, id_gewaessertyp, abschnittslaenge, bewertung) VALUES (1,1,23,100,2);
INSERT INTO uferstrukturen_auswertung (anz_uferstrukturen_von,anz_uferstrukturen_bis, id_gewaessertyp, abschnittslaenge, bewertung) VALUES (0,0,23,100,1);


/*Uferbewuchs links rechts Organisch geprägte Bäche */
INSERT INTO ufervegetation_auswertung ( id_ufervegetation,ufervegetation_typical,id_gewaessertyp,bewertung ) VALUES (2,1,11,5);
INSERT INTO ufervegetation_auswertung ( id_ufervegetation,ufervegetation_typical,id_gewaessertyp,bewertung ) VALUES (5,1,11,5);
INSERT INTO ufervegetation_auswertung ( id_ufervegetation,ufervegetation_typical,id_gewaessertyp,bewertung ) VALUES (4,1,11,4);
INSERT INTO ufervegetation_auswertung ( id_ufervegetation,ufervegetation_typical,id_gewaessertyp,bewertung ) VALUES (2,2,11,4);
INSERT INTO ufervegetation_auswertung ( id_ufervegetation,ufervegetation_typical,id_gewaessertyp,bewertung ) VALUES (6,1,11,3);
INSERT INTO ufervegetation_auswertung ( id_ufervegetation,ufervegetation_typical,id_gewaessertyp,bewertung ) VALUES (6,2,11,3);
INSERT INTO ufervegetation_auswertung ( id_ufervegetation,ufervegetation_typical,id_gewaessertyp,bewertung ) VALUES (4,2,11,3);
INSERT INTO ufervegetation_auswertung ( id_ufervegetation,ufervegetation_typical,id_gewaessertyp,bewertung ) VALUES (5,2,11,3);
INSERT INTO ufervegetation_auswertung ( id_ufervegetation,ufervegetation_typical,id_gewaessertyp,bewertung ) VALUES (3,2,11,2);
INSERT INTO ufervegetation_auswertung ( id_ufervegetation,ufervegetation_typical,id_gewaessertyp,bewertung ) VALUES (7,2,11,2);
INSERT INTO ufervegetation_auswertung ( id_ufervegetation,ufervegetation_typical,id_gewaessertyp,bewertung ) VALUES (8,2,11,2);
INSERT INTO ufervegetation_auswertung ( id_ufervegetation,ufervegetation_typical,id_gewaessertyp,bewertung ) VALUES (1,2,11,1);

/*Uferbewuchs links rechts Organisch geprägte Flüsse */
INSERT INTO ufervegetation_auswertung ( id_ufervegetation,ufervegetation_typical,id_gewaessertyp,bewertung ) VALUES (2,1,12,5);
INSERT INTO ufervegetation_auswertung ( id_ufervegetation,ufervegetation_typical,id_gewaessertyp,bewertung ) VALUES (5,1,12,5);
INSERT INTO ufervegetation_auswertung ( id_ufervegetation,ufervegetation_typical,id_gewaessertyp,bewertung ) VALUES (4,1,12,4);
INSERT INTO ufervegetation_auswertung ( id_ufervegetation,ufervegetation_typical,id_gewaessertyp,bewertung ) VALUES (2,2,12,4);
INSERT INTO ufervegetation_auswertung ( id_ufervegetation,ufervegetation_typical,id_gewaessertyp,bewertung ) VALUES (6,1,12,3);
INSERT INTO ufervegetation_auswertung ( id_ufervegetation,ufervegetation_typical,id_gewaessertyp,bewertung ) VALUES (6,2,12,3);
INSERT INTO ufervegetation_auswertung ( id_ufervegetation,ufervegetation_typical,id_gewaessertyp,bewertung ) VALUES (5,2,12,3);
INSERT INTO ufervegetation_auswertung ( id_ufervegetation,ufervegetation_typical,id_gewaessertyp,bewertung ) VALUES (4,2,12,3);
INSERT INTO ufervegetation_auswertung ( id_ufervegetation,ufervegetation_typical,id_gewaessertyp,bewertung ) VALUES (3,2,12,2);
INSERT INTO ufervegetation_auswertung ( id_ufervegetation,ufervegetation_typical,id_gewaessertyp,bewertung ) VALUES (7,2,12,2);
INSERT INTO ufervegetation_auswertung ( id_ufervegetation,ufervegetation_typical,id_gewaessertyp,bewertung ) VALUES (8,2,12,2);
INSERT INTO ufervegetation_auswertung ( id_ufervegetation,ufervegetation_typical,id_gewaessertyp,bewertung ) VALUES (1,2,12,1);

/*Uferbewuchs links rechts Sandgeprägte Tieflandbäche */
INSERT INTO ufervegetation_auswertung ( id_ufervegetation,ufervegetation_typical,id_gewaessertyp,bewertung ) VALUES (2,1,14,5);
INSERT INTO ufervegetation_auswertung ( id_ufervegetation,ufervegetation_typical,id_gewaessertyp,bewertung ) VALUES (5,1,14,4);
INSERT INTO ufervegetation_auswertung ( id_ufervegetation,ufervegetation_typical,id_gewaessertyp,bewertung ) VALUES (4,1,14,4);
INSERT INTO ufervegetation_auswertung ( id_ufervegetation,ufervegetation_typical,id_gewaessertyp,bewertung ) VALUES (4,2,14,3);
INSERT INTO ufervegetation_auswertung ( id_ufervegetation,ufervegetation_typical,id_gewaessertyp,bewertung ) VALUES (6,1,14,3);
INSERT INTO ufervegetation_auswertung ( id_ufervegetation,ufervegetation_typical,id_gewaessertyp,bewertung ) VALUES (5,2,14,3);
INSERT INTO ufervegetation_auswertung ( id_ufervegetation,ufervegetation_typical,id_gewaessertyp,bewertung ) VALUES (2,2,14,3);
INSERT INTO ufervegetation_auswertung ( id_ufervegetation,ufervegetation_typical,id_gewaessertyp,bewertung ) VALUES (6,2,14,2);
INSERT INTO ufervegetation_auswertung ( id_ufervegetation,ufervegetation_typical,id_gewaessertyp,bewertung ) VALUES (3,2,14,2);
INSERT INTO ufervegetation_auswertung ( id_ufervegetation,ufervegetation_typical,id_gewaessertyp,bewertung ) VALUES (7,2,14,2);
INSERT INTO ufervegetation_auswertung ( id_ufervegetation,ufervegetation_typical,id_gewaessertyp,bewertung ) VALUES (8,2,14,1);
INSERT INTO ufervegetation_auswertung ( id_ufervegetation,ufervegetation_typical,id_gewaessertyp,bewertung ) VALUES (1,2,14,1);

/*Uferbewuchs links rechts Sand- und lehmgeprägte Flüsse */
INSERT INTO ufervegetation_auswertung ( id_ufervegetation,ufervegetation_typical,id_gewaessertyp,bewertung ) VALUES (2,1,15,5);
INSERT INTO ufervegetation_auswertung ( id_ufervegetation,ufervegetation_typical,id_gewaessertyp,bewertung ) VALUES (5,1,15,4);
INSERT INTO ufervegetation_auswertung ( id_ufervegetation,ufervegetation_typical,id_gewaessertyp,bewertung ) VALUES (4,1,15,4);
INSERT INTO ufervegetation_auswertung ( id_ufervegetation,ufervegetation_typical,id_gewaessertyp,bewertung ) VALUES (4,2,15,3);
INSERT INTO ufervegetation_auswertung ( id_ufervegetation,ufervegetation_typical,id_gewaessertyp,bewertung ) VALUES (6,1,15,3);
INSERT INTO ufervegetation_auswertung ( id_ufervegetation,ufervegetation_typical,id_gewaessertyp,bewertung ) VALUES (5,2,15,3);
INSERT INTO ufervegetation_auswertung ( id_ufervegetation,ufervegetation_typical,id_gewaessertyp,bewertung ) VALUES (2,2,15,3);
INSERT INTO ufervegetation_auswertung ( id_ufervegetation,ufervegetation_typical,id_gewaessertyp,bewertung ) VALUES (6,2,15,2);
INSERT INTO ufervegetation_auswertung ( id_ufervegetation,ufervegetation_typical,id_gewaessertyp,bewertung ) VALUES (3,2,15,2);
INSERT INTO ufervegetation_auswertung ( id_ufervegetation,ufervegetation_typical,id_gewaessertyp,bewertung ) VALUES (7,2,15,2);
INSERT INTO ufervegetation_auswertung ( id_ufervegetation,ufervegetation_typical,id_gewaessertyp,bewertung ) VALUES (8,2,15,1);
INSERT INTO ufervegetation_auswertung ( id_ufervegetation,ufervegetation_typical,id_gewaessertyp,bewertung ) VALUES (1,2,15,1);

/*Uferbewuchs links rechts Kiesgeprägte Tieflandbäche */
INSERT INTO ufervegetation_auswertung ( id_ufervegetation,ufervegetation_typical,id_gewaessertyp,bewertung ) VALUES (2,1,16,5);
INSERT INTO ufervegetation_auswertung ( id_ufervegetation,ufervegetation_typical,id_gewaessertyp,bewertung ) VALUES (5,1,16,4);
INSERT INTO ufervegetation_auswertung ( id_ufervegetation,ufervegetation_typical,id_gewaessertyp,bewertung ) VALUES (4,1,16,4);
INSERT INTO ufervegetation_auswertung ( id_ufervegetation,ufervegetation_typical,id_gewaessertyp,bewertung ) VALUES (4,2,16,3);
INSERT INTO ufervegetation_auswertung ( id_ufervegetation,ufervegetation_typical,id_gewaessertyp,bewertung ) VALUES (6,1,16,3);
INSERT INTO ufervegetation_auswertung ( id_ufervegetation,ufervegetation_typical,id_gewaessertyp,bewertung ) VALUES (5,2,16,3);
INSERT INTO ufervegetation_auswertung ( id_ufervegetation,ufervegetation_typical,id_gewaessertyp,bewertung ) VALUES (2,2,16,3);
INSERT INTO ufervegetation_auswertung ( id_ufervegetation,ufervegetation_typical,id_gewaessertyp,bewertung ) VALUES (6,2,16,2);
INSERT INTO ufervegetation_auswertung ( id_ufervegetation,ufervegetation_typical,id_gewaessertyp,bewertung ) VALUES (3,2,16,2);
INSERT INTO ufervegetation_auswertung ( id_ufervegetation,ufervegetation_typical,id_gewaessertyp,bewertung ) VALUES (7,2,16,2);
INSERT INTO ufervegetation_auswertung ( id_ufervegetation,ufervegetation_typical,id_gewaessertyp,bewertung ) VALUES (8,2,16,1);
INSERT INTO ufervegetation_auswertung ( id_ufervegetation,ufervegetation_typical,id_gewaessertyp,bewertung ) VALUES (1,2,16,1);

/*Uferbewuchs links rechts Kiesgeprägte Tieflandflüsse */
INSERT INTO ufervegetation_auswertung ( id_ufervegetation,ufervegetation_typical,id_gewaessertyp,bewertung ) VALUES (2,1,17,5);
INSERT INTO ufervegetation_auswertung ( id_ufervegetation,ufervegetation_typical,id_gewaessertyp,bewertung ) VALUES (5,1,17,4);
INSERT INTO ufervegetation_auswertung ( id_ufervegetation,ufervegetation_typical,id_gewaessertyp,bewertung ) VALUES (4,1,17,4);
INSERT INTO ufervegetation_auswertung ( id_ufervegetation,ufervegetation_typical,id_gewaessertyp,bewertung ) VALUES (4,2,17,3);
INSERT INTO ufervegetation_auswertung ( id_ufervegetation,ufervegetation_typical,id_gewaessertyp,bewertung ) VALUES (6,1,17,3);
INSERT INTO ufervegetation_auswertung ( id_ufervegetation,ufervegetation_typical,id_gewaessertyp,bewertung ) VALUES (5,2,17,3);
INSERT INTO ufervegetation_auswertung ( id_ufervegetation,ufervegetation_typical,id_gewaessertyp,bewertung ) VALUES (2,2,17,3);
INSERT INTO ufervegetation_auswertung ( id_ufervegetation,ufervegetation_typical,id_gewaessertyp,bewertung ) VALUES (6,2,17,2);
INSERT INTO ufervegetation_auswertung ( id_ufervegetation,ufervegetation_typical,id_gewaessertyp,bewertung ) VALUES (3,2,17,2);
INSERT INTO ufervegetation_auswertung ( id_ufervegetation,ufervegetation_typical,id_gewaessertyp,bewertung ) VALUES (7,2,17,2);
INSERT INTO ufervegetation_auswertung ( id_ufervegetation,ufervegetation_typical,id_gewaessertyp,bewertung ) VALUES (8,2,17,1);
INSERT INTO ufervegetation_auswertung ( id_ufervegetation,ufervegetation_typical,id_gewaessertyp,bewertung ) VALUES (1,2,17,1);

/*Uferbewuchs links rechts Rückstau- und brackwasserbeeinflußte Fließgewässer */
INSERT INTO ufervegetation_auswertung ( id_ufervegetation,ufervegetation_typical,id_gewaessertyp,bewertung ) VALUES (2,1,23,5);
INSERT INTO ufervegetation_auswertung ( id_ufervegetation,ufervegetation_typical,id_gewaessertyp,bewertung ) VALUES (5,1,23,5);
INSERT INTO ufervegetation_auswertung ( id_ufervegetation,ufervegetation_typical,id_gewaessertyp,bewertung ) VALUES (4,1,23,4);
INSERT INTO ufervegetation_auswertung ( id_ufervegetation,ufervegetation_typical,id_gewaessertyp,bewertung ) VALUES (2,2,23,4);
INSERT INTO ufervegetation_auswertung ( id_ufervegetation,ufervegetation_typical,id_gewaessertyp,bewertung ) VALUES (6,1,23,3);
INSERT INTO ufervegetation_auswertung ( id_ufervegetation,ufervegetation_typical,id_gewaessertyp,bewertung ) VALUES (4,2,23,3);
INSERT INTO ufervegetation_auswertung ( id_ufervegetation,ufervegetation_typical,id_gewaessertyp,bewertung ) VALUES (5,2,23,3);
INSERT INTO ufervegetation_auswertung ( id_ufervegetation,ufervegetation_typical,id_gewaessertyp,bewertung ) VALUES (6,2,23,3);
INSERT INTO ufervegetation_auswertung ( id_ufervegetation,ufervegetation_typical,id_gewaessertyp,bewertung ) VALUES (3,2,23,2);
INSERT INTO ufervegetation_auswertung ( id_ufervegetation,ufervegetation_typical,id_gewaessertyp,bewertung ) VALUES (7,2,23,2);
INSERT INTO ufervegetation_auswertung ( id_ufervegetation,ufervegetation_typical,id_gewaessertyp,bewertung ) VALUES (8,2,23,2);
INSERT INTO ufervegetation_auswertung ( id_ufervegetation,ufervegetation_typical,id_gewaessertyp,bewertung ) VALUES (1,2,23,1);


/*Uferverbau links rechts Organisch geprägte Bäche */

INSERT INTO uferverbau_auswertung (id_uferverbau,id_z_uferverbau,id_gewaessertyp,bewertung) VALUES (6,1,11,3);
INSERT INTO uferverbau_auswertung (id_uferverbau,id_z_uferverbau,id_gewaessertyp,bewertung) VALUES (7,1,11,3);
INSERT INTO uferverbau_auswertung (id_uferverbau,id_z_uferverbau,id_gewaessertyp,bewertung) VALUES (6,2,11,3);
INSERT INTO uferverbau_auswertung (id_uferverbau,id_z_uferverbau,id_gewaessertyp,bewertung) VALUES (3,2,11,3);
INSERT INTO uferverbau_auswertung (id_uferverbau,id_z_uferverbau,id_gewaessertyp,bewertung) VALUES (5,2,11,3);
INSERT INTO uferverbau_auswertung (id_uferverbau,id_z_uferverbau,id_gewaessertyp,bewertung) VALUES (7,2,11,3);
INSERT INTO uferverbau_auswertung (id_uferverbau,id_z_uferverbau,id_gewaessertyp,bewertung) VALUES (2,2,11,2);
INSERT INTO uferverbau_auswertung (id_uferverbau,id_z_uferverbau,id_gewaessertyp,bewertung) VALUES (4,2,11,2);
INSERT INTO uferverbau_auswertung (id_uferverbau,id_z_uferverbau,id_gewaessertyp,bewertung) VALUES (1,2,11,2);
INSERT INTO uferverbau_auswertung (id_uferverbau,id_z_uferverbau,id_gewaessertyp,bewertung) VALUES (3,1,11,2);
INSERT INTO uferverbau_auswertung (id_uferverbau,id_z_uferverbau,id_gewaessertyp,bewertung) VALUES (5,1,11,2);
INSERT INTO uferverbau_auswertung (id_uferverbau,id_z_uferverbau,id_gewaessertyp,bewertung) VALUES (2,1,11,1);
INSERT INTO uferverbau_auswertung (id_uferverbau,id_z_uferverbau,id_gewaessertyp,bewertung) VALUES (4,1,11,1);
INSERT INTO uferverbau_auswertung (id_uferverbau,id_z_uferverbau,id_gewaessertyp,bewertung) VALUES (1,1,11,1);


/*Uferverbau links rechts Organisch geprägte Flüsse */
INSERT INTO uferverbau_auswertung (id_uferverbau,id_z_uferverbau,id_gewaessertyp,bewertung) VALUES (6,1,12,3);
INSERT INTO uferverbau_auswertung (id_uferverbau,id_z_uferverbau,id_gewaessertyp,bewertung) VALUES (7,1,12,3);
INSERT INTO uferverbau_auswertung (id_uferverbau,id_z_uferverbau,id_gewaessertyp,bewertung) VALUES (6,2,12,3);
INSERT INTO uferverbau_auswertung (id_uferverbau,id_z_uferverbau,id_gewaessertyp,bewertung) VALUES (3,2,12,3);
INSERT INTO uferverbau_auswertung (id_uferverbau,id_z_uferverbau,id_gewaessertyp,bewertung) VALUES (5,2,12,3);
INSERT INTO uferverbau_auswertung (id_uferverbau,id_z_uferverbau,id_gewaessertyp,bewertung) VALUES (7,2,12,3);
INSERT INTO uferverbau_auswertung (id_uferverbau,id_z_uferverbau,id_gewaessertyp,bewertung) VALUES (2,2,12,2);
INSERT INTO uferverbau_auswertung (id_uferverbau,id_z_uferverbau,id_gewaessertyp,bewertung) VALUES (4,2,12,2);
INSERT INTO uferverbau_auswertung (id_uferverbau,id_z_uferverbau,id_gewaessertyp,bewertung) VALUES (1,2,12,2);
INSERT INTO uferverbau_auswertung (id_uferverbau,id_z_uferverbau,id_gewaessertyp,bewertung) VALUES (3,1,12,2);
INSERT INTO uferverbau_auswertung (id_uferverbau,id_z_uferverbau,id_gewaessertyp,bewertung) VALUES (5,1,12,2);
INSERT INTO uferverbau_auswertung (id_uferverbau,id_z_uferverbau,id_gewaessertyp,bewertung) VALUES (2,1,12,1);
INSERT INTO uferverbau_auswertung (id_uferverbau,id_z_uferverbau,id_gewaessertyp,bewertung) VALUES (4,1,12,1);
INSERT INTO uferverbau_auswertung (id_uferverbau,id_z_uferverbau,id_gewaessertyp,bewertung) VALUES (1,1,12,1);

/*Uferverbau links rechts Sandgeprägte Tieflandbäche */
INSERT INTO uferverbau_auswertung (id_uferverbau,id_z_uferverbau,id_gewaessertyp,bewertung) VALUES (6,1,14,3);
INSERT INTO uferverbau_auswertung (id_uferverbau,id_z_uferverbau,id_gewaessertyp,bewertung) VALUES (7,1,14,3);
INSERT INTO uferverbau_auswertung (id_uferverbau,id_z_uferverbau,id_gewaessertyp,bewertung) VALUES (6,2,14,3);
INSERT INTO uferverbau_auswertung (id_uferverbau,id_z_uferverbau,id_gewaessertyp,bewertung) VALUES (3,2,14,3);
INSERT INTO uferverbau_auswertung (id_uferverbau,id_z_uferverbau,id_gewaessertyp,bewertung) VALUES (5,2,14,3);
INSERT INTO uferverbau_auswertung (id_uferverbau,id_z_uferverbau,id_gewaessertyp,bewertung) VALUES (7,2,14,3);
INSERT INTO uferverbau_auswertung (id_uferverbau,id_z_uferverbau,id_gewaessertyp,bewertung) VALUES (3,1,14,2);
INSERT INTO uferverbau_auswertung (id_uferverbau,id_z_uferverbau,id_gewaessertyp,bewertung) VALUES (5,1,14,2);
INSERT INTO uferverbau_auswertung (id_uferverbau,id_z_uferverbau,id_gewaessertyp,bewertung) VALUES (2,2,14,2);
INSERT INTO uferverbau_auswertung (id_uferverbau,id_z_uferverbau,id_gewaessertyp,bewertung) VALUES (4,2,14,2);
INSERT INTO uferverbau_auswertung (id_uferverbau,id_z_uferverbau,id_gewaessertyp,bewertung) VALUES (1,2,14,2);
INSERT INTO uferverbau_auswertung (id_uferverbau,id_z_uferverbau,id_gewaessertyp,bewertung) VALUES (2,1,14,1);
INSERT INTO uferverbau_auswertung (id_uferverbau,id_z_uferverbau,id_gewaessertyp,bewertung) VALUES (4,1,14,1);
INSERT INTO uferverbau_auswertung (id_uferverbau,id_z_uferverbau,id_gewaessertyp,bewertung) VALUES (1,1,14,1);

/*Uferverbau links rechts Sand- und lehmgeprägte Flüsse */
INSERT INTO uferverbau_auswertung (id_uferverbau,id_z_uferverbau,id_gewaessertyp,bewertung) VALUES (6,1,15,3);
INSERT INTO uferverbau_auswertung (id_uferverbau,id_z_uferverbau,id_gewaessertyp,bewertung) VALUES (7,1,15,3);
INSERT INTO uferverbau_auswertung (id_uferverbau,id_z_uferverbau,id_gewaessertyp,bewertung) VALUES (6,2,15,3);
INSERT INTO uferverbau_auswertung (id_uferverbau,id_z_uferverbau,id_gewaessertyp,bewertung) VALUES (3,2,15,3);
INSERT INTO uferverbau_auswertung (id_uferverbau,id_z_uferverbau,id_gewaessertyp,bewertung) VALUES (5,2,15,3);
INSERT INTO uferverbau_auswertung (id_uferverbau,id_z_uferverbau,id_gewaessertyp,bewertung) VALUES (7,2,15,3);
INSERT INTO uferverbau_auswertung (id_uferverbau,id_z_uferverbau,id_gewaessertyp,bewertung) VALUES (3,1,15,2);
INSERT INTO uferverbau_auswertung (id_uferverbau,id_z_uferverbau,id_gewaessertyp,bewertung) VALUES (5,1,15,2);
INSERT INTO uferverbau_auswertung (id_uferverbau,id_z_uferverbau,id_gewaessertyp,bewertung) VALUES (2,2,15,2);
INSERT INTO uferverbau_auswertung (id_uferverbau,id_z_uferverbau,id_gewaessertyp,bewertung) VALUES (4,2,15,2);
INSERT INTO uferverbau_auswertung (id_uferverbau,id_z_uferverbau,id_gewaessertyp,bewertung) VALUES (1,2,15,2);
INSERT INTO uferverbau_auswertung (id_uferverbau,id_z_uferverbau,id_gewaessertyp,bewertung) VALUES (2,1,15,1);
INSERT INTO uferverbau_auswertung (id_uferverbau,id_z_uferverbau,id_gewaessertyp,bewertung) VALUES (4,1,15,1);
INSERT INTO uferverbau_auswertung (id_uferverbau,id_z_uferverbau,id_gewaessertyp,bewertung) VALUES (1,1,15,1);

/*Uferverbau links rechts Kiesgeprägte Tieflandbäche */
INSERT INTO uferverbau_auswertung (id_uferverbau,id_z_uferverbau,id_gewaessertyp,bewertung) VALUES (6,1,16,3);
INSERT INTO uferverbau_auswertung (id_uferverbau,id_z_uferverbau,id_gewaessertyp,bewertung) VALUES (7,1,16,3);
INSERT INTO uferverbau_auswertung (id_uferverbau,id_z_uferverbau,id_gewaessertyp,bewertung) VALUES (6,2,16,3);
INSERT INTO uferverbau_auswertung (id_uferverbau,id_z_uferverbau,id_gewaessertyp,bewertung) VALUES (3,2,16,3);
INSERT INTO uferverbau_auswertung (id_uferverbau,id_z_uferverbau,id_gewaessertyp,bewertung) VALUES (5,2,16,3);
INSERT INTO uferverbau_auswertung (id_uferverbau,id_z_uferverbau,id_gewaessertyp,bewertung) VALUES (7,2,16,3);
INSERT INTO uferverbau_auswertung (id_uferverbau,id_z_uferverbau,id_gewaessertyp,bewertung) VALUES (3,1,16,2);
INSERT INTO uferverbau_auswertung (id_uferverbau,id_z_uferverbau,id_gewaessertyp,bewertung) VALUES (5,1,16,2);
INSERT INTO uferverbau_auswertung (id_uferverbau,id_z_uferverbau,id_gewaessertyp,bewertung) VALUES (2,2,16,2);
INSERT INTO uferverbau_auswertung (id_uferverbau,id_z_uferverbau,id_gewaessertyp,bewertung) VALUES (4,2,16,2);
INSERT INTO uferverbau_auswertung (id_uferverbau,id_z_uferverbau,id_gewaessertyp,bewertung) VALUES (1,2,16,2);
INSERT INTO uferverbau_auswertung (id_uferverbau,id_z_uferverbau,id_gewaessertyp,bewertung) VALUES (2,1,16,1);
INSERT INTO uferverbau_auswertung (id_uferverbau,id_z_uferverbau,id_gewaessertyp,bewertung) VALUES (4,1,16,1);
INSERT INTO uferverbau_auswertung (id_uferverbau,id_z_uferverbau,id_gewaessertyp,bewertung) VALUES (1,1,16,1);

/*Uferverbau links rechts Kiesgeprägte Tieflandflüsse */
INSERT INTO uferverbau_auswertung (id_uferverbau,id_z_uferverbau,id_gewaessertyp,bewertung) VALUES (6,1,17,3);
INSERT INTO uferverbau_auswertung (id_uferverbau,id_z_uferverbau,id_gewaessertyp,bewertung) VALUES (7,1,17,3);
INSERT INTO uferverbau_auswertung (id_uferverbau,id_z_uferverbau,id_gewaessertyp,bewertung) VALUES (6,2,17,3);
INSERT INTO uferverbau_auswertung (id_uferverbau,id_z_uferverbau,id_gewaessertyp,bewertung) VALUES (3,2,17,3);
INSERT INTO uferverbau_auswertung (id_uferverbau,id_z_uferverbau,id_gewaessertyp,bewertung) VALUES (5,2,17,3);
INSERT INTO uferverbau_auswertung (id_uferverbau,id_z_uferverbau,id_gewaessertyp,bewertung) VALUES (7,2,17,3);
INSERT INTO uferverbau_auswertung (id_uferverbau,id_z_uferverbau,id_gewaessertyp,bewertung) VALUES (3,1,17,2);
INSERT INTO uferverbau_auswertung (id_uferverbau,id_z_uferverbau,id_gewaessertyp,bewertung) VALUES (5,1,17,2);
INSERT INTO uferverbau_auswertung (id_uferverbau,id_z_uferverbau,id_gewaessertyp,bewertung) VALUES (2,2,17,2);
INSERT INTO uferverbau_auswertung (id_uferverbau,id_z_uferverbau,id_gewaessertyp,bewertung) VALUES (4,2,17,2);
INSERT INTO uferverbau_auswertung (id_uferverbau,id_z_uferverbau,id_gewaessertyp,bewertung) VALUES (1,2,17,2);
INSERT INTO uferverbau_auswertung (id_uferverbau,id_z_uferverbau,id_gewaessertyp,bewertung) VALUES (2,1,17,1);
INSERT INTO uferverbau_auswertung (id_uferverbau,id_z_uferverbau,id_gewaessertyp,bewertung) VALUES (4,1,17,1);
INSERT INTO uferverbau_auswertung (id_uferverbau,id_z_uferverbau,id_gewaessertyp,bewertung) VALUES (1,1,17,1);

/*Uferverbau links rechts Rückstau- und brackwasserbeeinflußte Fließgewässer */
INSERT INTO uferverbau_auswertung (id_uferverbau,id_z_uferverbau,id_gewaessertyp,bewertung) VALUES (6,1,23,3);
INSERT INTO uferverbau_auswertung (id_uferverbau,id_z_uferverbau,id_gewaessertyp,bewertung) VALUES (7,1,23,3);
INSERT INTO uferverbau_auswertung (id_uferverbau,id_z_uferverbau,id_gewaessertyp,bewertung) VALUES (6,2,23,3);
INSERT INTO uferverbau_auswertung (id_uferverbau,id_z_uferverbau,id_gewaessertyp,bewertung) VALUES (3,2,23,3);
INSERT INTO uferverbau_auswertung (id_uferverbau,id_z_uferverbau,id_gewaessertyp,bewertung) VALUES (5,2,23,3);
INSERT INTO uferverbau_auswertung (id_uferverbau,id_z_uferverbau,id_gewaessertyp,bewertung) VALUES (7,2,23,3);
INSERT INTO uferverbau_auswertung (id_uferverbau,id_z_uferverbau,id_gewaessertyp,bewertung) VALUES (3,1,23,2);
INSERT INTO uferverbau_auswertung (id_uferverbau,id_z_uferverbau,id_gewaessertyp,bewertung) VALUES (5,1,23,2);
INSERT INTO uferverbau_auswertung (id_uferverbau,id_z_uferverbau,id_gewaessertyp,bewertung) VALUES (2,2,23,2);
INSERT INTO uferverbau_auswertung (id_uferverbau,id_z_uferverbau,id_gewaessertyp,bewertung) VALUES (4,2,23,2);
INSERT INTO uferverbau_auswertung (id_uferverbau,id_z_uferverbau,id_gewaessertyp,bewertung) VALUES (1,2,23,2);
INSERT INTO uferverbau_auswertung (id_uferverbau,id_z_uferverbau,id_gewaessertyp,bewertung) VALUES (2,1,23,1);
INSERT INTO uferverbau_auswertung (id_uferverbau,id_z_uferverbau,id_gewaessertyp,bewertung) VALUES (4,1,23,1);
INSERT INTO uferverbau_auswertung (id_uferverbau,id_z_uferverbau,id_gewaessertyp,bewertung) VALUES (1,1,23,1);

/*Besondere Uferbelastungen links rechts Organisch geprägte Bäche */
INSERT INTO uferbelastungen_auswertung ( id_uferbelastungen,id_gewaessertyp,bewertung) VALUES (1,11,-0.5);
INSERT INTO uferbelastungen_auswertung ( id_uferbelastungen,id_gewaessertyp,bewertung) VALUES (2,11,-0.5);
INSERT INTO uferbelastungen_auswertung ( id_uferbelastungen,id_gewaessertyp,bewertung) VALUES (3,11,-0.5);
INSERT INTO uferbelastungen_auswertung ( id_uferbelastungen,id_gewaessertyp,bewertung) VALUES (4,11,-0.5);
INSERT INTO uferbelastungen_auswertung ( id_uferbelastungen,id_gewaessertyp,bewertung) VALUES (5,11,-0.5);
INSERT INTO uferbelastungen_auswertung ( id_uferbelastungen,id_gewaessertyp,bewertung) VALUES (6,11,0.0); /*Keine ohne Malus*/

/*Besondere Uferbelastungen links rechts Organisch geprägte Flüsse */
INSERT INTO uferbelastungen_auswertung ( id_uferbelastungen,id_gewaessertyp,bewertung) VALUES (1,12,-0.5);
INSERT INTO uferbelastungen_auswertung ( id_uferbelastungen,id_gewaessertyp,bewertung) VALUES (2,12,-0.5);
INSERT INTO uferbelastungen_auswertung ( id_uferbelastungen,id_gewaessertyp,bewertung) VALUES (3,12,-0.5);
INSERT INTO uferbelastungen_auswertung ( id_uferbelastungen,id_gewaessertyp,bewertung) VALUES (4,12,-0.5);
INSERT INTO uferbelastungen_auswertung ( id_uferbelastungen,id_gewaessertyp,bewertung) VALUES (5,12,-0.5);
INSERT INTO uferbelastungen_auswertung ( id_uferbelastungen,id_gewaessertyp,bewertung) VALUES (6,12,0.0); /*Keine ohne Malus*/

/*Besondere Uferbelastungen links rechts Sandgeprägte Tieflandbäche */
INSERT INTO uferbelastungen_auswertung ( id_uferbelastungen,id_gewaessertyp,bewertung) VALUES (1,14,-0.5);
INSERT INTO uferbelastungen_auswertung ( id_uferbelastungen,id_gewaessertyp,bewertung) VALUES (2,14,-0.5);
INSERT INTO uferbelastungen_auswertung ( id_uferbelastungen,id_gewaessertyp,bewertung) VALUES (3,14,-0.5);
INSERT INTO uferbelastungen_auswertung ( id_uferbelastungen,id_gewaessertyp,bewertung) VALUES (4,14,-0.5);
INSERT INTO uferbelastungen_auswertung ( id_uferbelastungen,id_gewaessertyp,bewertung) VALUES (5,14,-0.5);
INSERT INTO uferbelastungen_auswertung ( id_uferbelastungen,id_gewaessertyp,bewertung) VALUES (6,14,0.0); /*Keine ohne Malus*/

/*Besondere Uferbelastungen links rechts Sand- und lehmgeprägte Flüsse */
INSERT INTO uferbelastungen_auswertung ( id_uferbelastungen,id_gewaessertyp,bewertung) VALUES (1,15,-0.5);
INSERT INTO uferbelastungen_auswertung ( id_uferbelastungen,id_gewaessertyp,bewertung) VALUES (2,15,-0.5);
INSERT INTO uferbelastungen_auswertung ( id_uferbelastungen,id_gewaessertyp,bewertung) VALUES (3,15,-0.5);
INSERT INTO uferbelastungen_auswertung ( id_uferbelastungen,id_gewaessertyp,bewertung) VALUES (4,15,-0.5);
INSERT INTO uferbelastungen_auswertung ( id_uferbelastungen,id_gewaessertyp,bewertung) VALUES (5,15,-0.5);
INSERT INTO uferbelastungen_auswertung ( id_uferbelastungen,id_gewaessertyp,bewertung) VALUES (6,15,0.0); /*Keine ohne Malus*/

/*Besondere Uferbelastungen links rechts Kiesgeprägte Tieflandbäche */
INSERT INTO uferbelastungen_auswertung ( id_uferbelastungen,id_gewaessertyp,bewertung) VALUES (1,16,-0.5);
INSERT INTO uferbelastungen_auswertung ( id_uferbelastungen,id_gewaessertyp,bewertung) VALUES (2,16,-0.5);
INSERT INTO uferbelastungen_auswertung ( id_uferbelastungen,id_gewaessertyp,bewertung) VALUES (3,16,-0.5);
INSERT INTO uferbelastungen_auswertung ( id_uferbelastungen,id_gewaessertyp,bewertung) VALUES (4,16,-0.5);
INSERT INTO uferbelastungen_auswertung ( id_uferbelastungen,id_gewaessertyp,bewertung) VALUES (5,16,-0.5);
INSERT INTO uferbelastungen_auswertung ( id_uferbelastungen,id_gewaessertyp,bewertung) VALUES (6,16,0.0); /*Keine ohne Malus*/

/*Besondere Uferbelastungen links rechts Kiesgeprägte Tieflandflüsse */
INSERT INTO uferbelastungen_auswertung ( id_uferbelastungen,id_gewaessertyp,bewertung) VALUES (1,17,-0.5);
INSERT INTO uferbelastungen_auswertung ( id_uferbelastungen,id_gewaessertyp,bewertung) VALUES (2,17,-0.5);
INSERT INTO uferbelastungen_auswertung ( id_uferbelastungen,id_gewaessertyp,bewertung) VALUES (3,17,-0.5);
INSERT INTO uferbelastungen_auswertung ( id_uferbelastungen,id_gewaessertyp,bewertung) VALUES (4,17,-0.5);
INSERT INTO uferbelastungen_auswertung ( id_uferbelastungen,id_gewaessertyp,bewertung) VALUES (5,17,-0.5);
INSERT INTO uferbelastungen_auswertung ( id_uferbelastungen,id_gewaessertyp,bewertung) VALUES (6,17,0.0); /*Keine ohne Malus*/

/*Besondere Uferbelastungen links rechts Rückstau- und brackwasserbeeinflußte Fließgewässer */
INSERT INTO uferbelastungen_auswertung ( id_uferbelastungen,id_gewaessertyp,bewertung) VALUES (1,23,-0.5);
INSERT INTO uferbelastungen_auswertung ( id_uferbelastungen,id_gewaessertyp,bewertung) VALUES (2,23,-0.5);
INSERT INTO uferbelastungen_auswertung ( id_uferbelastungen,id_gewaessertyp,bewertung) VALUES (3,23,-0.5);
INSERT INTO uferbelastungen_auswertung ( id_uferbelastungen,id_gewaessertyp,bewertung) VALUES (4,23,-0.5);
INSERT INTO uferbelastungen_auswertung ( id_uferbelastungen,id_gewaessertyp,bewertung) VALUES (5,23,-0.5);
INSERT INTO uferbelastungen_auswertung ( id_uferbelastungen,id_gewaessertyp,bewertung) VALUES (6,23,0.0); /*Keine ohne Malus*/
/*Ende Abschnitt Uferstruktur*/
END;
